{"id":1014,"date":"2026-01-29T14:13:03","date_gmt":"2026-01-29T17:13:03","guid":{"rendered":"https:\/\/boracultura.com.br\/?post_type=tribe_events&#038;p=1014"},"modified":"2026-01-29T14:13:03","modified_gmt":"2026-01-29T17:13:03","slug":"ile-aiye-faz-ultimo-ensaio-geral-no-pelourinho","status":"publish","type":"tribe_events","link":"https:\/\/boracultura.com.br\/index.php\/evento\/ile-aiye-faz-ultimo-ensaio-geral-no-pelourinho\/","title":{"rendered":"\u200bIl\u00ea Aiy\u00ea faz \u00daltimo Ensaio Geral no Pelourinho"},"content":{"rendered":"<p dir=\"ltr\">\u200bO <strong>Il\u00ea Aiy\u00ea<\/strong>, bloco afro mais antigo do Brasil, realiza seu \u00faltimo Ensaio Geral neste s\u00e1bado (31\/01), \u00e0s 20h, na Pra\u00e7a das Artes (Pelourinho). O evento serve como aquecimento oficial para o Carnaval de Salvador 2026, reunindo a Band\u2019Aiy\u00ea e convidados especiais.<br \/>\n\u200bEstreia da Rainha e Identidade Visual<br \/>\n\u200bA noite marca a primeira apresenta\u00e7\u00e3o oficial de Carol Xavier, a rec\u00e9m-eleita Deusa do \u00c9bano 2026. Um dos destaques ser\u00e1 o figurino da Rainha, confeccionado com o tecido oficial que os associados usar\u00e3o na avenida, revelando antecipadamente a identidade visual do bloco para este ano.<br \/>\n\u200bTema: Resist\u00eancia Afro-Ind\u00edgena<br \/>\n\u200bInspirado pelo tema \u201cTurbantes e Cocares\u201d, o Il\u00ea Aiy\u00ea levar\u00e1 para o Pelourinho uma narrativa de resist\u00eancia baseada na conex\u00e3o entre a Bahia e os povos origin\u00e1rios de Maric\u00e1 (RJ). O ensaio reafirma o Carnaval como um ato pol\u00edtico de valoriza\u00e7\u00e3o da ancestralidade.<\/p>\n<p><strong>SERVI\u00c7O<\/strong><\/p>\n<p><strong>ENSAIO GERAL DO IL\u00ca AIY\u00ca 2026<\/strong><\/p>\n<p><strong>Data:\u00a0<\/strong>31 de janeiro (s\u00e1bado)<\/p>\n<p><strong>Hor\u00e1rio:<\/strong>\u00a020h \u00e0s 00h \u2013 Abertura dos port\u00f5es \u00e0s 19h30<\/p>\n<p><strong>Local:\u00a0<\/strong>Pra\u00e7a das Artes Mestre Neguinho do Samba \u2013 Pelourinho, Salvador<\/p>\n<p><strong>Ingressos:<\/strong>\u00a0R$120,00 (inteira) \/ R$ 60,00 (meia) \u2013 1\u00ba Lote<\/p>\n<p><strong>Vendas:\u00a0<\/strong>Site MeuBilhete ou sede do Il\u00ea Aiy\u00ea<\/p>\n<p><strong>Link:\u00a0<\/strong><a href=\"https:\/\/beta.meubilhete.com.br\/ensaio-geral-do-ile-aiye-2026\" target=\"_blank\" rel=\"noreferrer noopener\">https:\/\/beta.meubilhete.com.br\/ensaio-geral-do-ile-aiye-2026<\/a><\/p>\n<p><strong>Mais informa\u00e7\u00f5es:<\/strong>\u00a0Instagram \u2013 @blocoileaiye<\/p>\n","protected":false},"excerpt":{"rendered":"<p>\u200bO Il\u00ea Aiy\u00ea, bloco afro mais antigo do Brasil, realiza seu \u00faltimo Ensaio Geral neste s\u00e1bado (31\/01), \u00e0s 20h, na<\/p>\n","protected":false},"author":1,"featured_media":987,"template":"","meta":{"colormag_page_container_layout":"default_layout","colormag_page_sidebar_layout":"default_layout","_tribe_events_status":"","_tribe_events_status_reason":"","footnotes":""},"tags":[],"tribe_events_cat":[153,97],"class_list":["post-1014","tribe_events","type-tribe_events","status-publish","has-post-thumbnail","hentry","tribe_events_cat-carnaval","tribe_events_cat-musica","cat_carnaval","cat_musica"],"_links":{"self":[{"href":"https:\/\/boracultura.com.br\/index.php\/wp-json\/wp\/v2\/tribe_events\/1014","targetHints":{"allow":["GET"]}}],"collection":[{"href":"https:\/\/boracultura.com.br\/index.php\/wp-json\/wp\/v2\/tribe_events"}],"about":[{"href":"https:\/\/boracultura.com.br\/index.php\/wp-json\/wp\/v2\/types\/tribe_events"}],"author":[{"embeddable":true,"href":"https:\/\/boracultura.com.br\/index.php\/wp-json\/wp\/v2\/users\/1"}],"version-history":[{"count":1,"href":"https:\/\/boracultura.com.br\/index.php\/wp-json\/wp\/v2\/tribe_events\/1014\/revisions"}],"predecessor-version":[{"id":1016,"href":"https:\/\/boracultura.com.br\/index.php\/wp-json\/wp\/v2\/tribe_events\/1014\/revisions\/1016"}],"wp:featuredmedia":[{"embeddable":true,"href":"https:\/\/boracultura.com.br\/index.php\/wp-json\/wp\/v2\/media\/987"}],"wp:attachment":[{"href":"https:\/\/boracultura.com.br\/index.php\/wp-json\/wp\/v2\/media?parent=1014"}],"wp:term":[{"taxonomy":"post_tag","embeddable":true,"href":"https:\/\/boracultura.com.br\/index.php\/wp-json\/wp\/v2\/tags?post=1014"},{"taxonomy":"tribe_events_cat","embeddable":true,"href":"https:\/\/boracultura.com.br\/index.php\/wp-json\/wp\/v2\/tribe_events_cat?post=1014"}],"curies":[{"name":"wp","href":"https:\/\/api.w.org\/{rel}","templated":true}]}}

​Ilê Aiyê faz Último Ensaio Geral no Pelourinho

<p dir="ltr">​O <strong>Ilê Aiyê</strong>, bloco afro mais antigo do Brasil, realiza seu último Ensaio Geral neste sábado (31/01), às 20h, na Praça das Artes (Pelourinho). O evento serve como aquecimento oficial para o Carnaval de Salvador 2026, reunindo a Band’Aiyê e convidados especiais.<br />
​Estreia da Rainha e Identidade Visual<br />
​A noite marca a primeira apresentação oficial de Carol Xavier, a recém-eleita Deusa do Ébano 2026. Um dos destaques será o figurino da Rainha, confeccionado com o tecido oficial que os associados usarão na avenida, revelando antecipadamente a identidade visual do bloco para este ano.<br />
​Tema: Resistência Afro-Indígena<br />
​Inspirado pelo tema “Turbantes e Cocares”, o Ilê Aiyê levará para o Pelourinho uma narrativa de resistência baseada na conexão entre a Bahia e os povos originários de Maricá (RJ). O ensaio reafirma o Carnaval como um ato político de valorização da ancestralidade.</p>
<p><strong>SERVIÇO</strong></p>
<p><strong>ENSAIO GERAL DO ILÊ AIYÊ 2026</strong></p>
<p><strong>Data: </strong>31 de janeiro (sábado)</p>
<p><strong>Horário:</strong> 20h às 00h – Abertura dos portões às 19h30</p>
<p><strong>Local: </strong>Praça das Artes Mestre Neguinho do Samba – Pelourinho, Salvador</p>
<p><strong>Ingressos:</strong> R$120,00 (inteira) / R$ 60,00 (meia) – 1º Lote</p>
<p><strong>Vendas: </strong>Site MeuBilhete ou sede do Ilê Aiyê</p>
<p><strong>Link: </strong><a href="https://beta.meubilhete.com.br/ensaio-geral-do-ile-aiye-2026" target="_blank" rel="noreferrer noopener">https://beta.meubilhete.com.br/ensaio-geral-do-ile-aiye-2026</a></p>
<p><strong>Mais informações:</strong> Instagram – @blocoileaiye</p>

<p>​O Ilê Aiyê, bloco afro mais antigo do Brasil, realiza seu último Ensaio Geral neste sábado (31/01), às 20h, na</p>
