{"id":1024,"date":"2026-01-29T14:27:55","date_gmt":"2026-01-29T17:27:55","guid":{"rendered":"https:\/\/boracultura.com.br\/?post_type=tribe_events&#038;p=1024"},"modified":"2026-01-29T14:29:13","modified_gmt":"2026-01-29T17:29:13","slug":"lavagem-do-beco-2026","status":"publish","type":"tribe_events","link":"https:\/\/boracultura.com.br\/index.php\/evento\/lavagem-do-beco-2026\/","title":{"rendered":"Lavagem do Beco 2026"},"content":{"rendered":"<p dir=\"ltr\">\u200bA tradicional Lavagem do Beco 2026 agita a Ilha de Itaparica neste s\u00e1bado (31\/01), celebrando mais de 40 anos de hist\u00f3ria. O evento, que \u00e9 um dos marcos do ver\u00e3o na Bahia, une o sagrado e o profano em um cortejo cultural que percorre a orla, passando por pontos ic\u00f4nicos como a Fonte da Bica.<\/p>\n<p>\u200bA festa come\u00e7a cedo com o cortejo das baianas e grupos de percuss\u00e3o, culminando no simb\u00f3lico banho de mangueira no Beco. A partir do meio-dia, a Pra\u00e7a da Quitanda vira palco para grandes atra\u00e7\u00f5es do pagode e ax\u00e9, como Oh Pol\u00eamico e Guig Ghetto, consolidando Itaparica como destino indispens\u00e1vel para quem busca cultura e divers\u00e3o.<\/p>\n<p><strong>\u200bServi\u00e7o: Lavagem do Beco 2026 em Itaparica<\/strong><br \/>\n\u200bO que: Lavagem do Beco (Festa Popular)<br \/>\n\u200b<strong>Data: 31 de janeiro de 2026 (s\u00e1bado)<\/strong><br \/>\n\u200bHor\u00e1rio: Cortejo \u00e0s 09h | Shows a partir das 12h30<br \/>\n\u200bOnde: Itaparica, Bahia (Concentra\u00e7\u00e3o na Pra\u00e7a Silvino Manoel Reis)<br \/>\n<strong>\u200bAtra\u00e7\u00f5es Confirmadas: Oh Pol\u00eamico, Guig Ghetto, Chicaf\u00e9, Theuzinho e Pagode do Segredo.<\/strong><br \/>\n\u200bPercurso: Pra\u00e7a do Mercado, Fonte da Bica, Campo Formoso e Rua Xavier Marques (Beco).<br \/>\n\u200bEntrada: Aberta ao p\u00fablico.<\/p>\n","protected":false},"excerpt":{"rendered":"<p>\u200bA tradicional Lavagem do Beco 2026 agita a Ilha de Itaparica neste s\u00e1bado (31\/01), celebrando mais de 40 anos de<\/p>\n","protected":false},"author":1,"featured_media":993,"template":"","meta":{"colormag_page_container_layout":"default_layout","colormag_page_sidebar_layout":"default_layout","_tribe_events_status":"","_tribe_events_status_reason":"","footnotes":""},"tags":[],"tribe_events_cat":[153,97],"class_list":["post-1024","tribe_events","type-tribe_events","status-publish","has-post-thumbnail","hentry","tribe_events_cat-carnaval","tribe_events_cat-musica","cat_carnaval","cat_musica"],"_links":{"self":[{"href":"https:\/\/boracultura.com.br\/index.php\/wp-json\/wp\/v2\/tribe_events\/1024","targetHints":{"allow":["GET"]}}],"collection":[{"href":"https:\/\/boracultura.com.br\/index.php\/wp-json\/wp\/v2\/tribe_events"}],"about":[{"href":"https:\/\/boracultura.com.br\/index.php\/wp-json\/wp\/v2\/types\/tribe_events"}],"author":[{"embeddable":true,"href":"https:\/\/boracultura.com.br\/index.php\/wp-json\/wp\/v2\/users\/1"}],"version-history":[{"count":2,"href":"https:\/\/boracultura.com.br\/index.php\/wp-json\/wp\/v2\/tribe_events\/1024\/revisions"}],"predecessor-version":[{"id":1026,"href":"https:\/\/boracultura.com.br\/index.php\/wp-json\/wp\/v2\/tribe_events\/1024\/revisions\/1026"}],"wp:featuredmedia":[{"embeddable":true,"href":"https:\/\/boracultura.com.br\/index.php\/wp-json\/wp\/v2\/media\/993"}],"wp:attachment":[{"href":"https:\/\/boracultura.com.br\/index.php\/wp-json\/wp\/v2\/media?parent=1024"}],"wp:term":[{"taxonomy":"post_tag","embeddable":true,"href":"https:\/\/boracultura.com.br\/index.php\/wp-json\/wp\/v2\/tags?post=1024"},{"taxonomy":"tribe_events_cat","embeddable":true,"href":"https:\/\/boracultura.com.br\/index.php\/wp-json\/wp\/v2\/tribe_events_cat?post=1024"}],"curies":[{"name":"wp","href":"https:\/\/api.w.org\/{rel}","templated":true}]}}

<p dir="ltr">​A tradicional Lavagem do Beco 2026 agita a Ilha de Itaparica neste sábado (31/01), celebrando mais de 40 anos de história. O evento, que é um dos marcos do verão na Bahia, une o sagrado e o profano em um cortejo cultural que percorre a orla, passando por pontos icônicos como a Fonte da Bica.</p>
<p>​A festa começa cedo com o cortejo das baianas e grupos de percussão, culminando no simbólico banho de mangueira no Beco. A partir do meio-dia, a Praça da Quitanda vira palco para grandes atrações do pagode e axé, como Oh Polêmico e Guig Ghetto, consolidando Itaparica como destino indispensável para quem busca cultura e diversão.</p>
<p><strong>​Serviço: Lavagem do Beco 2026 em Itaparica</strong><br />
​O que: Lavagem do Beco (Festa Popular)<br />
​<strong>Data: 31 de janeiro de 2026 (sábado)</strong><br />
​Horário: Cortejo às 09h | Shows a partir das 12h30<br />
​Onde: Itaparica, Bahia (Concentração na Praça Silvino Manoel Reis)<br />
<strong>​Atrações Confirmadas: Oh Polêmico, Guig Ghetto, Chicafé, Theuzinho e Pagode do Segredo.</strong><br />
​Percurso: Praça do Mercado, Fonte da Bica, Campo Formoso e Rua Xavier Marques (Beco).<br />
​Entrada: Aberta ao público.</p>

<p>​A tradicional Lavagem do Beco 2026 agita a Ilha de Itaparica neste sábado (31/01), celebrando mais de 40 anos de</p>
