{"id":1027,"date":"2026-01-29T14:38:03","date_gmt":"2026-01-29T17:38:03","guid":{"rendered":"https:\/\/boracultura.com.br\/?post_type=tribe_events&#038;p=1027"},"modified":"2026-01-29T14:39:16","modified_gmt":"2026-01-29T17:39:16","slug":"verao-pe-na-areia-celebra-pre-iemanja-com-show-benza-deus-na-3a-ponte","status":"publish","type":"tribe_events","link":"https:\/\/boracultura.com.br\/index.php\/evento\/verao-pe-na-areia-celebra-pre-iemanja-com-show-benza-deus-na-3a-ponte\/","title":{"rendered":"\u200bVer\u00e3o P\u00e9 na Areia"},"content":{"rendered":"<p dir=\"ltr\">\u200bO projeto Ver\u00e3o P\u00e9 na Areia abre o m\u00eas de fevereiro com uma celebra\u00e7\u00e3o especial neste domingo (01\/02). Em clima de Pr\u00e9-Iemanj\u00e1, o show Benza Deus promete conectar m\u00fasica, espiritualidade e o p\u00f4r do sol na orla de Salvador. O p\u00fablico \u00e9 convidado a vestir azul e branco para saudar a Rainha do Mar em um evento totalmente gratuito.<br \/>\n\u200bSustentabilidade e Bem-Estar<\/p>\n<p dir=\"ltr\">\u200bAl\u00e9m da m\u00fasica, o projeto promove a conscientiza\u00e7\u00e3o ambiental atrav\u00e9s de uma parceria com a col\u00f4nia de pescadores da Boca do Rio para o recebimento de oferendas biodegrad\u00e1veis. Durante todo o domingo, a programa\u00e7\u00e3o tamb\u00e9m oferece bem-estar com aulas abertas de yoga, funcional e dan\u00e7a, transformando a regi\u00e3o entre Patamares e Jaguaribe em um centro de lazer ao ar livre.<\/p>\n<p dir=\"ltr\">\u200b<strong>Servi\u00e7o:<\/strong> Ver\u00e3o P\u00e9 na Areia \u2013 Show Benza Deus (Pr\u00e9-Iemanj\u00e1)<br \/>\n\u200bO que: Show Benza Deus + Atividades Esportivas<br \/>\n\u200bData: 1\u00ba de fevereiro de 2026 (domingo)<br \/>\n\u200bHor\u00e1rio: Atividades de bem-estar ao longo do dia; Show ao p\u00f4r do sol<br \/>\n\u200bLocal: Regi\u00e3o da 3\u00aa ponte (entre Patamares e Jaguaribe), Salvador\/BA<br \/>\n\u200bEntrada: Gratuita<br \/>\n\u200bDestaque: Entrega de oferendas biodegrad\u00e1veis com apoio dos pescadores locais.<br \/>\n\u200bRealiza\u00e7\u00e3o: Ver\u00e3o P\u00e9 na Areia 2026 (Patroc\u00ednio Nubank e apoio da Prefeitura de Salvador).<\/p>\n","protected":false},"excerpt":{"rendered":"<p>\u200bO projeto Ver\u00e3o P\u00e9 na Areia abre o m\u00eas de fevereiro com uma celebra\u00e7\u00e3o especial neste domingo (01\/02). Em clima<\/p>\n","protected":false},"author":1,"featured_media":1008,"template":"","meta":{"colormag_page_container_layout":"default_layout","colormag_page_sidebar_layout":"default_layout","_tribe_events_status":"","_tribe_events_status_reason":"","footnotes":""},"tags":[],"tribe_events_cat":[97],"class_list":["post-1027","tribe_events","type-tribe_events","status-publish","has-post-thumbnail","hentry","tribe_events_cat-musica","cat_musica"],"_links":{"self":[{"href":"https:\/\/boracultura.com.br\/index.php\/wp-json\/wp\/v2\/tribe_events\/1027","targetHints":{"allow":["GET"]}}],"collection":[{"href":"https:\/\/boracultura.com.br\/index.php\/wp-json\/wp\/v2\/tribe_events"}],"about":[{"href":"https:\/\/boracultura.com.br\/index.php\/wp-json\/wp\/v2\/types\/tribe_events"}],"author":[{"embeddable":true,"href":"https:\/\/boracultura.com.br\/index.php\/wp-json\/wp\/v2\/users\/1"}],"version-history":[{"count":3,"href":"https:\/\/boracultura.com.br\/index.php\/wp-json\/wp\/v2\/tribe_events\/1027\/revisions"}],"predecessor-version":[{"id":1030,"href":"https:\/\/boracultura.com.br\/index.php\/wp-json\/wp\/v2\/tribe_events\/1027\/revisions\/1030"}],"wp:featuredmedia":[{"embeddable":true,"href":"https:\/\/boracultura.com.br\/index.php\/wp-json\/wp\/v2\/media\/1008"}],"wp:attachment":[{"href":"https:\/\/boracultura.com.br\/index.php\/wp-json\/wp\/v2\/media?parent=1027"}],"wp:term":[{"taxonomy":"post_tag","embeddable":true,"href":"https:\/\/boracultura.com.br\/index.php\/wp-json\/wp\/v2\/tags?post=1027"},{"taxonomy":"tribe_events_cat","embeddable":true,"href":"https:\/\/boracultura.com.br\/index.php\/wp-json\/wp\/v2\/tribe_events_cat?post=1027"}],"curies":[{"name":"wp","href":"https:\/\/api.w.org\/{rel}","templated":true}]}}

​Verão Pé na Areia

<p dir="ltr">​O projeto Verão Pé na Areia abre o mês de fevereiro com uma celebração especial neste domingo (01/02). Em clima de Pré-Iemanjá, o show Benza Deus promete conectar música, espiritualidade e o pôr do sol na orla de Salvador. O público é convidado a vestir azul e branco para saudar a Rainha do Mar em um evento totalmente gratuito.<br />
​Sustentabilidade e Bem-Estar</p>
<p dir="ltr">​Além da música, o projeto promove a conscientização ambiental através de uma parceria com a colônia de pescadores da Boca do Rio para o recebimento de oferendas biodegradáveis. Durante todo o domingo, a programação também oferece bem-estar com aulas abertas de yoga, funcional e dança, transformando a região entre Patamares e Jaguaribe em um centro de lazer ao ar livre.</p>
<p dir="ltr">​<strong>Serviço:</strong> Verão Pé na Areia – Show Benza Deus (Pré-Iemanjá)<br />
​O que: Show Benza Deus + Atividades Esportivas<br />
​Data: 1º de fevereiro de 2026 (domingo)<br />
​Horário: Atividades de bem-estar ao longo do dia; Show ao pôr do sol<br />
​Local: Região da 3ª ponte (entre Patamares e Jaguaribe), Salvador/BA<br />
​Entrada: Gratuita<br />
​Destaque: Entrega de oferendas biodegradáveis com apoio dos pescadores locais.<br />
​Realização: Verão Pé na Areia 2026 (Patrocínio Nubank e apoio da Prefeitura de Salvador).</p>

<p>​O projeto Verão Pé na Areia abre o mês de fevereiro com uma celebração especial neste domingo (01/02). Em clima</p>
