{"id":1141,"date":"2026-02-03T08:41:09","date_gmt":"2026-02-03T11:41:09","guid":{"rendered":"https:\/\/boracultura.com.br\/?post_type=tribe_events&#038;p=1141"},"modified":"2026-02-03T08:41:09","modified_gmt":"2026-02-03T11:41:09","slug":"circuito-de-reggae-no-carnaval-de-salvador","status":"publish","type":"tribe_events","link":"https:\/\/boracultura.com.br\/index.php\/evento\/circuito-de-reggae-no-carnaval-de-salvador\/","title":{"rendered":"Circuito de \u2018reggae\u2019 no Carnaval de Salvador."},"content":{"rendered":"<p dir=\"ltr\"><em>\u200bO ritmo da Jamaica invade o Carnaval de Salvador 2026 nos dias 14 e 15 de fevereiro.<\/em><\/p>\n<p>O cantor Duda Diamba, refer\u00eancia do g\u00eanero no Brasil, apresenta um repert\u00f3rio especial que mistura cl\u00e1ssicos do Ax\u00e9 em vers\u00f5es <i>reggae roots<\/i>, prometendo transformar o circuito em uma verdadeira atmosfera caribenha.<\/p>\n<p><strong>\u200bDestaques do Repert\u00f3rio<\/strong><br \/>\n\u200bCom quase tr\u00eas d\u00e9cadas de estrada, Duda aposta na m\u00fasica &#8220;Salvamor&#8221; (seu lan\u00e7amento de 2026) como forte candidata a hit da folia. O show tamb\u00e9m contar\u00e1 com vers\u00f5es exclusivas de cl\u00e1ssicos como:<br \/>\n\u200b<i>Beija-Flor<\/i> (Timbalada)<br \/>\n\u200b<i>Vem Meu Amor<\/i> (Olodum)<br \/>\n\u200b<i>Selva Branca<\/i> (Chiclete com Banana)<\/p>\n<p><strong>\u200bPrograma\u00e7\u00e3o<\/strong><br \/>\n\u200bNo s\u00e1bado (14), o artista se apresenta na Boca do Rio. J\u00e1 no domingo (15), o show acontece no Palco Multicultural (Pra\u00e7a Tom\u00e9 de Souza), dividindo a noite com nomes como Afrocidade e Rachel Reis.<\/p>\n<p>\u200b<strong>Servi\u00e7o:<\/strong> <strong>Duda Diamba no Carnaval de Salvador<\/strong><\/p>\n<p>\u200bS\u00e1bado (14\/02): Boca do Rio, a partir das 22h.<br \/>\n\u200bDomingo (15\/02): Pra\u00e7a Tom\u00e9 de Souza (Centro Hist\u00f3rico), \u00e0s 20h.<\/p>\n<p>\u200bEntrada: <strong>Gratuita.<\/strong><\/p>\n","protected":false},"excerpt":{"rendered":"<p>\u200bO ritmo da Jamaica invade o Carnaval de Salvador 2026 nos dias 14 e 15 de fevereiro. O cantor Duda<\/p>\n","protected":false},"author":1,"featured_media":1047,"template":"","meta":{"colormag_page_container_layout":"default_layout","colormag_page_sidebar_layout":"default_layout","_tribe_events_status":"","_tribe_events_status_reason":"","footnotes":""},"tags":[],"tribe_events_cat":[153],"class_list":["post-1141","tribe_events","type-tribe_events","status-publish","has-post-thumbnail","hentry","tribe_events_cat-carnaval","cat_carnaval"],"_links":{"self":[{"href":"https:\/\/boracultura.com.br\/index.php\/wp-json\/wp\/v2\/tribe_events\/1141","targetHints":{"allow":["GET"]}}],"collection":[{"href":"https:\/\/boracultura.com.br\/index.php\/wp-json\/wp\/v2\/tribe_events"}],"about":[{"href":"https:\/\/boracultura.com.br\/index.php\/wp-json\/wp\/v2\/types\/tribe_events"}],"author":[{"embeddable":true,"href":"https:\/\/boracultura.com.br\/index.php\/wp-json\/wp\/v2\/users\/1"}],"version-history":[{"count":1,"href":"https:\/\/boracultura.com.br\/index.php\/wp-json\/wp\/v2\/tribe_events\/1141\/revisions"}],"predecessor-version":[{"id":1142,"href":"https:\/\/boracultura.com.br\/index.php\/wp-json\/wp\/v2\/tribe_events\/1141\/revisions\/1142"}],"wp:featuredmedia":[{"embeddable":true,"href":"https:\/\/boracultura.com.br\/index.php\/wp-json\/wp\/v2\/media\/1047"}],"wp:attachment":[{"href":"https:\/\/boracultura.com.br\/index.php\/wp-json\/wp\/v2\/media?parent=1141"}],"wp:term":[{"taxonomy":"post_tag","embeddable":true,"href":"https:\/\/boracultura.com.br\/index.php\/wp-json\/wp\/v2\/tags?post=1141"},{"taxonomy":"tribe_events_cat","embeddable":true,"href":"https:\/\/boracultura.com.br\/index.php\/wp-json\/wp\/v2\/tribe_events_cat?post=1141"}],"curies":[{"name":"wp","href":"https:\/\/api.w.org\/{rel}","templated":true}]}}

<p dir="ltr"><em>​O ritmo da Jamaica invade o Carnaval de Salvador 2026 nos dias 14 e 15 de fevereiro.</em></p>
<p>O cantor Duda Diamba, referência do gênero no Brasil, apresenta um repertório especial que mistura clássicos do Axé em versões <i>reggae roots</i>, prometendo transformar o circuito em uma verdadeira atmosfera caribenha.</p>
<p><strong>​Destaques do Repertório</strong><br />
​Com quase três décadas de estrada, Duda aposta na música &#8220;Salvamor&#8221; (seu lançamento de 2026) como forte candidata a hit da folia. O show também contará com versões exclusivas de clássicos como:<br />
​<i>Beija-Flor</i> (Timbalada)<br />
​<i>Vem Meu Amor</i> (Olodum)<br />
​<i>Selva Branca</i> (Chiclete com Banana)</p>
<p><strong>​Programação</strong><br />
​No sábado (14), o artista se apresenta na Boca do Rio. Já no domingo (15), o show acontece no Palco Multicultural (Praça Tomé de Souza), dividindo a noite com nomes como Afrocidade e Rachel Reis.</p>
<p>​<strong>Serviço:</strong> <strong>Duda Diamba no Carnaval de Salvador</strong></p>
<p>​Sábado (14/02): Boca do Rio, a partir das 22h.<br />
​Domingo (15/02): Praça Tomé de Souza (Centro Histórico), às 20h.</p>
<p>​Entrada: <strong>Gratuita.</strong></p>
