{"id":1151,"date":"2026-02-03T08:57:02","date_gmt":"2026-02-03T11:57:02","guid":{"rendered":"https:\/\/boracultura.com.br\/?post_type=tribe_events&#038;p=1151"},"modified":"2026-02-03T08:57:02","modified_gmt":"2026-02-03T11:57:02","slug":"na-rua-com-renanzinho-no-furdunco","status":"publish","type":"tribe_events","link":"https:\/\/boracultura.com.br\/index.php\/evento\/na-rua-com-renanzinho-no-furdunco\/","title":{"rendered":"Na Rua com Renanzinho no Furdun\u00e7o"},"content":{"rendered":"<p>O cantor Renanzinho CBX se apresenta pela segunda vez no Furdun\u00e7o, desfile de pr\u00e9-Carnaval de Salvador, neste s\u00e1bado (07), no circuito Orlando Tapaj\u00f3s (Ondina\/Barra).<\/p>\n<p>O \u201cNa Rua Com Renanzinho\u201d \u00e9 um projeto idealizado pelo pr\u00f3prio Renanzinho CBX, com a proposta de\u00a0 valorizar a cultura local e oferecer momentos de lazer e alegria \u00e0 comunidade onde o cantor nasceu e foi criado, na Cidade Baixa. Sempre gratuito e aberto ao p\u00fablico, a festa se tornou uma das mais aguardadas da regi\u00e3o.<\/p>\n<p>Agora, o projeto promete chegar ao Furdun\u00e7o com um diferencial inovador: aquela energia que s\u00f3 tem na Cidade Baixa ser\u00e1 levada ao p\u00fablico em uma roda de samba em cima de um pranch\u00e3o, criando uma experi\u00eancia musical imersiva.<\/p>\n<p>\u201cEssa \u00e9 minha segunda vez no Furdun\u00e7o e estou muito feliz em levar o \u2018Na Rua com Renanzinho\u2019 pros foli\u00f5es. Esse \u00e9 um projeto muito especial para mim e tenho certeza que todo mundo vai sambar muito neste s\u00e1bado\u201d, conta animado<\/p>\n<p>Assista o \u201cNa Rua com Renanzinho\u201d: https:\/\/youtu.be\/h2cuuf9MFBo?si=4mqoWKvkX50xJThn<\/p>\n","protected":false},"excerpt":{"rendered":"<p>O cantor Renanzinho CBX se apresenta pela segunda vez no Furdun\u00e7o, desfile de pr\u00e9-Carnaval de Salvador, neste s\u00e1bado (07), no<\/p>\n","protected":false},"author":1,"featured_media":1133,"template":"","meta":{"colormag_page_container_layout":"default_layout","colormag_page_sidebar_layout":"default_layout","_tribe_events_status":"","_tribe_events_status_reason":"","footnotes":""},"tags":[],"tribe_events_cat":[153,97],"class_list":["post-1151","tribe_events","type-tribe_events","status-publish","has-post-thumbnail","hentry","tribe_events_cat-carnaval","tribe_events_cat-musica","cat_carnaval","cat_musica"],"_links":{"self":[{"href":"https:\/\/boracultura.com.br\/index.php\/wp-json\/wp\/v2\/tribe_events\/1151","targetHints":{"allow":["GET"]}}],"collection":[{"href":"https:\/\/boracultura.com.br\/index.php\/wp-json\/wp\/v2\/tribe_events"}],"about":[{"href":"https:\/\/boracultura.com.br\/index.php\/wp-json\/wp\/v2\/types\/tribe_events"}],"author":[{"embeddable":true,"href":"https:\/\/boracultura.com.br\/index.php\/wp-json\/wp\/v2\/users\/1"}],"version-history":[{"count":1,"href":"https:\/\/boracultura.com.br\/index.php\/wp-json\/wp\/v2\/tribe_events\/1151\/revisions"}],"predecessor-version":[{"id":1152,"href":"https:\/\/boracultura.com.br\/index.php\/wp-json\/wp\/v2\/tribe_events\/1151\/revisions\/1152"}],"wp:featuredmedia":[{"embeddable":true,"href":"https:\/\/boracultura.com.br\/index.php\/wp-json\/wp\/v2\/media\/1133"}],"wp:attachment":[{"href":"https:\/\/boracultura.com.br\/index.php\/wp-json\/wp\/v2\/media?parent=1151"}],"wp:term":[{"taxonomy":"post_tag","embeddable":true,"href":"https:\/\/boracultura.com.br\/index.php\/wp-json\/wp\/v2\/tags?post=1151"},{"taxonomy":"tribe_events_cat","embeddable":true,"href":"https:\/\/boracultura.com.br\/index.php\/wp-json\/wp\/v2\/tribe_events_cat?post=1151"}],"curies":[{"name":"wp","href":"https:\/\/api.w.org\/{rel}","templated":true}]}}

Na Rua com Renanzinho no Furdunço

<p>O cantor Renanzinho CBX se apresenta pela segunda vez no Furdunço, desfile de pré-Carnaval de Salvador, neste sábado (07), no circuito Orlando Tapajós (Ondina/Barra).</p>
<p>O “Na Rua Com Renanzinho” é um projeto idealizado pelo próprio Renanzinho CBX, com a proposta de  valorizar a cultura local e oferecer momentos de lazer e alegria à comunidade onde o cantor nasceu e foi criado, na Cidade Baixa. Sempre gratuito e aberto ao público, a festa se tornou uma das mais aguardadas da região.</p>
<p>Agora, o projeto promete chegar ao Furdunço com um diferencial inovador: aquela energia que só tem na Cidade Baixa será levada ao público em uma roda de samba em cima de um pranchão, criando uma experiência musical imersiva.</p>
<p>“Essa é minha segunda vez no Furdunço e estou muito feliz em levar o ‘Na Rua com Renanzinho’ pros foliões. Esse é um projeto muito especial para mim e tenho certeza que todo mundo vai sambar muito neste sábado”, conta animado</p>
<p>Assista o “Na Rua com Renanzinho”: https://youtu.be/h2cuuf9MFBo?si=4mqoWKvkX50xJThn</p>

<p>O cantor Renanzinho CBX se apresenta pela segunda vez no Furdunço, desfile de pré-Carnaval de Salvador, neste sábado (07), no</p>
