{"id":1356,"date":"2026-02-20T19:09:20","date_gmt":"2026-02-20T22:09:20","guid":{"rendered":"https:\/\/boracultura.com.br\/?post_type=tribe_events&#038;p=1356"},"modified":"2026-02-20T23:44:40","modified_gmt":"2026-02-21T02:44:40","slug":"a-folia-continua-no-fim-de-semana-do-terraco-do-barra","status":"publish","type":"tribe_events","link":"https:\/\/boracultura.com.br\/index.php\/evento\/a-folia-continua-no-fim-de-semana-do-terraco-do-barra\/","title":{"rendered":"Terra\u00e7o do Barra"},"content":{"rendered":"<p><em>De quinta (19) a domingo (22), o espa\u00e7o privilegiado com vista para o mar da Barra segue em clima carnavalesco, com discotecagem, muito Ax\u00e9 Music e show l\u00fadico e exclusivo para a crian\u00e7ada<\/em><strong>\u00a0<\/strong><\/p>\n<p>Algu\u00e9m a\u00ed j\u00e1 com saudades da folia? No\u00a0<strong>Shopping Barra<\/strong>, o clima carnavalesco continua com m\u00fasica, muita anima\u00e7\u00e3o e divers\u00e3o no\u00a0<strong>Terra\u00e7o do Barra<\/strong>. O privilegiado espa\u00e7o com vista para o mar da Barra tem programa\u00e7\u00e3o durante todo o fim de semana.<\/p>\n<p>Localizado no estacionamento G3, o Terra\u00e7o do Barra segue com sua temporada 2026 at\u00e9 01 de mar\u00e7o, com uma s\u00e9rie de atra\u00e7\u00f5es e atividades, de quinta-feira a domingo, das 16h \u00e0s 21h. Aberto ao p\u00fablico, o espa\u00e7o privilegiado proporciona aos visitantes uma estrutura completa e acolhedora, parque infantil, \u00e1rea de conviv\u00eancia e espa\u00e7o pet \u2013 perfeito para colecionar momentos.<\/p>\n<p><strong>Confira abaixo a programa\u00e7\u00e3o do Terra\u00e7o do Barra entre os dias 19 e 22 de fevereiro!<\/strong><\/p>\n<p><strong><u>SERVI\u00c7O:<\/u><\/strong><\/p>\n<p><strong>O qu\u00ea?\u00a0<\/strong>Terra\u00e7o do Barra<br \/>\n<strong>Quando?\u00a0<\/strong>Temporada de 09 de janeiro a 01 de mar\u00e7o, de quinta-feira a domingo, das 16h \u00e0s 21h.<br \/>\n<strong>Onde?<\/strong>\u00a0Terra\u00e7o, estacionamento G3, Shopping Barra<br \/>\n<strong>Quanto?\u00a0<\/strong>Entrada gratuita<\/p>\n<p><strong>PROGRAMA\u00c7\u00c3O DE 19 A 22 DE FEVEREIRO:<\/strong><br \/>\n<strong>19\/02,\u00a0<\/strong>quinta-feira, 18h,\u00a0<strong>DJ TRIMAS.<\/strong><br \/>\n<strong>20\/02,\u00a0<\/strong>sexta-feira, 16h,<strong>\u00a0CARLA LYRIO;\u00a0<\/strong>18h,<strong>\u00a0SEIST\u00d4.<\/strong><br \/>\n<strong>21\/02,\u00a0<\/strong>s\u00e1bado \u2013 18h,\u00a0<strong>NANDO BORGES.<\/strong><br \/>\n<strong>22\/02,\u00a0<\/strong>domingo, 17h,\u00a0<strong>CANELA FINA.<\/strong><\/p>\n","protected":false},"excerpt":{"rendered":"<p>De quinta (19) a domingo (22), o espa\u00e7o privilegiado com vista para o mar da Barra segue em clima carnavalesco,<\/p>\n","protected":false},"author":1,"featured_media":1350,"template":"","meta":{"colormag_page_container_layout":"default_layout","colormag_page_sidebar_layout":"default_layout","_tribe_events_status":"","_tribe_events_status_reason":"","footnotes":""},"tags":[236,99,235,17,71],"tribe_events_cat":[98],"class_list":["post-1356","tribe_events","type-tribe_events","status-publish","has-post-thumbnail","hentry","tag-brincadeira","tag-crianca","tag-diversao","tag-infantil","tag-musica","tribe_events_cat-infantil","cat_infantil"],"_links":{"self":[{"href":"https:\/\/boracultura.com.br\/index.php\/wp-json\/wp\/v2\/tribe_events\/1356","targetHints":{"allow":["GET"]}}],"collection":[{"href":"https:\/\/boracultura.com.br\/index.php\/wp-json\/wp\/v2\/tribe_events"}],"about":[{"href":"https:\/\/boracultura.com.br\/index.php\/wp-json\/wp\/v2\/types\/tribe_events"}],"author":[{"embeddable":true,"href":"https:\/\/boracultura.com.br\/index.php\/wp-json\/wp\/v2\/users\/1"}],"version-history":[{"count":2,"href":"https:\/\/boracultura.com.br\/index.php\/wp-json\/wp\/v2\/tribe_events\/1356\/revisions"}],"predecessor-version":[{"id":1404,"href":"https:\/\/boracultura.com.br\/index.php\/wp-json\/wp\/v2\/tribe_events\/1356\/revisions\/1404"}],"wp:featuredmedia":[{"embeddable":true,"href":"https:\/\/boracultura.com.br\/index.php\/wp-json\/wp\/v2\/media\/1350"}],"wp:attachment":[{"href":"https:\/\/boracultura.com.br\/index.php\/wp-json\/wp\/v2\/media?parent=1356"}],"wp:term":[{"taxonomy":"post_tag","embeddable":true,"href":"https:\/\/boracultura.com.br\/index.php\/wp-json\/wp\/v2\/tags?post=1356"},{"taxonomy":"tribe_events_cat","embeddable":true,"href":"https:\/\/boracultura.com.br\/index.php\/wp-json\/wp\/v2\/tribe_events_cat?post=1356"}],"curies":[{"name":"wp","href":"https:\/\/api.w.org\/{rel}","templated":true}]}}

Terraço do Barra

<p><em>De quinta (19) a domingo (22), o espaço privilegiado com vista para o mar da Barra segue em clima carnavalesco, com discotecagem, muito Axé Music e show lúdico e exclusivo para a criançada</em><strong> </strong></p>
<p>Alguém aí já com saudades da folia? No <strong>Shopping Barra</strong>, o clima carnavalesco continua com música, muita animação e diversão no <strong>Terraço do Barra</strong>. O privilegiado espaço com vista para o mar da Barra tem programação durante todo o fim de semana.</p>
<p>Localizado no estacionamento G3, o Terraço do Barra segue com sua temporada 2026 até 01 de março, com uma série de atrações e atividades, de quinta-feira a domingo, das 16h às 21h. Aberto ao público, o espaço privilegiado proporciona aos visitantes uma estrutura completa e acolhedora, parque infantil, área de convivência e espaço pet – perfeito para colecionar momentos.</p>
<p><strong>Confira abaixo a programação do Terraço do Barra entre os dias 19 e 22 de fevereiro!</strong></p>
<p><strong><u>SERVIÇO:</u></strong></p>
<p><strong>O quê? </strong>Terraço do Barra<br />
<strong>Quando? </strong>Temporada de 09 de janeiro a 01 de março, de quinta-feira a domingo, das 16h às 21h.<br />
<strong>Onde?</strong> Terraço, estacionamento G3, Shopping Barra<br />
<strong>Quanto? </strong>Entrada gratuita</p>
<p><strong>PROGRAMAÇÃO DE 19 A 22 DE FEVEREIRO:</strong><br />
<strong>19/02, </strong>quinta-feira, 18h, <strong>DJ TRIMAS.</strong><br />
<strong>20/02, </strong>sexta-feira, 16h,<strong> CARLA LYRIO; </strong>18h,<strong> SEISTÔ.</strong><br />
<strong>21/02, </strong>sábado – 18h, <strong>NANDO BORGES.</strong><br />
<strong>22/02, </strong>domingo, 17h, <strong>CANELA FINA.</strong></p>

<p>De quinta (19) a domingo (22), o espaço privilegiado com vista para o mar da Barra segue em clima carnavalesco,</p>
