{"id":1380,"date":"2026-02-20T19:29:18","date_gmt":"2026-02-20T22:29:18","guid":{"rendered":"https:\/\/boracultura.com.br\/?post_type=tribe_events&#038;p=1380"},"modified":"2026-02-20T23:40:15","modified_gmt":"2026-02-21T02:40:15","slug":"osba-faz-saideira-do-carnaval-neste-sabado-e-domingo-no-pelo-e-na-concha-acustica","status":"publish","type":"tribe_events","link":"https:\/\/boracultura.com.br\/index.php\/evento\/osba-faz-saideira-do-carnaval-neste-sabado-e-domingo-no-pelo-e-na-concha-acustica\/","title":{"rendered":"OSBA &#8211; Saideira do Carnaval"},"content":{"rendered":"<p><em>Evento re\u00fane grandes nomes da m\u00fasica baiana em apresenta\u00e7\u00e3o gratuita no Pelourinho (21\/02) e com ingressos na Concha Ac\u00fastica (22\/02), ambas \u00e0s 19h.<\/em><\/p>\n<p>Neste final de semana, a energia do Carnaval baiano encontra a grandiosidade da m\u00fasica sinf\u00f4nica na oitava edi\u00e7\u00e3o do Baile Concerto da OSBA. A celebra\u00e7\u00e3o carnavalesca da Orquestra Sinf\u00f4nica da Bahia promove uma saideira da folia em duas apresenta\u00e7\u00f5es que homenageiam o samba e os diversos ritmos que formam o Carnaval de Salvador.<\/p>\n<p>O \u2018Baile Concerto \u2013 A Saideira\u2019 acontece neste s\u00e1bado, dia 21 de fevereiro, \u00e0s 19h, no Largo do Pelourinho, com entrada gratuita. No domingo (22), tamb\u00e9m \u00e0s 19h, o evento segue na Concha Ac\u00fastica do Teatro Castro Alves. Para a apresenta\u00e7\u00e3o na Concha, ainda h\u00e1 ingressos dispon\u00edveis na plataforma Sympla e na bilheteria do TCA, pelos valores de R$80 (inteira) e R$40 (meia).<\/p>\n<p><strong>SERVI\u00c7O: BAILE CONCERTO DA OSBA \u2013 A SAIDEIRA<\/strong><\/p>\n<p>S\u00e1bado, 21\/02 \u2013 Apresenta\u00e7\u00e3o gratuita<br \/>\nLocal: Largo do Pelourinho<br \/>\nHor\u00e1rio: 19h<\/p>\n<p>Domingo, 22\/02 \u2013 Apresenta\u00e7\u00e3o com ingressos<br \/>\nLocal: Concha Ac\u00fastica do Teatro Castro Alves<br \/>\nHor\u00e1rio: 19h<br \/>\nIngressos: R$ 80 (inteira) e R$ 40 (meia)<br \/>\nVendas: Sympla e bilheteria do TCA<\/p>\n<p>Reg\u00eancia e Dire\u00e7\u00e3o Musical: Carlos Prazeres<br \/>\nDire\u00e7\u00e3o Art\u00edstica: Manno G\u00f3es<br \/>\nConvidados: Alinne Rosa, Cortejo Afro, Illy, Larissa Luz, Nelson Rufino, Robson Morais e Serginho (Ad\u00e3o Negro); Edcity (apenas dia 21\/02) e Zeca Veloso (apenas dia 22\/02)<br \/>\nParticipa\u00e7\u00f5es especiais: M\u00e1rio Soares (violinista da OSBA) e Raquel Paulin (soprano)<\/p>\n","protected":false},"excerpt":{"rendered":"<p>Evento re\u00fane grandes nomes da m\u00fasica baiana em apresenta\u00e7\u00e3o gratuita no Pelourinho (21\/02) e com ingressos na Concha Ac\u00fastica (22\/02),<\/p>\n","protected":false},"author":1,"featured_media":1337,"template":"","meta":{"colormag_page_container_layout":"default_layout","colormag_page_sidebar_layout":"default_layout","_tribe_events_status":"","_tribe_events_status_reason":"","footnotes":""},"tags":[],"tribe_events_cat":[97],"class_list":["post-1380","tribe_events","type-tribe_events","status-publish","has-post-thumbnail","hentry","tribe_events_cat-musica","cat_musica"],"_links":{"self":[{"href":"https:\/\/boracultura.com.br\/index.php\/wp-json\/wp\/v2\/tribe_events\/1380","targetHints":{"allow":["GET"]}}],"collection":[{"href":"https:\/\/boracultura.com.br\/index.php\/wp-json\/wp\/v2\/tribe_events"}],"about":[{"href":"https:\/\/boracultura.com.br\/index.php\/wp-json\/wp\/v2\/types\/tribe_events"}],"author":[{"embeddable":true,"href":"https:\/\/boracultura.com.br\/index.php\/wp-json\/wp\/v2\/users\/1"}],"version-history":[{"count":2,"href":"https:\/\/boracultura.com.br\/index.php\/wp-json\/wp\/v2\/tribe_events\/1380\/revisions"}],"predecessor-version":[{"id":1402,"href":"https:\/\/boracultura.com.br\/index.php\/wp-json\/wp\/v2\/tribe_events\/1380\/revisions\/1402"}],"wp:featuredmedia":[{"embeddable":true,"href":"https:\/\/boracultura.com.br\/index.php\/wp-json\/wp\/v2\/media\/1337"}],"wp:attachment":[{"href":"https:\/\/boracultura.com.br\/index.php\/wp-json\/wp\/v2\/media?parent=1380"}],"wp:term":[{"taxonomy":"post_tag","embeddable":true,"href":"https:\/\/boracultura.com.br\/index.php\/wp-json\/wp\/v2\/tags?post=1380"},{"taxonomy":"tribe_events_cat","embeddable":true,"href":"https:\/\/boracultura.com.br\/index.php\/wp-json\/wp\/v2\/tribe_events_cat?post=1380"}],"curies":[{"name":"wp","href":"https:\/\/api.w.org\/{rel}","templated":true}]}}

<p><em>Evento reúne grandes nomes da música baiana em apresentação gratuita no Pelourinho (21/02) e com ingressos na Concha Acústica (22/02), ambas às 19h.</em></p>
<p>Neste final de semana, a energia do Carnaval baiano encontra a grandiosidade da música sinfônica na oitava edição do Baile Concerto da OSBA. A celebração carnavalesca da Orquestra Sinfônica da Bahia promove uma saideira da folia em duas apresentações que homenageiam o samba e os diversos ritmos que formam o Carnaval de Salvador.</p>
<p>O ‘Baile Concerto – A Saideira’ acontece neste sábado, dia 21 de fevereiro, às 19h, no Largo do Pelourinho, com entrada gratuita. No domingo (22), também às 19h, o evento segue na Concha Acústica do Teatro Castro Alves. Para a apresentação na Concha, ainda há ingressos disponíveis na plataforma Sympla e na bilheteria do TCA, pelos valores de R$80 (inteira) e R$40 (meia).</p>
<p><strong>SERVIÇO: BAILE CONCERTO DA OSBA – A SAIDEIRA</strong></p>
<p>Sábado, 21/02 – Apresentação gratuita<br />
Local: Largo do Pelourinho<br />
Horário: 19h</p>
<p>Domingo, 22/02 – Apresentação com ingressos<br />
Local: Concha Acústica do Teatro Castro Alves<br />
Horário: 19h<br />
Ingressos: R$ 80 (inteira) e R$ 40 (meia)<br />
Vendas: Sympla e bilheteria do TCA</p>
<p>Regência e Direção Musical: Carlos Prazeres<br />
Direção Artística: Manno Góes<br />
Convidados: Alinne Rosa, Cortejo Afro, Illy, Larissa Luz, Nelson Rufino, Robson Morais e Serginho (Adão Negro); Edcity (apenas dia 21/02) e Zeca Veloso (apenas dia 22/02)<br />
Participações especiais: Mário Soares (violinista da OSBA) e Raquel Paulin (soprano)</p>

<p>Evento reúne grandes nomes da música baiana em apresentação gratuita no Pelourinho (21/02) e com ingressos na Concha Acústica (22/02),</p>
