{"id":1405,"date":"2026-02-20T23:58:42","date_gmt":"2026-02-21T02:58:42","guid":{"rendered":"https:\/\/boracultura.com.br\/?post_type=tribe_events&#038;p=1405"},"modified":"2026-02-20T23:58:42","modified_gmt":"2026-02-21T02:58:42","slug":"circulo-de-poemas","status":"publish","type":"tribe_events","link":"https:\/\/boracultura.com.br\/index.php\/evento\/circulo-de-poemas\/","title":{"rendered":"C\u00edrculo de Poemas"},"content":{"rendered":"<p data-start=\"135\" data-end=\"360\">Salvador recebe o C\u00edrculo de Poemas, clube de leitura da Editora F\u00f3sforo, em parceria com a Tape\u00e7aria de Palavras, com encontro dedicado \u00e0s obras de Sophia de Mello Breyner Andresen e Mar Becker no Museu de Arte da Bahia.<\/p>\n<p data-start=\"362\" data-end=\"504\"><strong data-start=\"362\" data-end=\"373\">Servi\u00e7o<\/strong><br data-start=\"373\" data-end=\"376\" \/><strong data-start=\"376\" data-end=\"397\">C\u00edrculo de Poemas<\/strong><br data-start=\"397\" data-end=\"400\" \/>Data: 21\/02\/2026<br data-start=\"416\" data-end=\"419\" \/>Hor\u00e1rio: 14h30<br data-start=\"433\" data-end=\"436\" \/>Local: Museu de Arte da Bahia<br data-start=\"465\" data-end=\"468\" \/>Entrada: Gratuita<br data-start=\"485\" data-end=\"488\" \/>P\u00fablico: Livre<\/p>\n","protected":false},"excerpt":{"rendered":"<p>Salvador recebe o C\u00edrculo de Poemas, clube de leitura da Editora F\u00f3sforo, em parceria com a Tape\u00e7aria de Palavras, com<\/p>\n","protected":false},"author":1,"featured_media":1325,"template":"","meta":{"colormag_page_container_layout":"default_layout","colormag_page_sidebar_layout":"default_layout","_tribe_events_status":"","_tribe_events_status_reason":"","footnotes":""},"tags":[],"tribe_events_cat":[113],"class_list":["post-1405","tribe_events","type-tribe_events","status-publish","has-post-thumbnail","hentry","tribe_events_cat-leitura","cat_leitura"],"_links":{"self":[{"href":"https:\/\/boracultura.com.br\/index.php\/wp-json\/wp\/v2\/tribe_events\/1405","targetHints":{"allow":["GET"]}}],"collection":[{"href":"https:\/\/boracultura.com.br\/index.php\/wp-json\/wp\/v2\/tribe_events"}],"about":[{"href":"https:\/\/boracultura.com.br\/index.php\/wp-json\/wp\/v2\/types\/tribe_events"}],"author":[{"embeddable":true,"href":"https:\/\/boracultura.com.br\/index.php\/wp-json\/wp\/v2\/users\/1"}],"version-history":[{"count":1,"href":"https:\/\/boracultura.com.br\/index.php\/wp-json\/wp\/v2\/tribe_events\/1405\/revisions"}],"predecessor-version":[{"id":1406,"href":"https:\/\/boracultura.com.br\/index.php\/wp-json\/wp\/v2\/tribe_events\/1405\/revisions\/1406"}],"wp:featuredmedia":[{"embeddable":true,"href":"https:\/\/boracultura.com.br\/index.php\/wp-json\/wp\/v2\/media\/1325"}],"wp:attachment":[{"href":"https:\/\/boracultura.com.br\/index.php\/wp-json\/wp\/v2\/media?parent=1405"}],"wp:term":[{"taxonomy":"post_tag","embeddable":true,"href":"https:\/\/boracultura.com.br\/index.php\/wp-json\/wp\/v2\/tags?post=1405"},{"taxonomy":"tribe_events_cat","embeddable":true,"href":"https:\/\/boracultura.com.br\/index.php\/wp-json\/wp\/v2\/tribe_events_cat?post=1405"}],"curies":[{"name":"wp","href":"https:\/\/api.w.org\/{rel}","templated":true}]}}

Círculo de Poemas

<p data-start="135" data-end="360">Salvador recebe o Círculo de Poemas, clube de leitura da Editora Fósforo, em parceria com a Tapeçaria de Palavras, com encontro dedicado às obras de Sophia de Mello Breyner Andresen e Mar Becker no Museu de Arte da Bahia.</p>
<p data-start="362" data-end="504"><strong data-start="362" data-end="373">Serviço</strong><br data-start="373" data-end="376" /><strong data-start="376" data-end="397">Círculo de Poemas</strong><br data-start="397" data-end="400" />Data: 21/02/2026<br data-start="416" data-end="419" />Horário: 14h30<br data-start="433" data-end="436" />Local: Museu de Arte da Bahia<br data-start="465" data-end="468" />Entrada: Gratuita<br data-start="485" data-end="488" />Público: Livre</p>

<p>Salvador recebe o Círculo de Poemas, clube de leitura da Editora Fósforo, em parceria com a Tapeçaria de Palavras, com</p>
