{"id":1407,"date":"2026-02-21T00:07:37","date_gmt":"2026-02-21T03:07:37","guid":{"rendered":"https:\/\/boracultura.com.br\/?post_type=tribe_events&#038;p=1407"},"modified":"2026-02-27T14:02:32","modified_gmt":"2026-02-27T17:02:32","slug":"leia-mulheres-salvador-fevereiro","status":"publish","type":"tribe_events","link":"https:\/\/boracultura.com.br\/index.php\/evento\/leia-mulheres-salvador-fevereiro\/","title":{"rendered":"Leia Mulheres Salvador &#8211; Fevereiro"},"content":{"rendered":"\r\n\r\n\r\n<p><strong>Encontro de Fevereiro: Kim Hye-Jin em pauta<\/strong><\/p>\r\n<p>\ud83d\udcd6 Livro do M\u00eas:\u00a0 <strong>\u201cSobre minha filha\u201d<\/strong>, da sul-coreana Kim Hye-Jin.<\/p>\r\n<p>\ud83d\udcc5 28 de fevereiro de 2026<\/p>\r\n<p>\u23f0 14h30<\/p>\r\n<p>\ud83d\udccd MAB \u2013 Museu de Arte da Bahia<\/p>\r\n<p>\ud83c\udf9f\ufe0f Evento gratuito e sem inscri\u00e7\u00e3o pr\u00e9via <br \/>Obs.: a autora n\u00e3o estar\u00e1 presente no encontro.<\/p>\r\n\r\n\r\n\r\n<p><strong>Sobre o livro<\/strong><\/p>\r\n<p>A protagonista \u00e9 uma vi\u00fava de um casamento dentro dos padr\u00f5es, que trabalha como cuidadora de idosos e criou a filha para seguir as tradi\u00e7\u00f5es (casar, constituir fam\u00edlia e desfrutar de casa pr\u00f3pria e bom sal\u00e1rio), e n\u00e3o perturbar seus planos de aposentadoria sem sobressaltos, por\u00e9m tudo sai do eixo quando Green se assume l\u00e9sbica e, sem renda para pagar o aluguel, volta para a casa da m\u00e3e com a namorada. Mas at\u00e9 onde a filha realmente se distanciou do projeto de vida que a m\u00e3e sonhou pra ela? Enquanto Green luta contra a homofobia na universidade em que atua como professora horista, a m\u00e3e entra num embate contra os m\u00e9todos desumanos de administra\u00e7\u00e3o da cl\u00ednica em que trabalha. Se o choque de gera\u00e7\u00f5es as afasta, a partilha de certos valores as une. O livro tra\u00e7a um panorama da classe m\u00e9dia sul-coreana e evidencia a falta de mobilidade social de uma sociedade que v\u00ea seus \u00edndices de pobreza aumentando a cada dia. Nela, viver com dignidade \u00e9 em si s\u00f3 tarefa \u00e1rdua, que exige que m\u00e3e e filha superem as diferen\u00e7as e o ressentimento para acolher uma \u00e0 outra.<br \/><br \/><strong>Sobre a autora<\/strong><\/p>\r\n<p>Kim Hye-Jin nasceu em 1983, em Daegu, Coreia do Sul. Estreou na literatura em 2012 com o romance Chicken Run, vencedor do pr\u00eamio Dong-A Ilbo\u2019s Spring Literary. Tamb\u00e9m recebeu o pr\u00eamio de literatura Shin Dong-yup em 2018, por Sobre Minha Filha, o pr\u00eamio da Funda\u00e7\u00e3o Daesan em 2020 e o pr\u00eamio liter\u00e1rio Kim Yujeong em 2023.<\/p>\r\n\r\n\r\n\r\n\r\n\r\n<p><strong>Literatura tamb\u00e9m \u00e9 movimento<\/strong><\/p>\r\n<p>Em um ano com a cidade fervendo de atividades culturais, shows, festas populares e programa\u00e7\u00e3o intensa em museus e bibliotecas, o Leia Mulheres Salvador refor\u00e7a que <strong>ler junto tamb\u00e9m \u00e9 um ato coletivo, pol\u00edtico e afetivo<\/strong>. Aqui no Bora, a gente acredita nisso. Cultura se fortalece quando circula, quando \u00e9 compartilhada e quando cria encontros.<\/p>\r\n\r\n\r\n\r\n<p>Se voc\u00ea estava procurando um empurr\u00e3o para voltar a ler ou para ler acompanhada, <strong>bora chegar nessa roda<\/strong>.<\/p>\r\n\r\n\r\n\r\n<p>Acompanhe o Leia Mulheres Salvador no Instagram: <strong>@leiamulheres_salvador_oficial<\/strong><\/p>\r\n","protected":false},"excerpt":{"rendered":"<p>Encontro de Fevereiro: Kim Hye-Jin em pauta \ud83d\udcd6 Livro do M\u00eas:\u00a0 \u201cSobre minha filha\u201d, da sul-coreana Kim Hye-Jin. \ud83d\udcc5 28<\/p>\n","protected":false},"author":1,"featured_media":696,"template":"","meta":{"colormag_page_container_layout":"default_layout","colormag_page_sidebar_layout":"default_layout","_tribe_events_status":"","_tribe_events_status_reason":"","footnotes":""},"tags":[72,136,137,114,116,115],"tribe_events_cat":[113],"class_list":["post-1407","tribe_events","type-tribe_events","status-publish","has-post-thumbnail","hentry","tag-gratuito","tag-leia-mulheres","tag-leia-mulheres-salvador","tag-leitura","tag-mab","tag-mulheres","tribe_events_cat-leitura","cat_leitura"],"_links":{"self":[{"href":"https:\/\/boracultura.com.br\/index.php\/wp-json\/wp\/v2\/tribe_events\/1407","targetHints":{"allow":["GET"]}}],"collection":[{"href":"https:\/\/boracultura.com.br\/index.php\/wp-json\/wp\/v2\/tribe_events"}],"about":[{"href":"https:\/\/boracultura.com.br\/index.php\/wp-json\/wp\/v2\/types\/tribe_events"}],"author":[{"embeddable":true,"href":"https:\/\/boracultura.com.br\/index.php\/wp-json\/wp\/v2\/users\/1"}],"version-history":[{"count":1,"href":"https:\/\/boracultura.com.br\/index.php\/wp-json\/wp\/v2\/tribe_events\/1407\/revisions"}],"predecessor-version":[{"id":1408,"href":"https:\/\/boracultura.com.br\/index.php\/wp-json\/wp\/v2\/tribe_events\/1407\/revisions\/1408"}],"wp:featuredmedia":[{"embeddable":true,"href":"https:\/\/boracultura.com.br\/index.php\/wp-json\/wp\/v2\/media\/696"}],"wp:attachment":[{"href":"https:\/\/boracultura.com.br\/index.php\/wp-json\/wp\/v2\/media?parent=1407"}],"wp:term":[{"taxonomy":"post_tag","embeddable":true,"href":"https:\/\/boracultura.com.br\/index.php\/wp-json\/wp\/v2\/tags?post=1407"},{"taxonomy":"tribe_events_cat","embeddable":true,"href":"https:\/\/boracultura.com.br\/index.php\/wp-json\/wp\/v2\/tribe_events_cat?post=1407"}],"curies":[{"name":"wp","href":"https:\/\/api.w.org\/{rel}","templated":true}]}}

<p><strong>Encontro de Fevereiro: Kim Hye-Jin em pauta</strong></p>
<p>📖 Livro do Mês:  <strong>“Sobre minha filha”</strong>, da sul-coreana Kim Hye-Jin.</p>
<p>📅 28 de fevereiro de 2026</p>
<p>⏰ 14h30</p>
<p>📍 MAB – Museu de Arte da Bahia</p>
<p>🎟️ Evento gratuito e sem inscrição prévia <br />Obs.: a autora não estará presente no encontro.</p>



<p><strong>Sobre o livro</strong></p>
<p>A protagonista é uma viúva de um casamento dentro dos padrões, que trabalha como cuidadora de idosos e criou a filha para seguir as tradições (casar, constituir família e desfrutar de casa própria e bom salário), e não perturbar seus planos de aposentadoria sem sobressaltos, porém tudo sai do eixo quando Green se assume lésbica e, sem renda para pagar o aluguel, volta para a casa da mãe com a namorada. Mas até onde a filha realmente se distanciou do projeto de vida que a mãe sonhou pra ela? Enquanto Green luta contra a homofobia na universidade em que atua como professora horista, a mãe entra num embate contra os métodos desumanos de administração da clínica em que trabalha. Se o choque de gerações as afasta, a partilha de certos valores as une. O livro traça um panorama da classe média sul-coreana e evidencia a falta de mobilidade social de uma sociedade que vê seus índices de pobreza aumentando a cada dia. Nela, viver com dignidade é em si só tarefa árdua, que exige que mãe e filha superem as diferenças e o ressentimento para acolher uma à outra.<br /><br /><strong>Sobre a autora</strong></p>
<p>Kim Hye-Jin nasceu em 1983, em Daegu, Coreia do Sul. Estreou na literatura em 2012 com o romance Chicken Run, vencedor do prêmio Dong-A Ilbo’s Spring Literary. Também recebeu o prêmio de literatura Shin Dong-yup em 2018, por Sobre Minha Filha, o prêmio da Fundação Daesan em 2020 e o prêmio literário Kim Yujeong em 2023.</p>





<p><strong>Literatura também é movimento</strong></p>
<p>Em um ano com a cidade fervendo de atividades culturais, shows, festas populares e programação intensa em museus e bibliotecas, o Leia Mulheres Salvador reforça que <strong>ler junto também é um ato coletivo, político e afetivo</strong>. Aqui no Bora, a gente acredita nisso. Cultura se fortalece quando circula, quando é compartilhada e quando cria encontros.</p>



<p>Se você estava procurando um empurrão para voltar a ler ou para ler acompanhada, <strong>bora chegar nessa roda</strong>.</p>



<p>Acompanhe o Leia Mulheres Salvador no Instagram: <strong>@leiamulheres_salvador_oficial</strong></p>

<p>Encontro de Fevereiro: Kim Hye-Jin em pauta 📖 Livro do Mês:  “Sobre minha filha”, da sul-coreana Kim Hye-Jin. 📅 28</p>
