{"id":1443,"date":"2026-02-24T08:47:11","date_gmt":"2026-02-24T11:47:11","guid":{"rendered":"https:\/\/boracultura.com.br\/?post_type=tribe_events&#038;p=1443"},"modified":"2026-03-19T23:58:54","modified_gmt":"2026-03-20T02:58:54","slug":"exposicao-hoje-e-de-vez-em-quando","status":"publish","type":"tribe_events","link":"https:\/\/boracultura.com.br\/index.php\/evento\/exposicao-hoje-e-de-vez-em-quando\/","title":{"rendered":"Exposi\u00e7\u00e3o &#8220;Hoje \u00c9 De Vez Em Quando&#8221;"},"content":{"rendered":"<p>Caixa Cultural Salvador apresenta a Exposi\u00e7\u00e3o &#8220;Hoje \u00c9 De Vez Em Quando&#8221;, De F\u00e1bio Baroli<\/p>\n<p>Mostra re\u00fane 35 obras e prop\u00f5e um questionamento sobre a no\u00e7\u00e3o de tempo no mundo contempor\u00e2neo<\/p>\n<p><strong><u>SERVI\u00c7O:<\/u><\/strong><\/p>\n<p><strong>[Artes Visuais] Exposi\u00e7\u00e3o &#8220;Hoje \u00e9 de vez em quando&#8221;<br \/>\n<\/strong><strong>CAIXA Cultural Salvador<\/strong>\u00a0&#8211; Rua Carlos Gomes, 57, Centro<br \/>\n<strong>Per\u00edodo de visita\u00e7\u00e3o:<\/strong>\u00a05 de mar\u00e7o a 13 de maio de 2026<br \/>\n<strong>Hor\u00e1rio de visita\u00e7\u00e3o:\u00a0<\/strong>ter\u00e7a-feira a domingo, das 9h \u00e0s 17h30<br \/>\n<strong>Entrada gratuita<br \/>\n<\/strong><strong>Classifica\u00e7\u00e3o et\u00e1ria:\u00a0<\/strong>Livre<br \/>\n<strong>Informa\u00e7\u00f5es:\u00a0<\/strong><a href=\"https:\/\/www.caixacultural.gov.br\/Paginas\/Salvador.aspx\" target=\"_blank\" rel=\"noopener noreferrer\">Site CAIXA Cultural<\/a>\u00a0| Instagram: @caixaculturalsalvador<br \/>\nAcesso para pessoas com defici\u00eancia<br \/>\nTodas as imagens da exposi\u00e7\u00e3o possuem recurso de audiodescri\u00e7\u00e3o<br \/>\n<strong>Patroc\u00ednio:\u00a0<\/strong>CAIXA e Governo Federal<\/p>\n<p><strong><a href=\"https:\/\/boracultura.com.br\/index.php\/2026\/02\/24\/caixa-cultural-salvador-apresenta-a-exposicao-hoje-e-de-vez-em-quando-de-fabio-baroli\/\">Saiba mais!\u00a0<\/a><\/strong><\/p>\n<p>&nbsp;<\/p>\n","protected":false},"excerpt":{"rendered":"<p>CAIXA Cultural Salvador apresenta a exposi\u00e7\u00e3o \u201cHoje \u00e9 de vez em quando\u201d, de F\u00e1bio Baroli, com obras que refletem sobre tempo e mem\u00f3ria, com entrada gratuita.<\/p>\n","protected":false},"author":1,"featured_media":1441,"template":"","meta":{"colormag_page_container_layout":"default_layout","colormag_page_sidebar_layout":"default_layout","_tribe_events_status":"","_tribe_events_status_reason":"","footnotes":""},"tags":[],"tribe_events_cat":[126],"class_list":["post-1443","tribe_events","type-tribe_events","status-publish","has-post-thumbnail","hentry","tribe_events_cat-fotografia","cat_fotografia"],"_links":{"self":[{"href":"https:\/\/boracultura.com.br\/index.php\/wp-json\/wp\/v2\/tribe_events\/1443","targetHints":{"allow":["GET"]}}],"collection":[{"href":"https:\/\/boracultura.com.br\/index.php\/wp-json\/wp\/v2\/tribe_events"}],"about":[{"href":"https:\/\/boracultura.com.br\/index.php\/wp-json\/wp\/v2\/types\/tribe_events"}],"author":[{"embeddable":true,"href":"https:\/\/boracultura.com.br\/index.php\/wp-json\/wp\/v2\/users\/1"}],"version-history":[{"count":3,"href":"https:\/\/boracultura.com.br\/index.php\/wp-json\/wp\/v2\/tribe_events\/1443\/revisions"}],"predecessor-version":[{"id":2203,"href":"https:\/\/boracultura.com.br\/index.php\/wp-json\/wp\/v2\/tribe_events\/1443\/revisions\/2203"}],"wp:featuredmedia":[{"embeddable":true,"href":"https:\/\/boracultura.com.br\/index.php\/wp-json\/wp\/v2\/media\/1441"}],"wp:attachment":[{"href":"https:\/\/boracultura.com.br\/index.php\/wp-json\/wp\/v2\/media?parent=1443"}],"wp:term":[{"taxonomy":"post_tag","embeddable":true,"href":"https:\/\/boracultura.com.br\/index.php\/wp-json\/wp\/v2\/tags?post=1443"},{"taxonomy":"tribe_events_cat","embeddable":true,"href":"https:\/\/boracultura.com.br\/index.php\/wp-json\/wp\/v2\/tribe_events_cat?post=1443"}],"curies":[{"name":"wp","href":"https:\/\/api.w.org\/{rel}","templated":true}]}}

Exposição &#8220;Hoje É De Vez Em Quando&#8221;

<p>Caixa Cultural Salvador apresenta a Exposição &#8220;Hoje É De Vez Em Quando&#8221;, De Fábio Baroli</p>
<p>Mostra reúne 35 obras e propõe um questionamento sobre a noção de tempo no mundo contemporâneo</p>
<p><strong><u>SERVIÇO:</u></strong></p>
<p><strong>[Artes Visuais] Exposição &#8220;Hoje é de vez em quando&#8221;<br />
</strong><strong>CAIXA Cultural Salvador</strong> &#8211; Rua Carlos Gomes, 57, Centro<br />
<strong>Período de visitação:</strong> 5 de março a 13 de maio de 2026<br />
<strong>Horário de visitação: </strong>terça-feira a domingo, das 9h às 17h30<br />
<strong>Entrada gratuita<br />
</strong><strong>Classificação etária: </strong>Livre<br />
<strong>Informações: </strong><a href="https://www.caixacultural.gov.br/Paginas/Salvador.aspx" target="_blank" rel="noopener noreferrer">Site CAIXA Cultural</a> | Instagram: @caixaculturalsalvador<br />
Acesso para pessoas com deficiência<br />
Todas as imagens da exposição possuem recurso de audiodescrição<br />
<strong>Patrocínio: </strong>CAIXA e Governo Federal</p>
<p><strong><a href="https://boracultura.com.br/index.php/2026/02/24/caixa-cultural-salvador-apresenta-a-exposicao-hoje-e-de-vez-em-quando-de-fabio-baroli/">Saiba mais! </a></strong></p>
<p>&nbsp;</p>

<p>CAIXA Cultural Salvador apresenta a exposição “Hoje é de vez em quando”, de Fábio Baroli, com obras que refletem sobre tempo e memória, com entrada gratuita.</p>
