{"id":1474,"date":"2026-02-24T15:25:19","date_gmt":"2026-02-24T18:25:19","guid":{"rendered":"https:\/\/boracultura.com.br\/?post_type=tribe_events&#038;p=1474"},"modified":"2026-03-03T18:12:41","modified_gmt":"2026-03-03T21:12:41","slug":"orquestra-ouro-preto-leva-beatles-vanessa-da-mata-e-carlinhos-brown-a-trancoso","status":"publish","type":"tribe_events","link":"https:\/\/boracultura.com.br\/index.php\/evento\/orquestra-ouro-preto-leva-beatles-vanessa-da-mata-e-carlinhos-brown-a-trancoso\/","title":{"rendered":"\u00a012\u00ba Festival de M\u00fasica em Trancoso"},"content":{"rendered":"<p>A prestigiada\u00a0<strong>Orquestra Ouro Preto<\/strong>\u00a0desembarca na Bahia para uma s\u00e9rie de concertos imperd\u00edveis no\u00a0<strong>12\u00ba Festival M\u00fasica em Trancoso<\/strong>. Entre os dias 12 e 14 de mar\u00e7o, o Teatro L\u2019Occitane ser\u00e1 palco de encontros memor\u00e1veis.<br \/>\n\u200bA programa\u00e7\u00e3o come\u00e7a no dia 12 com o aclamado tributo \u201c<strong>The Beatles<\/strong>\u201d, que funde cordas cl\u00e1ssicas a uma banda de rock. No dia 13, a delicadeza de\u00a0<strong>Vanessa da Mata<\/strong>\u00a0encontra a sonoridade da orquestra em sucessos como \u201cBoa Sorte\u201d e \u201cAmado\u201d. O encerramento, no dia 14, fica por conta da \u201cAfrossinfonicidade\u201d de<strong>\u00a0Carlinhos Brown,\u00a0<\/strong>uma celebra\u00e7\u00e3o da ancestralidade e da percuss\u00e3o baiana em harmonia com os violinos mineiros.<\/p>\n<p><strong>\u200bDestaques da Programa\u00e7\u00e3o<\/strong>:<br \/>\n\u200b<strong>The Beatles (12\/03):<\/strong>\u00a0Fus\u00e3o inovadora de rock e m\u00fasica de concerto, sucesso absoluto de cr\u00edtica na International Beatle Week, em Liverpool.<br \/>\n\u200b<strong>Vanessa da Mata (13\/03):<\/strong>\u00a0Um mergulho na MPB com novos arranjos para cl\u00e1ssicos da carreira da artista e homenagens a nomes como Tom Jobim e Belchior.<br \/>\n\u200b<strong>Carlinhos Brown (14\/03):\u00a0<\/strong>O projeto \u201cAfrossinfonicidade\u201d traz hits como \u201cAmor I Love You\u201d e \u201cJ\u00e1 Sei Namorar\u201d em uma experi\u00eancia sinf\u00f4nica e percussiva \u00fanica.<\/p>\n<p>\u200b<strong>Servi\u00e7o: Orquestra Ouro Preto no Festival M\u00fasica em Trancoso 2026<br \/>\n\u200bDatas: 12, 13 e 14 de mar\u00e7o de 2026.<br \/>\n\u200bHor\u00e1rio: 19h30.<br \/>\n\u200bLocal: Teatro L\u2019Occitane \u2013 Trancoso, BA.<\/strong><br \/>\n\u200bIngressos: Dispon\u00edveis na plataforma Sympla: https:\/\/www.sympla.com.br<\/p>\n","protected":false},"excerpt":{"rendered":"<p>A prestigiada\u00a0Orquestra Ouro Preto\u00a0desembarca na Bahia para uma s\u00e9rie de concertos imperd\u00edveis no\u00a012\u00ba Festival M\u00fasica em Trancoso. Entre os dias<\/p>\n","protected":false},"author":1,"featured_media":1459,"template":"","meta":{"colormag_page_container_layout":"default_layout","colormag_page_sidebar_layout":"default_layout","_tribe_events_status":"","_tribe_events_status_reason":"","footnotes":""},"tags":[],"tribe_events_cat":[97],"class_list":["post-1474","tribe_events","type-tribe_events","status-publish","has-post-thumbnail","hentry","tribe_events_cat-musica","cat_musica"],"_links":{"self":[{"href":"https:\/\/boracultura.com.br\/index.php\/wp-json\/wp\/v2\/tribe_events\/1474","targetHints":{"allow":["GET"]}}],"collection":[{"href":"https:\/\/boracultura.com.br\/index.php\/wp-json\/wp\/v2\/tribe_events"}],"about":[{"href":"https:\/\/boracultura.com.br\/index.php\/wp-json\/wp\/v2\/types\/tribe_events"}],"author":[{"embeddable":true,"href":"https:\/\/boracultura.com.br\/index.php\/wp-json\/wp\/v2\/users\/1"}],"version-history":[{"count":3,"href":"https:\/\/boracultura.com.br\/index.php\/wp-json\/wp\/v2\/tribe_events\/1474\/revisions"}],"predecessor-version":[{"id":1698,"href":"https:\/\/boracultura.com.br\/index.php\/wp-json\/wp\/v2\/tribe_events\/1474\/revisions\/1698"}],"wp:featuredmedia":[{"embeddable":true,"href":"https:\/\/boracultura.com.br\/index.php\/wp-json\/wp\/v2\/media\/1459"}],"wp:attachment":[{"href":"https:\/\/boracultura.com.br\/index.php\/wp-json\/wp\/v2\/media?parent=1474"}],"wp:term":[{"taxonomy":"post_tag","embeddable":true,"href":"https:\/\/boracultura.com.br\/index.php\/wp-json\/wp\/v2\/tags?post=1474"},{"taxonomy":"tribe_events_cat","embeddable":true,"href":"https:\/\/boracultura.com.br\/index.php\/wp-json\/wp\/v2\/tribe_events_cat?post=1474"}],"curies":[{"name":"wp","href":"https:\/\/api.w.org\/{rel}","templated":true}]}}

12º Festival de Música em Trancoso

<p>A prestigiada <strong>Orquestra Ouro Preto</strong> desembarca na Bahia para uma série de concertos imperdíveis no <strong>12º Festival Música em Trancoso</strong>. Entre os dias 12 e 14 de março, o Teatro L’Occitane será palco de encontros memoráveis.<br />
​A programação começa no dia 12 com o aclamado tributo “<strong>The Beatles</strong>”, que funde cordas clássicas a uma banda de rock. No dia 13, a delicadeza de <strong>Vanessa da Mata</strong> encontra a sonoridade da orquestra em sucessos como “Boa Sorte” e “Amado”. O encerramento, no dia 14, fica por conta da “Afrossinfonicidade” de<strong> Carlinhos Brown, </strong>uma celebração da ancestralidade e da percussão baiana em harmonia com os violinos mineiros.</p>
<p><strong>​Destaques da Programação</strong>:<br />
​<strong>The Beatles (12/03):</strong> Fusão inovadora de rock e música de concerto, sucesso absoluto de crítica na International Beatle Week, em Liverpool.<br />
​<strong>Vanessa da Mata (13/03):</strong> Um mergulho na MPB com novos arranjos para clássicos da carreira da artista e homenagens a nomes como Tom Jobim e Belchior.<br />
​<strong>Carlinhos Brown (14/03): </strong>O projeto “Afrossinfonicidade” traz hits como “Amor I Love You” e “Já Sei Namorar” em uma experiência sinfônica e percussiva única.</p>
<p>​<strong>Serviço: Orquestra Ouro Preto no Festival Música em Trancoso 2026<br />
​Datas: 12, 13 e 14 de março de 2026.<br />
​Horário: 19h30.<br />
​Local: Teatro L’Occitane – Trancoso, BA.</strong><br />
​Ingressos: Disponíveis na plataforma Sympla: https://www.sympla.com.br</p>

<p>A prestigiada Orquestra Ouro Preto desembarca na Bahia para uma série de concertos imperdíveis no 12º Festival Música em Trancoso. Entre os dias</p>
