{"id":1782,"date":"2026-03-05T15:01:42","date_gmt":"2026-03-05T18:01:42","guid":{"rendered":"https:\/\/boracultura.com.br\/?post_type=tribe_events&#038;p=1782"},"modified":"2026-03-05T15:01:42","modified_gmt":"2026-03-05T18:01:42","slug":"donas-da-proa-toda","status":"publish","type":"tribe_events","link":"https:\/\/boracultura.com.br\/index.php\/evento\/donas-da-proa-toda\/","title":{"rendered":"Donas da Proa Toda"},"content":{"rendered":"<p dir=\"ltr\">\u200bA quarta edi\u00e7\u00e3o do evento &#8220;Donas da Proa Toda&#8221; acontece neste s\u00e1bado (7), a partir das 17h, no Bar da F\u00e1brica da Proa Cervejaria, em Lauro de Freitas. Idealizado pela mestre cervejeira D\u00e9bora Lehnen, o encontro celebra o M\u00eas da Mulher com foco no protagonismo feminino na produ\u00e7\u00e3o cervejeira, no empreendedorismo e na m\u00fasica.<\/p>\n<p>\u200bA anima\u00e7\u00e3o musical ficar\u00e1 por conta do projeto A Trois, formado pelas amigas Renata Bastos (voz), Bruna Barreto (voz e viol\u00e3o) e Julia Dell&#8217;Orto (bateria). O trio preparou um repert\u00f3rio especial em homenagem \u00e0s grandes vozes femininas da m\u00fasica, com um couvert art\u00edstico de R$ 15. Al\u00e9m dos shows, o evento contar\u00e1 com exposi\u00e7\u00e3o e venda de produtos autorais de diversas empreendedoras locais.<br \/>\n\u200b<br \/>\n<strong>SERVI\u00c7O<\/strong><br \/>\n\u200bO que: 4\u00aa Edi\u00e7\u00e3o do Donas da Proa Toda<br \/>\n\u200bQuando: S\u00e1bado (7), \u00e0s 17h<br \/>\n\u200bOnde: Bar da F\u00e1brica da Proa Cervejaria (Rua Dr. Gerino de Souza Filho, 270 &#8211; Lauro de Freitas)<br \/>\n\u200bEntrada: Couvert art\u00edstico de R$ 15 (para os shows)<br \/>\n\u200bAtra\u00e7\u00f5es: Show do projeto A Trois, feira de empreendedorismo feminino e cervejas artesanais Proa<\/p>\n","protected":false},"excerpt":{"rendered":"<p>A Proa Cervejaria promove a 4\u00aa edi\u00e7\u00e3o do Donas da Proa Toda neste s\u00e1bado (7), em Lauro de Freitas. O evento gratuito celebra o M\u00eas da Mulher com feira de empreendedoras, cerveja artesanal e show do trio A Trois.<\/p>\n","protected":false},"author":1,"featured_media":1781,"template":"","meta":{"colormag_page_container_layout":"default_layout","colormag_page_sidebar_layout":"default_layout","_tribe_events_status":"","_tribe_events_status_reason":"","footnotes":""},"tags":[522,269,521,523,520,463,519],"tribe_events_cat":[97],"class_list":["post-1782","tribe_events","type-tribe_events","status-publish","has-post-thumbnail","hentry","tag-cerveja-artesanal","tag-dia-da-mulher","tag-donas-da-proa-toda","tag-empreendedorismo-feminino","tag-lauro-de-freitas","tag-musica-na-bahia","tag-proa-cervejaria","tribe_events_cat-musica","cat_musica"],"_links":{"self":[{"href":"https:\/\/boracultura.com.br\/index.php\/wp-json\/wp\/v2\/tribe_events\/1782","targetHints":{"allow":["GET"]}}],"collection":[{"href":"https:\/\/boracultura.com.br\/index.php\/wp-json\/wp\/v2\/tribe_events"}],"about":[{"href":"https:\/\/boracultura.com.br\/index.php\/wp-json\/wp\/v2\/types\/tribe_events"}],"author":[{"embeddable":true,"href":"https:\/\/boracultura.com.br\/index.php\/wp-json\/wp\/v2\/users\/1"}],"version-history":[{"count":1,"href":"https:\/\/boracultura.com.br\/index.php\/wp-json\/wp\/v2\/tribe_events\/1782\/revisions"}],"predecessor-version":[{"id":1783,"href":"https:\/\/boracultura.com.br\/index.php\/wp-json\/wp\/v2\/tribe_events\/1782\/revisions\/1783"}],"wp:featuredmedia":[{"embeddable":true,"href":"https:\/\/boracultura.com.br\/index.php\/wp-json\/wp\/v2\/media\/1781"}],"wp:attachment":[{"href":"https:\/\/boracultura.com.br\/index.php\/wp-json\/wp\/v2\/media?parent=1782"}],"wp:term":[{"taxonomy":"post_tag","embeddable":true,"href":"https:\/\/boracultura.com.br\/index.php\/wp-json\/wp\/v2\/tags?post=1782"},{"taxonomy":"tribe_events_cat","embeddable":true,"href":"https:\/\/boracultura.com.br\/index.php\/wp-json\/wp\/v2\/tribe_events_cat?post=1782"}],"curies":[{"name":"wp","href":"https:\/\/api.w.org\/{rel}","templated":true}]}}

<p dir="ltr">​A quarta edição do evento &#8220;Donas da Proa Toda&#8221; acontece neste sábado (7), a partir das 17h, no Bar da Fábrica da Proa Cervejaria, em Lauro de Freitas. Idealizado pela mestre cervejeira Débora Lehnen, o encontro celebra o Mês da Mulher com foco no protagonismo feminino na produção cervejeira, no empreendedorismo e na música.</p>
<p>​A animação musical ficará por conta do projeto A Trois, formado pelas amigas Renata Bastos (voz), Bruna Barreto (voz e violão) e Julia Dell&#8217;Orto (bateria). O trio preparou um repertório especial em homenagem às grandes vozes femininas da música, com um couvert artístico de R$ 15. Além dos shows, o evento contará com exposição e venda de produtos autorais de diversas empreendedoras locais.<br />
​<br />
<strong>SERVIÇO</strong><br />
​O que: 4ª Edição do Donas da Proa Toda<br />
​Quando: Sábado (7), às 17h<br />
​Onde: Bar da Fábrica da Proa Cervejaria (Rua Dr. Gerino de Souza Filho, 270 &#8211; Lauro de Freitas)<br />
​Entrada: Couvert artístico de R$ 15 (para os shows)<br />
​Atrações: Show do projeto A Trois, feira de empreendedorismo feminino e cervejas artesanais Proa</p>

<p>A Proa Cervejaria promove a 4ª edição do Donas da Proa Toda neste sábado (7), em Lauro de Freitas. O evento gratuito celebra o Mês da Mulher com feira de empreendedoras, cerveja artesanal e show do trio A Trois.</p>
