{"id":1945,"date":"2026-03-12T10:18:57","date_gmt":"2026-03-12T13:18:57","guid":{"rendered":"https:\/\/boracultura.com.br\/?post_type=tribe_events&#038;p=1945"},"modified":"2026-03-16T17:47:57","modified_gmt":"2026-03-16T20:47:57","slug":"elas-cantam-raul-no-sesi","status":"publish","type":"tribe_events","link":"https:\/\/boracultura.com.br\/index.php\/evento\/elas-cantam-raul-no-sesi\/","title":{"rendered":"\u200bElas Cantam Raul no SESI"},"content":{"rendered":"<p>No dia 19 de mar\u00e7o, a Varanda do SESI Rio Vermelho ser\u00e1 palco de uma celebra\u00e7\u00e3o \u00fanica que une o rock de Raul Seixas ao protagonismo feminino. O show &#8220;Elas Cantam Raul&#8221;, idealizado pela banda Marculino e Seus Belezas, acontece \u00e0s 22h e faz parte das reflex\u00f5es e conquistas do M\u00eas das Mulheres. O projeto convida vozes potentes da cena baiana para reinterpretar cl\u00e1ssicos do &#8220;Maluco Beleza&#8221;, refor\u00e7ando a liberdade e a autenticidade presentes na obra do artista baiano.<\/p>\n<p>\u200bEntre as artistas confirmadas est\u00e3o nomes como Tha\u00eds Nader, Ellen Wilson, Lorenight, Bruna Barreto e Janah Ferreira, que dividir\u00e3o o palco em solos e duetos com a banda Marculino e Seus Belezas. Com mais de 10 anos de estrada e uma forma\u00e7\u00e3o que inclui sopros e arranjos perform\u00e1ticos, o grupo preserva a ess\u00eancia do rock nacional enquanto abre espa\u00e7o para a personalidade de cada int\u00e9rprete. A iniciativa busca n\u00e3o apenas homenagear Raul, mas tamb\u00e9m destacar a ocupa\u00e7\u00e3o feminina em g\u00eaneros como o rock e em espa\u00e7os de cria\u00e7\u00e3o art\u00edstica.<\/p>\n<p>\u200bO evento traz ainda uma a\u00e7\u00e3o afirmativa importante para marcar o m\u00eas: a entrada \u00e9 gratuita para mulheres (sujeita \u00e0 lota\u00e7\u00e3o), enquanto para homens o couvert art\u00edstico \u00e9 de R$ 30. \u00c9 uma oportunidade de vivenciar a obra de um dos maiores \u00edcones da m\u00fasica brasileira sob uma nova perspectiva, em um dos espa\u00e7os mais tradicionais da boemia soteropolitana.<\/p>\n<p dir=\"ltr\"><strong>\u200bSERVI\u00c7O<\/strong><br \/>\n\u200bEvento: Elas Cantam Raul \u2013 Marculino e Seus Belezas e convidadas<br \/>\nData: 19\/03 (Quinta-feira)<br \/>\nHor\u00e1rio: 22h<br \/>\nLocal: Varanda do SESI Rio Vermelho (Rua Borges dos Reis, 9, Salvador &#8211; BA)<br \/>\nEntrada\/Couvert: Mulheres n\u00e3o pagam | Homens R$ 30 (sujeito \u00e0 lota\u00e7\u00e3o)<br \/>\nMais informa\u00e7\u00f5es: https:\/\/www.instagram.com\/marculinoeseusbelezas<\/p>\n","protected":false},"excerpt":{"rendered":"<p>Show &#8220;Elas Cantam Raul&#8221; celebra o M\u00eas das Mulheres no SESI Rio Vermelho dia 19 de mar\u00e7o. Entrada gratuita para mulheres e tributo com grandes cantoras baianas. Confira!<\/p>\n","protected":false},"author":1,"featured_media":1946,"template":"","meta":{"colormag_page_container_layout":"default_layout","colormag_page_sidebar_layout":"default_layout","_tribe_events_status":"","_tribe_events_status_reason":"","footnotes":""},"tags":[722,724,723,725,653],"tribe_events_cat":[97],"class_list":["post-1945","tribe_events","type-tribe_events","status-publish","has-post-thumbnail","hentry","tag-elas-cantam-raul","tag-marculino-e-seus-belezas","tag-raul-seixas-salvador","tag-rock-bahia","tag-sesi-rio-vermelho","tribe_events_cat-musica","cat_musica"],"_links":{"self":[{"href":"https:\/\/boracultura.com.br\/index.php\/wp-json\/wp\/v2\/tribe_events\/1945","targetHints":{"allow":["GET"]}}],"collection":[{"href":"https:\/\/boracultura.com.br\/index.php\/wp-json\/wp\/v2\/tribe_events"}],"about":[{"href":"https:\/\/boracultura.com.br\/index.php\/wp-json\/wp\/v2\/types\/tribe_events"}],"author":[{"embeddable":true,"href":"https:\/\/boracultura.com.br\/index.php\/wp-json\/wp\/v2\/users\/1"}],"version-history":[{"count":2,"href":"https:\/\/boracultura.com.br\/index.php\/wp-json\/wp\/v2\/tribe_events\/1945\/revisions"}],"predecessor-version":[{"id":1948,"href":"https:\/\/boracultura.com.br\/index.php\/wp-json\/wp\/v2\/tribe_events\/1945\/revisions\/1948"}],"wp:featuredmedia":[{"embeddable":true,"href":"https:\/\/boracultura.com.br\/index.php\/wp-json\/wp\/v2\/media\/1946"}],"wp:attachment":[{"href":"https:\/\/boracultura.com.br\/index.php\/wp-json\/wp\/v2\/media?parent=1945"}],"wp:term":[{"taxonomy":"post_tag","embeddable":true,"href":"https:\/\/boracultura.com.br\/index.php\/wp-json\/wp\/v2\/tags?post=1945"},{"taxonomy":"tribe_events_cat","embeddable":true,"href":"https:\/\/boracultura.com.br\/index.php\/wp-json\/wp\/v2\/tribe_events_cat?post=1945"}],"curies":[{"name":"wp","href":"https:\/\/api.w.org\/{rel}","templated":true}]}}

<p>No dia 19 de março, a Varanda do SESI Rio Vermelho será palco de uma celebração única que une o rock de Raul Seixas ao protagonismo feminino. O show &#8220;Elas Cantam Raul&#8221;, idealizado pela banda Marculino e Seus Belezas, acontece às 22h e faz parte das reflexões e conquistas do Mês das Mulheres. O projeto convida vozes potentes da cena baiana para reinterpretar clássicos do &#8220;Maluco Beleza&#8221;, reforçando a liberdade e a autenticidade presentes na obra do artista baiano.</p>
<p>​Entre as artistas confirmadas estão nomes como Thaís Nader, Ellen Wilson, Lorenight, Bruna Barreto e Janah Ferreira, que dividirão o palco em solos e duetos com a banda Marculino e Seus Belezas. Com mais de 10 anos de estrada e uma formação que inclui sopros e arranjos performáticos, o grupo preserva a essência do rock nacional enquanto abre espaço para a personalidade de cada intérprete. A iniciativa busca não apenas homenagear Raul, mas também destacar a ocupação feminina em gêneros como o rock e em espaços de criação artística.</p>
<p>​O evento traz ainda uma ação afirmativa importante para marcar o mês: a entrada é gratuita para mulheres (sujeita à lotação), enquanto para homens o couvert artístico é de R$ 30. É uma oportunidade de vivenciar a obra de um dos maiores ícones da música brasileira sob uma nova perspectiva, em um dos espaços mais tradicionais da boemia soteropolitana.</p>
<p dir="ltr"><strong>​SERVIÇO</strong><br />
​Evento: Elas Cantam Raul – Marculino e Seus Belezas e convidadas<br />
Data: 19/03 (Quinta-feira)<br />
Horário: 22h<br />
Local: Varanda do SESI Rio Vermelho (Rua Borges dos Reis, 9, Salvador &#8211; BA)<br />
Entrada/Couvert: Mulheres não pagam | Homens R$ 30 (sujeito à lotação)<br />
Mais informações: https://www.instagram.com/marculinoeseusbelezas</p>

<p>Show &#8220;Elas Cantam Raul&#8221; celebra o Mês das Mulheres no SESI Rio Vermelho dia 19 de março. Entrada gratuita para mulheres e tributo com grandes cantoras baianas. Confira!</p>
