{"id":1956,"date":"2026-03-12T10:48:11","date_gmt":"2026-03-12T13:48:11","guid":{"rendered":"https:\/\/boracultura.com.br\/?post_type=tribe_events&#038;p=1956"},"modified":"2026-03-12T10:48:11","modified_gmt":"2026-03-12T13:48:11","slug":"mateus-tranzilo-homenageia-djavan-na-pituba","status":"publish","type":"tribe_events","link":"https:\/\/boracultura.com.br\/index.php\/evento\/mateus-tranzilo-homenageia-djavan-na-pituba\/","title":{"rendered":"Mateus Tranzilo homenageia Djavan na Pituba"},"content":{"rendered":"<p>\u200bO <strong>Lil\u00e1s Cozinha,<\/strong> localizado na Alameda Benevento, na Pituba, inicia as despedidas de sua temporada de ver\u00e3o com uma noite dedicada a um dos maiores \u00edcones da MPB. Nesta quinta-feira, <strong>12 de mar\u00e7o, \u00e0s 20h<\/strong>, o projeto<strong> &#8220;Noite de Ver\u00e3o Lil\u00e1s&#8221;<\/strong> apresenta o cantor Mateus Tranzilo em um tributo especial ao repert\u00f3rio e legado de Djavan. O show faz parte das celebra\u00e7\u00f5es de 30 anos do restaurante, unindo a tradi\u00e7\u00e3o da gastronomia afetiva \u00e0 nova cena musical baiana.<\/p>\n<p>\u200bNo repert\u00f3rio, cl\u00e1ssicos como &#8220;Oceano&#8221;, &#8220;Sina&#8221;, &#8220;Eu Te Devoro&#8221; e, claro, &#8220;Lil\u00e1s&#8221; \u2014 can\u00e7\u00e3o que d\u00e1 nome \u00e0 casa \u2014 ganham novas interpreta\u00e7\u00f5es na voz de Tranzilo. A noite contar\u00e1 com participa\u00e7\u00f5es especiais de Biel Gomez e Karen Cuzco, vencedora do Pr\u00eamio Educadora FM 2025. Al\u00e9m dos sucessos de Djavan, o p\u00fablico poder\u00e1 conferir as can\u00e7\u00f5es autorais de Mateus, como &#8220;Arrumar Voc\u00ea&#8221; e a in\u00e9dita &#8220;Al\u00e9m de Fevereiro&#8221;. Acompanhado por m\u00fasicos experientes e com opera\u00e7\u00e3o de som assinada pelo Punk Hazard Studios, o artista promete uma experi\u00eancia intimista na varanda do casar\u00e3o.<\/p>\n<p>\u200bPara completar a experi\u00eancia, o Lil\u00e1s Cozinha preparou um card\u00e1pio exclusivo para o evento, com destaque para as bruschettas em forno \u00e0 lenha e drinks in\u00e9ditos criados pelo barman Ca\u00ea Bartuo. O evento refor\u00e7a o posicionamento do restaurante, que \u00e9 refer\u00eancia na Pituba por sua cozinha brasileira e italiana, como um espa\u00e7o de conviv\u00eancia cultural e celebra\u00e7\u00e3o art\u00edstica em Salvador.<\/p>\n<p dir=\"ltr\"><strong>SERVI\u00c7O<\/strong><br \/>\n\u200bEvento: Noite de Ver\u00e3o Lil\u00e1s \u2013 Mateus Tranzilo canta Djavan<br \/>\nData: 12\/03 (Quinta-feira)<br \/>\nHor\u00e1rio: 20h<br \/>\nLocal: Lil\u00e1s Cozinha (Alameda Benevento, 509, Pituba, Salvador &#8211; BA)<br \/>\nMais informa\u00e7\u00f5es: https:\/\/www.instagram.com\/lilascozinha\/<\/p>\n","protected":false},"excerpt":{"rendered":"<p>Homenagem a Djavan na Pituba! Mateus Tranzilo se apresenta no Lil\u00e1s Cozinha nesta quinta (12) com participa\u00e7\u00f5es especiais. Confira o repert\u00f3rio e o card\u00e1pio exclusivo.<\/p>\n","protected":false},"author":1,"featured_media":1957,"template":"","meta":{"colormag_page_container_layout":"default_layout","colormag_page_sidebar_layout":"default_layout","_tribe_events_status":"","_tribe_events_status_reason":"","footnotes":""},"tags":[731,733,732,730,734],"tribe_events_cat":[97],"class_list":["post-1956","tribe_events","type-tribe_events","status-publish","has-post-thumbnail","hentry","tag-djavan-salvador","tag-eventos-na-pituba","tag-lilas-cozinha","tag-mateus-tranzilo","tag-musica-ao-vivo-salvador","tribe_events_cat-musica","cat_musica"],"_links":{"self":[{"href":"https:\/\/boracultura.com.br\/index.php\/wp-json\/wp\/v2\/tribe_events\/1956","targetHints":{"allow":["GET"]}}],"collection":[{"href":"https:\/\/boracultura.com.br\/index.php\/wp-json\/wp\/v2\/tribe_events"}],"about":[{"href":"https:\/\/boracultura.com.br\/index.php\/wp-json\/wp\/v2\/types\/tribe_events"}],"author":[{"embeddable":true,"href":"https:\/\/boracultura.com.br\/index.php\/wp-json\/wp\/v2\/users\/1"}],"version-history":[{"count":1,"href":"https:\/\/boracultura.com.br\/index.php\/wp-json\/wp\/v2\/tribe_events\/1956\/revisions"}],"predecessor-version":[{"id":1959,"href":"https:\/\/boracultura.com.br\/index.php\/wp-json\/wp\/v2\/tribe_events\/1956\/revisions\/1959"}],"wp:featuredmedia":[{"embeddable":true,"href":"https:\/\/boracultura.com.br\/index.php\/wp-json\/wp\/v2\/media\/1957"}],"wp:attachment":[{"href":"https:\/\/boracultura.com.br\/index.php\/wp-json\/wp\/v2\/media?parent=1956"}],"wp:term":[{"taxonomy":"post_tag","embeddable":true,"href":"https:\/\/boracultura.com.br\/index.php\/wp-json\/wp\/v2\/tags?post=1956"},{"taxonomy":"tribe_events_cat","embeddable":true,"href":"https:\/\/boracultura.com.br\/index.php\/wp-json\/wp\/v2\/tribe_events_cat?post=1956"}],"curies":[{"name":"wp","href":"https:\/\/api.w.org\/{rel}","templated":true}]}}

<p>​O <strong>Lilás Cozinha,</strong> localizado na Alameda Benevento, na Pituba, inicia as despedidas de sua temporada de verão com uma noite dedicada a um dos maiores ícones da MPB. Nesta quinta-feira, <strong>12 de março, às 20h</strong>, o projeto<strong> &#8220;Noite de Verão Lilás&#8221;</strong> apresenta o cantor Mateus Tranzilo em um tributo especial ao repertório e legado de Djavan. O show faz parte das celebrações de 30 anos do restaurante, unindo a tradição da gastronomia afetiva à nova cena musical baiana.</p>
<p>​No repertório, clássicos como &#8220;Oceano&#8221;, &#8220;Sina&#8221;, &#8220;Eu Te Devoro&#8221; e, claro, &#8220;Lilás&#8221; — canção que dá nome à casa — ganham novas interpretações na voz de Tranzilo. A noite contará com participações especiais de Biel Gomez e Karen Cuzco, vencedora do Prêmio Educadora FM 2025. Além dos sucessos de Djavan, o público poderá conferir as canções autorais de Mateus, como &#8220;Arrumar Você&#8221; e a inédita &#8220;Além de Fevereiro&#8221;. Acompanhado por músicos experientes e com operação de som assinada pelo Punk Hazard Studios, o artista promete uma experiência intimista na varanda do casarão.</p>
<p>​Para completar a experiência, o Lilás Cozinha preparou um cardápio exclusivo para o evento, com destaque para as bruschettas em forno à lenha e drinks inéditos criados pelo barman Caê Bartuo. O evento reforça o posicionamento do restaurante, que é referência na Pituba por sua cozinha brasileira e italiana, como um espaço de convivência cultural e celebração artística em Salvador.</p>
<p dir="ltr"><strong>SERVIÇO</strong><br />
​Evento: Noite de Verão Lilás – Mateus Tranzilo canta Djavan<br />
Data: 12/03 (Quinta-feira)<br />
Horário: 20h<br />
Local: Lilás Cozinha (Alameda Benevento, 509, Pituba, Salvador &#8211; BA)<br />
Mais informações: https://www.instagram.com/lilascozinha/</p>

<p>Homenagem a Djavan na Pituba! Mateus Tranzilo se apresenta no Lilás Cozinha nesta quinta (12) com participações especiais. Confira o repertório e o cardápio exclusivo.</p>
