{"id":2176,"date":"2026-03-19T15:09:35","date_gmt":"2026-03-19T18:09:35","guid":{"rendered":"https:\/\/boracultura.com.br\/?post_type=tribe_events&#038;p=2176"},"modified":"2026-03-19T15:12:45","modified_gmt":"2026-03-19T18:12:45","slug":"duo-guine-do-vale-nas-segundas-do-chorinho","status":"publish","type":"tribe_events","link":"https:\/\/boracultura.com.br\/index.php\/evento\/duo-guine-do-vale-nas-segundas-do-chorinho\/","title":{"rendered":"Duo Guin\u00e9 do Vale nas Segundas do Chorinho"},"content":{"rendered":"<div>\n<p>A Varanda do Teatro SESI Rio Vermelho, no bairro do Rio Vermelho, recebe mais uma noite dedicada \u00e0 m\u00fasica instrumental brasileira com o Projeto Segundas do Chorinho \u2013 Ano 14, na segunda-feira, 23 de mar\u00e7o de 2026, \u00e0s 20h. A atra\u00e7\u00e3o da semana ser\u00e1 o Duo Guin\u00e9 do Vale, que sobe ao palco acompanhado das convidadas especiais Camile Bueno (flauta), entre outros, para celebrar a riqueza e a vitalidade do choro.<\/p>\n<\/div>\n<div>Formado por Caio Brand\u00e3o (viol\u00e3o de sete cordas) e Jarder Jardineiro (clarineta), o duo se destaca pela sonoridade refinada e pela liberdade criativa nas interpreta\u00e7\u00f5es. A combina\u00e7\u00e3o entre a clarineta e o viol\u00e3o de sete cordas cria um di\u00e1logo musical envolvente, que transita entre tradi\u00e7\u00e3o e experimenta\u00e7\u00e3o, caracter\u00edstica marcante do grupo.<\/div>\n<div>\n<p>O repert\u00f3rio passeia por cl\u00e1ssicos do choro e da m\u00fasica instrumental brasileira, incluindo obras de mestres como Pixinguinha, Paulo Moura, Sivuca e Egberto Gismonti, al\u00e9m de composi\u00e7\u00f5es autorais que revelam a identidade musical do duo. As apresenta\u00e7\u00f5es do Guin\u00e9 do Vale costumam unir lirismo, virtuosidade e improvisa\u00e7\u00e3o, resultado de anos de parceria musical, pesquisa e viv\u00eancia em rodas de choro, palcos e ambientes acad\u00eamicos.<\/p>\n<\/div>\n<div>\n<p>Caio Brand\u00e3o, integrante do N\u00facleo de Choro da Escola de M\u00fasica da Universidade Federal da Bahia, \u00e9 reconhecido pela s\u00f3lida atua\u00e7\u00e3o no viol\u00e3o popular brasileiro, com interpreta\u00e7\u00e3o sens\u00edvel e profundo dom\u00ednio da linguagem do instrumento. J\u00e1 Jarder Jardineiro, clarinetista e graduando em Instrumento pela mesma institui\u00e7\u00e3o, participa ativamente da cena instrumental soteropolitana, integrando grupos como Ternoar, Regional Tico Tico no Dend\u00ea, Quasar Trio e outras forma\u00e7\u00f5es dedicadas \u00e0 m\u00fasica brasileira.<\/p>\n<\/div>\n<div>\n<p>Como j\u00e1 \u00e9 tradi\u00e7\u00e3o do projeto, a noite tamb\u00e9m abre espa\u00e7o para a participa\u00e7\u00e3o espont\u00e2nea de m\u00fasicos da cena local, que se juntam ao palco na tradicional roda de choro das segundas-feiras, criando um ambiente de encontro, improviso e celebra\u00e7\u00e3o da m\u00fasica brasileira.<\/p>\n<\/div>\n<div>O couvert art\u00edstico custa R$ 40,00 (individual) ou R$ 70,00 (casadinha), com vendas tamb\u00e9m pela plataforma Sympla. Reservas de mesas e informa\u00e7\u00f5es podem ser feitas pelo WhatsApp: (71) 99160-9140.<\/div>\n<div>\n<p>O Projeto Segundas do Chorinho \u00e9 uma realiza\u00e7\u00e3o de Hessel, Casa 98 &amp; Siri Produ\u00e7\u00f5es, Doris Pinheiro Assessoria de Imprensa e Teatro SESI Rio Vermelho \/ FIEB.<\/p>\n<\/div>\n<div><b>SERVI\u00c7O<\/b><br \/>\nO qu\u00ea: Projeto Segundas do Chorinho \u2013 Ano 14<br \/>\nAtra\u00e7\u00e3o: Duo Guin\u00e9 do Vale e convidados<br \/>\nQuando: Segunda-feira, 23 de mar\u00e7o de 2026<br \/>\nHor\u00e1rio: 20h<br \/>\nCouvert: R$ 40,00 (individual) | R$ 70,00 (casadinha) \u2013 vendas tamb\u00e9m pelo Sympla<br \/>\nOnde: Varanda do Teatro SESI Rio Vermelho<br \/>\nEndere\u00e7o: Rua Borges dos Reis, 09 \u2013 Rio Vermelho<br \/>\nInforma\u00e7\u00f5es e reservas: (71) 9.9160-9140 (WhatsApp)<br \/>\nParceria: Hessel Produ\u00e7\u00f5es, Casa 98, Siri Produ\u00e7\u00f5es, Doris Pinheiro Assessoria de Imprensa e Teatro SESI Rio Vermelho \/ FIEB<\/div>\n","protected":false},"excerpt":{"rendered":"<p>A Varanda do Teatro SESI Rio Vermelho, no bairro do Rio Vermelho, recebe mais uma noite dedicada \u00e0 m\u00fasica instrumental<\/p>\n","protected":false},"author":1,"featured_media":2177,"template":"","meta":{"colormag_page_container_layout":"default_layout","colormag_page_sidebar_layout":"default_layout","_tribe_events_status":"","_tribe_events_status_reason":"","footnotes":""},"tags":[969,71,303,290,968,970],"tribe_events_cat":[97],"class_list":["post-2176","tribe_events","type-tribe_events","status-publish","has-post-thumbnail","hentry","tag-distracao","tag-musica","tag-o-que-fazer-em-salvador","tag-segundas-do-chorinho","tag-sucesso","tag-varanda-do-sesi","tribe_events_cat-musica","cat_musica"],"_links":{"self":[{"href":"https:\/\/boracultura.com.br\/index.php\/wp-json\/wp\/v2\/tribe_events\/2176","targetHints":{"allow":["GET"]}}],"collection":[{"href":"https:\/\/boracultura.com.br\/index.php\/wp-json\/wp\/v2\/tribe_events"}],"about":[{"href":"https:\/\/boracultura.com.br\/index.php\/wp-json\/wp\/v2\/types\/tribe_events"}],"author":[{"embeddable":true,"href":"https:\/\/boracultura.com.br\/index.php\/wp-json\/wp\/v2\/users\/1"}],"version-history":[{"count":2,"href":"https:\/\/boracultura.com.br\/index.php\/wp-json\/wp\/v2\/tribe_events\/2176\/revisions"}],"predecessor-version":[{"id":2182,"href":"https:\/\/boracultura.com.br\/index.php\/wp-json\/wp\/v2\/tribe_events\/2176\/revisions\/2182"}],"wp:featuredmedia":[{"embeddable":true,"href":"https:\/\/boracultura.com.br\/index.php\/wp-json\/wp\/v2\/media\/2177"}],"wp:attachment":[{"href":"https:\/\/boracultura.com.br\/index.php\/wp-json\/wp\/v2\/media?parent=2176"}],"wp:term":[{"taxonomy":"post_tag","embeddable":true,"href":"https:\/\/boracultura.com.br\/index.php\/wp-json\/wp\/v2\/tags?post=2176"},{"taxonomy":"tribe_events_cat","embeddable":true,"href":"https:\/\/boracultura.com.br\/index.php\/wp-json\/wp\/v2\/tribe_events_cat?post=2176"}],"curies":[{"name":"wp","href":"https:\/\/api.w.org\/{rel}","templated":true}]}}

Duo Guiné do Vale nas Segundas do Chorinho

<div>
<p>A Varanda do Teatro SESI Rio Vermelho, no bairro do Rio Vermelho, recebe mais uma noite dedicada à música instrumental brasileira com o Projeto Segundas do Chorinho – Ano 14, na segunda-feira, 23 de março de 2026, às 20h. A atração da semana será o Duo Guiné do Vale, que sobe ao palco acompanhado das convidadas especiais Camile Bueno (flauta), entre outros, para celebrar a riqueza e a vitalidade do choro.</p>
</div>
<div>Formado por Caio Brandão (violão de sete cordas) e Jarder Jardineiro (clarineta), o duo se destaca pela sonoridade refinada e pela liberdade criativa nas interpretações. A combinação entre a clarineta e o violão de sete cordas cria um diálogo musical envolvente, que transita entre tradição e experimentação, característica marcante do grupo.</div>
<div>
<p>O repertório passeia por clássicos do choro e da música instrumental brasileira, incluindo obras de mestres como Pixinguinha, Paulo Moura, Sivuca e Egberto Gismonti, além de composições autorais que revelam a identidade musical do duo. As apresentações do Guiné do Vale costumam unir lirismo, virtuosidade e improvisação, resultado de anos de parceria musical, pesquisa e vivência em rodas de choro, palcos e ambientes acadêmicos.</p>
</div>
<div>
<p>Caio Brandão, integrante do Núcleo de Choro da Escola de Música da Universidade Federal da Bahia, é reconhecido pela sólida atuação no violão popular brasileiro, com interpretação sensível e profundo domínio da linguagem do instrumento. Já Jarder Jardineiro, clarinetista e graduando em Instrumento pela mesma instituição, participa ativamente da cena instrumental soteropolitana, integrando grupos como Ternoar, Regional Tico Tico no Dendê, Quasar Trio e outras formações dedicadas à música brasileira.</p>
</div>
<div>
<p>Como já é tradição do projeto, a noite também abre espaço para a participação espontânea de músicos da cena local, que se juntam ao palco na tradicional roda de choro das segundas-feiras, criando um ambiente de encontro, improviso e celebração da música brasileira.</p>
</div>
<div>O couvert artístico custa R$ 40,00 (individual) ou R$ 70,00 (casadinha), com vendas também pela plataforma Sympla. Reservas de mesas e informações podem ser feitas pelo WhatsApp: (71) 99160-9140.</div>
<div>
<p>O Projeto Segundas do Chorinho é uma realização de Hessel, Casa 98 &amp; Siri Produções, Doris Pinheiro Assessoria de Imprensa e Teatro SESI Rio Vermelho / FIEB.</p>
</div>
<div><b>SERVIÇO</b><br />
O quê: Projeto Segundas do Chorinho – Ano 14<br />
Atração: Duo Guiné do Vale e convidados<br />
Quando: Segunda-feira, 23 de março de 2026<br />
Horário: 20h<br />
Couvert: R$ 40,00 (individual) | R$ 70,00 (casadinha) – vendas também pelo Sympla<br />
Onde: Varanda do Teatro SESI Rio Vermelho<br />
Endereço: Rua Borges dos Reis, 09 – Rio Vermelho<br />
Informações e reservas: (71) 9.9160-9140 (WhatsApp)<br />
Parceria: Hessel Produções, Casa 98, Siri Produções, Doris Pinheiro Assessoria de Imprensa e Teatro SESI Rio Vermelho / FIEB</div>

<p>A Varanda do Teatro SESI Rio Vermelho, no bairro do Rio Vermelho, recebe mais uma noite dedicada à música instrumental</p>
