{"id":2455,"date":"2026-04-01T18:03:30","date_gmt":"2026-04-01T21:03:30","guid":{"rendered":"https:\/\/boracultura.com.br\/?post_type=tribe_events&#038;p=2455"},"modified":"2026-04-01T18:03:47","modified_gmt":"2026-04-01T21:03:47","slug":"feira-de-caxixis-2026","status":"publish","type":"tribe_events","link":"https:\/\/boracultura.com.br\/index.php\/evento\/feira-de-caxixis-2026\/","title":{"rendered":"Feira de Caxixis 2026"},"content":{"rendered":"<p>Abril come\u00e7a agitado para Edcity Fantasm\u00e3o. O artista e sua banda est\u00e3o confirmados na Feira de Caxixis 2026, um dos eventos mais tradicionais do Rec\u00f4ncavo Baiano, neste domingo, 5 de abril, a partir das 23h, no palco montado no centro de Nazar\u00e9 das Farinhas.<\/p>\n<p>O show chega em boa hora: Edcity acaba de lan\u00e7ar &#8220;Faveliando&#8221;, single com participa\u00e7\u00e3o do cantor e compositor Malafaia. Com uma batida envolvente e letra que celebra a criatividade e o orgulho de quem constr\u00f3i cultura nas quebradas, a faixa j\u00e1 est\u00e1 dispon\u00edvel nas plataformas digitais (https:\/\/onerpm.link\/Edcity_Fantasmao_Faveliando). A novidade deve ganhar vida no palco ao lado dos grandes sucessos dos 20 anos de trajet\u00f3ria do Fantasm\u00e3o \u2014 prometendo uma noite de pagode baiano de ponta a ponta.<br \/>\nNo mesmo dia, tamb\u00e9m sobem ao palco Filhos de Jorge, Edson Gomes e Vitor Fernandes, completando uma programa\u00e7\u00e3o de peso para encerrar a feira com estilo.<\/p>\n<p>Consolidada como a maior feira de cer\u00e2mica e artesanato ao ar livre da Am\u00e9rica Latina, a Feira de Caxixis tem mais de 200 anos de hist\u00f3ria e nasceu da comercializa\u00e7\u00e3o de miniaturas de barro vindas de Maragogipinho. A edi\u00e7\u00e3o 2026 acontece entre os dias 2 e 5 de abril, durante a Semana Santa, e re\u00fane artesanato, Feira Afro Bahia, gastronomia, oficinas, apresenta\u00e7\u00f5es culturais e grandes shows. A expectativa \u00e9 de mais de 100 mil visitantes, movimentando o turismo e a economia da regi\u00e3o. A entrada \u00e9 gratuita.<\/p>\n<p><strong>Servi\u00e7o<\/strong><br \/>\nEdcity Fantasm\u00e3o na Feira de Caxixis 2026<br \/>\n\ud83d\udcc5 Domingo, 5 de abril de 2026<br \/>\n\ud83d\udd5a A partir das 23h<br \/>\n\ud83d\udccd Centro de Nazar\u00e9 das Farinhas \u2014 Rec\u00f4ncavo Baiano, BA<br \/>\n\ud83c\udf9f\ufe0f Entrada gratuita<br \/>\n\ud83c\udfb5 &#8220;Faveliando&#8221; (com Malafaia): https:\/\/onerpm.link\/Edcity_Fantasmao_Faveliando<\/p>\n","protected":false},"excerpt":{"rendered":"<p>Edcity Fantasm\u00e3o se apresenta na Feira de Caxixis 2026 neste domingo, 5 de abril, em Nazar\u00e9 das Farinhas. Show gratuito com o novo single &#8220;Faveliando&#8221; e 20 anos de sucessos do pagode baiano.<\/p>\n","protected":false},"author":1,"featured_media":2458,"template":"","meta":{"colormag_page_container_layout":"default_layout","colormag_page_sidebar_layout":"default_layout","_tribe_events_status":"","_tribe_events_status_reason":"","footnotes":""},"tags":[739,1232,1142,754,1230],"tribe_events_cat":[104],"class_list":["post-2455","tribe_events","type-tribe_events","status-publish","has-post-thumbnail","hentry","tag-edcity-fantasmao","tag-feira-de-caxixis","tag-nazare-das-farinhas","tag-pagode-baiano","tag-semana-santa","tribe_events_cat-festa-popular","cat_festa-popular"],"_links":{"self":[{"href":"https:\/\/boracultura.com.br\/index.php\/wp-json\/wp\/v2\/tribe_events\/2455","targetHints":{"allow":["GET"]}}],"collection":[{"href":"https:\/\/boracultura.com.br\/index.php\/wp-json\/wp\/v2\/tribe_events"}],"about":[{"href":"https:\/\/boracultura.com.br\/index.php\/wp-json\/wp\/v2\/types\/tribe_events"}],"author":[{"embeddable":true,"href":"https:\/\/boracultura.com.br\/index.php\/wp-json\/wp\/v2\/users\/1"}],"version-history":[{"count":1,"href":"https:\/\/boracultura.com.br\/index.php\/wp-json\/wp\/v2\/tribe_events\/2455\/revisions"}],"predecessor-version":[{"id":2459,"href":"https:\/\/boracultura.com.br\/index.php\/wp-json\/wp\/v2\/tribe_events\/2455\/revisions\/2459"}],"wp:featuredmedia":[{"embeddable":true,"href":"https:\/\/boracultura.com.br\/index.php\/wp-json\/wp\/v2\/media\/2458"}],"wp:attachment":[{"href":"https:\/\/boracultura.com.br\/index.php\/wp-json\/wp\/v2\/media?parent=2455"}],"wp:term":[{"taxonomy":"post_tag","embeddable":true,"href":"https:\/\/boracultura.com.br\/index.php\/wp-json\/wp\/v2\/tags?post=2455"},{"taxonomy":"tribe_events_cat","embeddable":true,"href":"https:\/\/boracultura.com.br\/index.php\/wp-json\/wp\/v2\/tribe_events_cat?post=2455"}],"curies":[{"name":"wp","href":"https:\/\/api.w.org\/{rel}","templated":true}]}}

<p>Abril começa agitado para Edcity Fantasmão. O artista e sua banda estão confirmados na Feira de Caxixis 2026, um dos eventos mais tradicionais do Recôncavo Baiano, neste domingo, 5 de abril, a partir das 23h, no palco montado no centro de Nazaré das Farinhas.</p>
<p>O show chega em boa hora: Edcity acaba de lançar &#8220;Faveliando&#8221;, single com participação do cantor e compositor Malafaia. Com uma batida envolvente e letra que celebra a criatividade e o orgulho de quem constrói cultura nas quebradas, a faixa já está disponível nas plataformas digitais (https://onerpm.link/Edcity_Fantasmao_Faveliando). A novidade deve ganhar vida no palco ao lado dos grandes sucessos dos 20 anos de trajetória do Fantasmão — prometendo uma noite de pagode baiano de ponta a ponta.<br />
No mesmo dia, também sobem ao palco Filhos de Jorge, Edson Gomes e Vitor Fernandes, completando uma programação de peso para encerrar a feira com estilo.</p>
<p>Consolidada como a maior feira de cerâmica e artesanato ao ar livre da América Latina, a Feira de Caxixis tem mais de 200 anos de história e nasceu da comercialização de miniaturas de barro vindas de Maragogipinho. A edição 2026 acontece entre os dias 2 e 5 de abril, durante a Semana Santa, e reúne artesanato, Feira Afro Bahia, gastronomia, oficinas, apresentações culturais e grandes shows. A expectativa é de mais de 100 mil visitantes, movimentando o turismo e a economia da região. A entrada é gratuita.</p>
<p><strong>Serviço</strong><br />
Edcity Fantasmão na Feira de Caxixis 2026<br />
📅 Domingo, 5 de abril de 2026<br />
🕚 A partir das 23h<br />
📍 Centro de Nazaré das Farinhas — Recôncavo Baiano, BA<br />
🎟️ Entrada gratuita<br />
🎵 &#8220;Faveliando&#8221; (com Malafaia): https://onerpm.link/Edcity_Fantasmao_Faveliando</p>

<p>Edcity Fantasmão se apresenta na Feira de Caxixis 2026 neste domingo, 5 de abril, em Nazaré das Farinhas. Show gratuito com o novo single &#8220;Faveliando&#8221; e 20 anos de sucessos do pagode baiano.</p>
