{"id":2872,"date":"2026-04-20T22:37:54","date_gmt":"2026-04-21T01:37:54","guid":{"rendered":"https:\/\/boracultura.com.br\/?post_type=tribe_events&#038;p=2872"},"modified":"2026-04-20T22:37:54","modified_gmt":"2026-04-21T01:37:54","slug":"tributo-a-bob-dylan","status":"publish","type":"tribe_events","link":"https:\/\/boracultura.com.br\/index.php\/evento\/tributo-a-bob-dylan\/","title":{"rendered":"Tributo a Bob Dylan"},"content":{"rendered":"<p>Show tributo a Bob Dylan acontece em Salvador neste s\u00e1bado (25)<\/p>\n<p>O cantor, compositor e gaitista,\u00a0Brenoski\u00a0Libertae\u00a0\u00a0(<a href=\"https:\/\/www.instagram.com\/brenoski.libertae\/\" target=\"_blank\" rel=\"noopener noreferrer\">@brenoski.libertae<\/a>)\u00a0apresenta, no dia\u00a025 de abril, \u00e0s\u00a020h30,\u00a0o espet\u00e1culo\u00a0&#8220;Hey, Mr. Dylan&#8221;, na\u00a0Varanda do Sesi Rio Vermelho, em Salvador. Em formato ac\u00fastico, o show \u00e9 estruturado em\u00a0voz, gaita, viol\u00e3o, guitarra e baixo, e prop\u00f5e um mergulho sens\u00edvel na obra de\u00a0Bob Dylan, articulando can\u00e7\u00f5es emblem\u00e1ticas e faixas menos difundidas do repert\u00f3rio do artista norte-americano. Os ingressos est\u00e3o \u00e0 venda no\u00a0<a href=\"https:\/\/www.sympla.com.br\/evento\/hey-mr-dylan\/3357917?algoliaID=dfe098645056d10edba84f6a82818ba0\" target=\"_blank\" rel=\"noopener noreferrer\">sympla<\/a><\/p>\n<p>A proposta parte de uma escuta atenta e valoriza arranjos enxutos, conduzindo o p\u00fablico por uma travessia est\u00e9tica e narrativa que evidencia diferentes dimens\u00f5es da obra de Dylan, do coment\u00e1rio social \u00e0 l\u00edrica afetiva. Mais do que um tributo convencional, o projeto estabelece um\u00a0di\u00e1logo contempor\u00e2neo\u00a0com esse legado, apostando em uma interpreta\u00e7\u00e3o\u00a0autoral e intimista.<\/p>\n<p>A apresenta\u00e7\u00e3o conta ainda com a participa\u00e7\u00e3o especial de\u00a0Marcelo Gross, guitarrista e fundador da banda\u00a0Cachorro Grande, reconhecido por sua trajet\u00f3ria no rock brasileiro e pela assinatura marcante de suas sonoridades.<\/p>\n<p>Reconhecido como\u00a0um dos nomes mais influentes da m\u00fasica popular contempor\u00e2nea, Bob Dylan impactou gera\u00e7\u00f5es de compositores no Brasil e no mundo. A releitura proposta por\u00a0Brenoski\u00a0inclui tamb\u00e9m a vers\u00e3o em portugu\u00eas de\u00a0&#8220;One More Cup of Coffee&#8221;, criada especialmente para o projeto.<\/p>\n<p>O show marca um momento importante na trajet\u00f3ria de\u00a0Brenoski\u00a0Libertae, que consolida uma transi\u00e7\u00e3o significativa de carreira. Conhecido como um dos principais gaitistas da cena de Salvador, o artista amplia sua atua\u00e7\u00e3o como cantor, compositor e int\u00e9rprete autoral.<\/p>\n<p>Ap\u00f3s o lan\u00e7amento do \u00e1lbum\u00a0<em>In Vitro<\/em>\u00a0(2025), o artista segue em uma fase em que seu trabalho art\u00edstico se expande, combinando blues, country e can\u00e7\u00e3o brasileira em uma abordagem contempor\u00e2nea. Projetos como &#8220;Hey, Mr. Dylan&#8221; surgem como desdobramento dessa maturidade, conectando suas refer\u00eancias musicais a uma constru\u00e7\u00e3o autoral da sua identidade art\u00edstica.<\/p>\n<p>Servi\u00e7o:<\/p>\n<p>Show: Hey, Mr. Dylan \u2013 Tributo a Bob Dylan<br \/>\nArtista:\u00a0Brenoski\u00a0Libertae<br \/>\nParticipa\u00e7\u00e3o especial: Marcelo Gross<br \/>\nData: 25 de abril<br \/>\nHor\u00e1rio: 20h30<br \/>\nLocal: Varanda do Sesi Rio Vermelho \u2013 Salvador\/BA<br \/>\nIngressos:\u00a0<a href=\"https:\/\/www.sympla.com.br\/evento\/hey-mr-dylan\/3357917?algoliaID=dfe098645056d10edba84f6a82818ba0\" target=\"_blank\" rel=\"noopener noreferrer\">sympla<\/a><br \/>\nValor: R$ 50<\/p>\n<p>Acompanhe em:<strong><br \/>\n<\/strong>Instagram:\u00a0<a href=\"https:\/\/www.instagram.com\/brenoski.libertae\/\" target=\"_blank\" rel=\"noopener noreferrer\">@brenoski.libertae<\/a><br \/>\nSpotify: <a href=\"https:\/\/open.spotify.com\/intl-pt\/artist\/6Kv3PCjhj1ZcAEu4o7Bzhj\" target=\"_blank\" rel=\"noopener noreferrer\">Brenoski\u00a0Libertae<\/a><br \/>\nYoutube: \/<a href=\"https:\/\/www.youtube.com\/@BrenoskiLibertae\" target=\"_blank\" rel=\"noopener noreferrer\">@BrenoskiLibertae<\/a><\/p>\n<p>Sobre Brenoski Libertae<br \/>\nBrenoski\u00a0Libertae\u00a0atua na cena soteropolitana de blues e m\u00fasica alternativa desde 2006, sendo conhecido como ex\u00edmio gaitista. Com uma trajet\u00f3ria que cruza o blues, o rock alternativo e o country, ao longo de sua carreira o artista integrou as bandas Pr\u00edncipe Cansado, H3O Harm\u00f4nica Trio, Zona Harm\u00f4nica e Muddy Town, al\u00e9m de participar ativamente dos projetos Papo de Gaita, idealizado pelo gaitista Luiz Rocha, e M\u00fasica no Porto, atuando junto \u00e0 banda Doug e os Estrangeiros.<\/p>\n<p>Ex-baixista da banda de metal Gridlock nos anos 1990, migrou para a gaita influenciado por nomes como Little Walter, Lee Oskar e Hugo D\u00edaz, desenvolvendo um estilo pr\u00f3prio \u2014 mel\u00f3dico, en\u00e9rgico e profundamente expressivo. Participou de festivais como o Agosto do Blues (Cachoeira) e foi finalista do\u00a0Festival de M\u00fasica Educadora FM em 2019\u00a0com a m\u00fasica,\u00a0&#8220;Tangerine Girl&#8221;. No mesmo ano lan\u00e7ou o \u00e1lbum autointitulado\u00a0Brenoski\u00a0Libertae,\u00a0com um repert\u00f3rio instrumental ecl\u00e9tico que passeia por diferentes estilos (western, country, rock&#8217;a&#8217;billy, gypsy jazz, etc.). O \u00e1lbum reflete a bagagem acumulada pelo artista em palcos e projetos em que atuou como gaitista na cena local de Salvador.<\/p>\n<p>Em 2025,\u00a0Brenoski\u00a0lan\u00e7a\u00a0&#8220;In Vitro&#8221;, seu primeiro disco autoral, em que se apresenta tamb\u00e9m como letrista e cantor, mergulhando em um blues contempor\u00e2neo com forte carga po\u00e9tica e existencial. A obra reflete sua viv\u00eancia musical h\u00edbrida, transitando entre Bob Dylan, Raul Seixas e o country americano. O disco convida o ouvinte \u00e0 experimenta\u00e7\u00e3o, com tem\u00e1ticas reflexivas atuais, provocadoras, sem moralismo, mas com intensidade e autenticidade.<\/p>\n","protected":false},"excerpt":{"rendered":"<p>Brenoski Libertae apresenta tributo ac\u00fastico a Bob Dylan neste s\u00e1bado (25), na Varanda do Sesi Rio Vermelho, em Salvador, com participa\u00e7\u00e3o de Marcelo Gross.<\/p>\n","protected":false},"author":1,"featured_media":2873,"template":"","meta":{"colormag_page_container_layout":"default_layout","colormag_page_sidebar_layout":"default_layout","_tribe_events_status":"","_tribe_events_status_reason":"","footnotes":""},"tags":[317,1574,1572,1573,734,1575,653,1459,1400],"tribe_events_cat":[97],"class_list":["post-2872","tribe_events","type-tribe_events","status-publish","has-post-thumbnail","hentry","tag-agenda-cultural-salvador","tag-blues-salvador","tag-bob-dylan","tag-brenoski-libertae","tag-musica-ao-vivo-salvador","tag-rock-salvador","tag-sesi-rio-vermelho","tag-show-em-salvador","tag-tributo-musical","tribe_events_cat-musica","cat_musica"],"_links":{"self":[{"href":"https:\/\/boracultura.com.br\/index.php\/wp-json\/wp\/v2\/tribe_events\/2872","targetHints":{"allow":["GET"]}}],"collection":[{"href":"https:\/\/boracultura.com.br\/index.php\/wp-json\/wp\/v2\/tribe_events"}],"about":[{"href":"https:\/\/boracultura.com.br\/index.php\/wp-json\/wp\/v2\/types\/tribe_events"}],"author":[{"embeddable":true,"href":"https:\/\/boracultura.com.br\/index.php\/wp-json\/wp\/v2\/users\/1"}],"version-history":[{"count":1,"href":"https:\/\/boracultura.com.br\/index.php\/wp-json\/wp\/v2\/tribe_events\/2872\/revisions"}],"predecessor-version":[{"id":2874,"href":"https:\/\/boracultura.com.br\/index.php\/wp-json\/wp\/v2\/tribe_events\/2872\/revisions\/2874"}],"wp:featuredmedia":[{"embeddable":true,"href":"https:\/\/boracultura.com.br\/index.php\/wp-json\/wp\/v2\/media\/2873"}],"wp:attachment":[{"href":"https:\/\/boracultura.com.br\/index.php\/wp-json\/wp\/v2\/media?parent=2872"}],"wp:term":[{"taxonomy":"post_tag","embeddable":true,"href":"https:\/\/boracultura.com.br\/index.php\/wp-json\/wp\/v2\/tags?post=2872"},{"taxonomy":"tribe_events_cat","embeddable":true,"href":"https:\/\/boracultura.com.br\/index.php\/wp-json\/wp\/v2\/tribe_events_cat?post=2872"}],"curies":[{"name":"wp","href":"https:\/\/api.w.org\/{rel}","templated":true}]}}

<p>Show tributo a Bob Dylan acontece em Salvador neste sábado (25)</p>
<p>O cantor, compositor e gaitista, Brenoski Libertae  (<a href="https://www.instagram.com/brenoski.libertae/" target="_blank" rel="noopener noreferrer">@brenoski.libertae</a>) apresenta, no dia 25 de abril, às 20h30, o espetáculo &#8220;Hey, Mr. Dylan&#8221;, na Varanda do Sesi Rio Vermelho, em Salvador. Em formato acústico, o show é estruturado em voz, gaita, violão, guitarra e baixo, e propõe um mergulho sensível na obra de Bob Dylan, articulando canções emblemáticas e faixas menos difundidas do repertório do artista norte-americano. Os ingressos estão à venda no <a href="https://www.sympla.com.br/evento/hey-mr-dylan/3357917?algoliaID=dfe098645056d10edba84f6a82818ba0" target="_blank" rel="noopener noreferrer">sympla</a></p>
<p>A proposta parte de uma escuta atenta e valoriza arranjos enxutos, conduzindo o público por uma travessia estética e narrativa que evidencia diferentes dimensões da obra de Dylan, do comentário social à lírica afetiva. Mais do que um tributo convencional, o projeto estabelece um diálogo contemporâneo com esse legado, apostando em uma interpretação autoral e intimista.</p>
<p>A apresentação conta ainda com a participação especial de Marcelo Gross, guitarrista e fundador da banda Cachorro Grande, reconhecido por sua trajetória no rock brasileiro e pela assinatura marcante de suas sonoridades.</p>
<p>Reconhecido como um dos nomes mais influentes da música popular contemporânea, Bob Dylan impactou gerações de compositores no Brasil e no mundo. A releitura proposta por Brenoski inclui também a versão em português de &#8220;One More Cup of Coffee&#8221;, criada especialmente para o projeto.</p>
<p>O show marca um momento importante na trajetória de Brenoski Libertae, que consolida uma transição significativa de carreira. Conhecido como um dos principais gaitistas da cena de Salvador, o artista amplia sua atuação como cantor, compositor e intérprete autoral.</p>
<p>Após o lançamento do álbum <em>In Vitro</em> (2025), o artista segue em uma fase em que seu trabalho artístico se expande, combinando blues, country e canção brasileira em uma abordagem contemporânea. Projetos como &#8220;Hey, Mr. Dylan&#8221; surgem como desdobramento dessa maturidade, conectando suas referências musicais a uma construção autoral da sua identidade artística.</p>
<p>Serviço:</p>
<p>Show: Hey, Mr. Dylan – Tributo a Bob Dylan<br />
Artista: Brenoski Libertae<br />
Participação especial: Marcelo Gross<br />
Data: 25 de abril<br />
Horário: 20h30<br />
Local: Varanda do Sesi Rio Vermelho – Salvador/BA<br />
Ingressos: <a href="https://www.sympla.com.br/evento/hey-mr-dylan/3357917?algoliaID=dfe098645056d10edba84f6a82818ba0" target="_blank" rel="noopener noreferrer">sympla</a><br />
Valor: R$ 50</p>
<p>Acompanhe em:<strong><br />
</strong>Instagram: <a href="https://www.instagram.com/brenoski.libertae/" target="_blank" rel="noopener noreferrer">@brenoski.libertae</a><br />
Spotify: <a href="https://open.spotify.com/intl-pt/artist/6Kv3PCjhj1ZcAEu4o7Bzhj" target="_blank" rel="noopener noreferrer">Brenoski Libertae</a><br />
Youtube: /<a href="https://www.youtube.com/@BrenoskiLibertae" target="_blank" rel="noopener noreferrer">@BrenoskiLibertae</a></p>
<p>Sobre Brenoski Libertae<br />
Brenoski Libertae atua na cena soteropolitana de blues e música alternativa desde 2006, sendo conhecido como exímio gaitista. Com uma trajetória que cruza o blues, o rock alternativo e o country, ao longo de sua carreira o artista integrou as bandas Príncipe Cansado, H3O Harmônica Trio, Zona Harmônica e Muddy Town, além de participar ativamente dos projetos Papo de Gaita, idealizado pelo gaitista Luiz Rocha, e Música no Porto, atuando junto à banda Doug e os Estrangeiros.</p>
<p>Ex-baixista da banda de metal Gridlock nos anos 1990, migrou para a gaita influenciado por nomes como Little Walter, Lee Oskar e Hugo Díaz, desenvolvendo um estilo próprio — melódico, enérgico e profundamente expressivo. Participou de festivais como o Agosto do Blues (Cachoeira) e foi finalista do Festival de Música Educadora FM em 2019 com a música, &#8220;Tangerine Girl&#8221;. No mesmo ano lançou o álbum autointitulado Brenoski Libertae, com um repertório instrumental eclético que passeia por diferentes estilos (western, country, rock&#8217;a&#8217;billy, gypsy jazz, etc.). O álbum reflete a bagagem acumulada pelo artista em palcos e projetos em que atuou como gaitista na cena local de Salvador.</p>
<p>Em 2025, Brenoski lança &#8220;In Vitro&#8221;, seu primeiro disco autoral, em que se apresenta também como letrista e cantor, mergulhando em um blues contemporâneo com forte carga poética e existencial. A obra reflete sua vivência musical híbrida, transitando entre Bob Dylan, Raul Seixas e o country americano. O disco convida o ouvinte à experimentação, com temáticas reflexivas atuais, provocadoras, sem moralismo, mas com intensidade e autenticidade.</p>

<p>Brenoski Libertae apresenta tributo acústico a Bob Dylan neste sábado (25), na Varanda do Sesi Rio Vermelho, em Salvador, com participação de Marcelo Gross.</p>
