{"id":2885,"date":"2026-04-21T21:05:45","date_gmt":"2026-04-22T00:05:45","guid":{"rendered":"https:\/\/boracultura.com.br\/?post_type=tribe_events&#038;p=2885"},"modified":"2026-04-21T21:51:42","modified_gmt":"2026-04-22T00:51:42","slug":"iuna-falcao-apresenta-turne-umami-em-salvador","status":"publish","type":"tribe_events","link":"https:\/\/boracultura.com.br\/index.php\/evento\/iuna-falcao-apresenta-turne-umami-em-salvador\/","title":{"rendered":"Iuna Falc\u00e3o apresenta turn\u00ea UMAMI em Salvador"},"content":{"rendered":"<p dir=\"ltr\">Iuna Falc\u00e3o estreia turn\u00ea &#8216;UMAMI&#8217; em Salvador e marca nova fase na carreira<\/p>\n<p dir=\"ltr\">Em maio, a multiartista maranhense d\u00e1 in\u00edcio \u00e0 turn\u00ea do seu \u00faltimo disco, marcando uma nova fase em sua trajet\u00f3ria art\u00edstica. O projeto j\u00e1 tem datas confirmadas em Salvador, S\u00e3o Paulo e Rio de Janeiro.<\/p>\n<p dir=\"ltr\">A artista maranhense Iuna Falc\u00e3o estreia a turn\u00ea UMAMI no pr\u00f3ximo dia 9 de maio, em Salvador, com apresenta\u00e7\u00e3o no Colabora\u00ea, a partir das 21h. Com ingressos a partir de R$ 15,00, dispon\u00edveis na Sympla, o show marca o in\u00edcio de uma nova fase da artista e prop\u00f5e uma experi\u00eancia sonora imersiva. A noite ser\u00e1 conduzida pelos DJs Ra\u00edz e Pureza, respons\u00e1veis pela abertura e encerramento, e ganha ainda mais for\u00e7a com a participa\u00e7\u00e3o especial de C\u00e9lia Sampaio, um dos nomes mais consistentes da cena musical contempor\u00e2nea.<\/p>\n<p dir=\"ltr\">Natural de S\u00e3o Lu\u00eds do Maranh\u00e3o, territ\u00f3rio que integra a regi\u00e3o identit\u00e1ria da Amaz\u00f4nia Legal, <a href=\"https:\/\/www.instagram.com\/iunafalcao\/\" target=\"_blank\" rel=\"noopener noreferrer\">Iuna Falc\u00e3o<\/a> constr\u00f3i sua trajet\u00f3ria a partir de uma rela\u00e7\u00e3o com o universo percussivo maranhense, misturando elementos com sua nova casa, a Bahia. E ser\u00e1 essa fus\u00e3o que ela levar\u00e1 para sua nova turn\u00ea.<\/p>\n<p dir=\"ltr\">O show de estreia acontece no Colabora\u00ea, em Salvador, seguindo para S\u00e3o Paulo, no Por\u00e3o da Casa de Francisca, no dia 13 de maio. A artista tamb\u00e9m integra a programa\u00e7\u00e3o no Rio2C, no Rio de Janeiro, no dia 26 de maio. Em breve, novas datas ser\u00e3o anunciadas.<\/p>\n<p dir=\"ltr\">Em <a href=\"https:\/\/atbq.biz\/umami\" target=\"_blank\" rel=\"noopener noreferrer\">UMAMI<\/a>, seu \u00faltimo disco, a artista volta seu olhar para outro pilar da cultura maranhense: o reggae e a tradi\u00e7\u00e3o das radiolas. O projeto apresenta uma sonoridade marcada por graves intensos, texturas densas e ambi\u00eancias sensoriais, criando uma atmosfera que dialoga com a noite e com os afetos presentes na cultura popular de S\u00e3o Lu\u00eds.<\/p>\n<p dir=\"ltr\">Misturando refer\u00eancias do Maranh\u00e3o e da Bahia, sua obra incorpora elementos do jazz, da MPB, da m\u00fasica eletr\u00f4nica e da black music, criando uma sonoridade pr\u00f3pria, marcada por camadas r\u00edtmicas e sensoriais.<\/p>\n<p dir=\"ltr\">A turn\u00ea traduz esses encontros para o palco e incorpora participa\u00e7\u00f5es especiais em cada cidade: em Salvador, a noite conta com DJ Raiz e Pureza, com participa\u00e7\u00e3o de C\u00e9lia Sampaio, grande refer\u00eancia do reggae nacional. J\u00e1 em S\u00e3o Paulo, Iuna recebe N\u00fabia, uma das principais expoentes da nova gera\u00e7\u00e3o do reggae maranhense \/ feat &#8220;Cora\u00e7\u00e3o Mel\u00e3o&#8221;, m\u00fasica mais ouvida de UMAMI, no Por\u00e3o da Casa de Francisca; no Rio de Janeiro, passa pelo Rio2C.<\/p>\n<p dir=\"ltr\">A circula\u00e7\u00e3o refor\u00e7a a presen\u00e7a de Iuna em diferentes contextos da m\u00fasica brasileira contempor\u00e2nea. A artista j\u00e1 passou por palcos como Bona Casa de M\u00fasica (SP), Formemus (ES), Festival Se Rasgum (PA), Festival Frequ\u00eancias Preciosas (BA), Porto Musical (PE) e Festival da Virada de Salvador (BA).<\/p>\n<p dir=\"ltr\"><a href=\"https:\/\/atbq.biz\/umami\" target=\"_blank\" rel=\"noopener noreferrer\">OU\u00c7A &#8216;UMAMI&#8217; AQUI!<\/a><\/p>\n<p dir=\"ltr\">SERVI\u00c7OS<br \/>\nColabora\u00ea \u2013 Salvador, BA<br \/>\nData: 09 de maio<br \/>\nEndere\u00e7o: Rua Borges dos Reis, 81 &#8211; Rio Vermelho, Salvador<br \/>\nHor\u00e1rio: 21h<br \/>\nValor: a partir de R$ 15,00<br \/>\nIngressos: <a href=\"https:\/\/www.sympla.com.br\/evento\/iuna-falcao-na-colaborae\/3387476\" target=\"_blank\" rel=\"noopener noreferrer\">https:\/\/www.sympla.com.br\/evento\/iuna-falcao-na-colaborae\/3387476<\/a><br \/>\nAbertura e encerramento: DJ Ra\u00edz e Pureza<br \/>\nParticipa\u00e7\u00e3o especial: C\u00e9lia Sampaio<\/p>\n<p dir=\"ltr\"><span class=\"a_GcMg font-feature-liga-off font-feature-clig-off font-feature-calt-off text-decoration-none text-strikethrough-none\">Foto: Meneson concei\u00e7\u00e3o<\/span><\/p>\n","protected":false},"excerpt":{"rendered":"<p>Iuna Falc\u00e3o apresenta a turn\u00ea UMAMI em Salvador, dia 9 de maio, no Colabora\u00ea, com show imersivo e participa\u00e7\u00e3o de C\u00e9lia Sampaio.<\/p>\n","protected":false},"author":1,"featured_media":2887,"template":"","meta":{"colormag_page_container_layout":"default_layout","colormag_page_sidebar_layout":"default_layout","_tribe_events_status":"","_tribe_events_status_reason":"","footnotes":""},"tags":[317,1587,1585,1581,1589,1584,1588,1583,1586,1582],"tribe_events_cat":[97],"class_list":["post-2885","tribe_events","type-tribe_events","status-publish","has-post-thumbnail","hentry","tag-agenda-cultural-salvador","tag-cena-musical-baiana","tag-colaborae-salvador","tag-iuna-falcao","tag-musica-brasileira-contemporanea","tag-musica-independente-salvador","tag-reggae-maranhense","tag-show-iuna-falcao-salvador","tag-shows-em-salvador-maio","tag-umami-turne","tribe_events_cat-musica","cat_musica"],"_links":{"self":[{"href":"https:\/\/boracultura.com.br\/index.php\/wp-json\/wp\/v2\/tribe_events\/2885","targetHints":{"allow":["GET"]}}],"collection":[{"href":"https:\/\/boracultura.com.br\/index.php\/wp-json\/wp\/v2\/tribe_events"}],"about":[{"href":"https:\/\/boracultura.com.br\/index.php\/wp-json\/wp\/v2\/types\/tribe_events"}],"author":[{"embeddable":true,"href":"https:\/\/boracultura.com.br\/index.php\/wp-json\/wp\/v2\/users\/1"}],"version-history":[{"count":3,"href":"https:\/\/boracultura.com.br\/index.php\/wp-json\/wp\/v2\/tribe_events\/2885\/revisions"}],"predecessor-version":[{"id":2890,"href":"https:\/\/boracultura.com.br\/index.php\/wp-json\/wp\/v2\/tribe_events\/2885\/revisions\/2890"}],"wp:featuredmedia":[{"embeddable":true,"href":"https:\/\/boracultura.com.br\/index.php\/wp-json\/wp\/v2\/media\/2887"}],"wp:attachment":[{"href":"https:\/\/boracultura.com.br\/index.php\/wp-json\/wp\/v2\/media?parent=2885"}],"wp:term":[{"taxonomy":"post_tag","embeddable":true,"href":"https:\/\/boracultura.com.br\/index.php\/wp-json\/wp\/v2\/tags?post=2885"},{"taxonomy":"tribe_events_cat","embeddable":true,"href":"https:\/\/boracultura.com.br\/index.php\/wp-json\/wp\/v2\/tribe_events_cat?post=2885"}],"curies":[{"name":"wp","href":"https:\/\/api.w.org\/{rel}","templated":true}]}}

Iuna Falcão apresenta turnê UMAMI em Salvador

<p dir="ltr">Iuna Falcão estreia turnê &#8216;UMAMI&#8217; em Salvador e marca nova fase na carreira</p>
<p dir="ltr">Em maio, a multiartista maranhense dá início à turnê do seu último disco, marcando uma nova fase em sua trajetória artística. O projeto já tem datas confirmadas em Salvador, São Paulo e Rio de Janeiro.</p>
<p dir="ltr">A artista maranhense Iuna Falcão estreia a turnê UMAMI no próximo dia 9 de maio, em Salvador, com apresentação no Colaboraê, a partir das 21h. Com ingressos a partir de R$ 15,00, disponíveis na Sympla, o show marca o início de uma nova fase da artista e propõe uma experiência sonora imersiva. A noite será conduzida pelos DJs Raíz e Pureza, responsáveis pela abertura e encerramento, e ganha ainda mais força com a participação especial de Célia Sampaio, um dos nomes mais consistentes da cena musical contemporânea.</p>
<p dir="ltr">Natural de São Luís do Maranhão, território que integra a região identitária da Amazônia Legal, <a href="https://www.instagram.com/iunafalcao/" target="_blank" rel="noopener noreferrer">Iuna Falcão</a> constrói sua trajetória a partir de uma relação com o universo percussivo maranhense, misturando elementos com sua nova casa, a Bahia. E será essa fusão que ela levará para sua nova turnê.</p>
<p dir="ltr">O show de estreia acontece no Colaboraê, em Salvador, seguindo para São Paulo, no Porão da Casa de Francisca, no dia 13 de maio. A artista também integra a programação no Rio2C, no Rio de Janeiro, no dia 26 de maio. Em breve, novas datas serão anunciadas.</p>
<p dir="ltr">Em <a href="https://atbq.biz/umami" target="_blank" rel="noopener noreferrer">UMAMI</a>, seu último disco, a artista volta seu olhar para outro pilar da cultura maranhense: o reggae e a tradição das radiolas. O projeto apresenta uma sonoridade marcada por graves intensos, texturas densas e ambiências sensoriais, criando uma atmosfera que dialoga com a noite e com os afetos presentes na cultura popular de São Luís.</p>
<p dir="ltr">Misturando referências do Maranhão e da Bahia, sua obra incorpora elementos do jazz, da MPB, da música eletrônica e da black music, criando uma sonoridade própria, marcada por camadas rítmicas e sensoriais.</p>
<p dir="ltr">A turnê traduz esses encontros para o palco e incorpora participações especiais em cada cidade: em Salvador, a noite conta com DJ Raiz e Pureza, com participação de Célia Sampaio, grande referência do reggae nacional. Já em São Paulo, Iuna recebe Núbia, uma das principais expoentes da nova geração do reggae maranhense / feat &#8220;Coração Melão&#8221;, música mais ouvida de UMAMI, no Porão da Casa de Francisca; no Rio de Janeiro, passa pelo Rio2C.</p>
<p dir="ltr">A circulação reforça a presença de Iuna em diferentes contextos da música brasileira contemporânea. A artista já passou por palcos como Bona Casa de Música (SP), Formemus (ES), Festival Se Rasgum (PA), Festival Frequências Preciosas (BA), Porto Musical (PE) e Festival da Virada de Salvador (BA).</p>
<p dir="ltr"><a href="https://atbq.biz/umami" target="_blank" rel="noopener noreferrer">OUÇA &#8216;UMAMI&#8217; AQUI!</a></p>
<p dir="ltr">SERVIÇOS<br />
Colaboraê – Salvador, BA<br />
Data: 09 de maio<br />
Endereço: Rua Borges dos Reis, 81 &#8211; Rio Vermelho, Salvador<br />
Horário: 21h<br />
Valor: a partir de R$ 15,00<br />
Ingressos: <a href="https://www.sympla.com.br/evento/iuna-falcao-na-colaborae/3387476" target="_blank" rel="noopener noreferrer">https://www.sympla.com.br/evento/iuna-falcao-na-colaborae/3387476</a><br />
Abertura e encerramento: DJ Raíz e Pureza<br />
Participação especial: Célia Sampaio</p>
<p dir="ltr"><span class="a_GcMg font-feature-liga-off font-feature-clig-off font-feature-calt-off text-decoration-none text-strikethrough-none">Foto: Meneson conceição</span></p>

<p>Iuna Falcão apresenta a turnê UMAMI em Salvador, dia 9 de maio, no Colaboraê, com show imersivo e participação de Célia Sampaio.</p>
