{"id":2964,"date":"2026-04-22T23:42:35","date_gmt":"2026-04-23T02:42:35","guid":{"rendered":"https:\/\/boracultura.com.br\/?post_type=tribe_events&#038;p=2964"},"modified":"2026-04-22T23:42:35","modified_gmt":"2026-04-23T02:42:35","slug":"concha-para-todos-ira","status":"publish","type":"tribe_events","link":"https:\/\/boracultura.com.br\/index.php\/evento\/concha-para-todos-ira\/","title":{"rendered":"Concha Para Todos &#8211; IRA!"},"content":{"rendered":"<p>A banda Ira! comemora 20 anos de seu famoso \u00e1lbum \u2018Ac\u00fastico MTV\u2019 na Concha Ac\u00fastica do TCA, em Salvador, em 14 de junho (domingo), \u00e0s 19h. Realizado pela Tapis Rouge e pela MG Produ\u00e7\u00f5es, o projeto promove shows a pre\u00e7os populares, a partir de R$ 45.<\/p>\n<p>Em um show revigorado, o Ira! traz todas as cl\u00e1ssicas m\u00fasicas do referido disco, como \u2018O Girassol\u2019, \u2018Eu Quero Sempre Mais\u2019 e \u2018Tarde Vazia\u2019, que alavancaram o grupo e fizeram com que a turn\u00ea rodasse o pa\u00eds ao longo de quase tr\u00eas anos. Na capital baiana, a banda ter\u00e1 Nasi (vocais), Edgard Scandurra (viol\u00e3o e vocais), Evaristo P\u00e1dua (bateria), Johnny Boy (teclados e viol\u00e3o), Daniel Scandurra (baixol\u00e3o), Jonas Moncaio (violoncelo) e Juba Carvalho (percuss\u00e3o).<\/p>\n<p>O ac\u00fastico, gravado em 2004, tomou o mercado da m\u00fasica brasileira \u00e0 \u00e9poca. Somados, CD e DVD chegaram muito pr\u00f3ximo de 1 milh\u00e3o de c\u00f3pias vendidas, e assim o projeto figurou entre os cinco mais bem-sucedidos da MTV nacional em todos os tempos. Em 2007, ap\u00f3s todo o sucesso obtido, a banda se separou e ficou longe dos palcos por sete anos. O grande retorno ocorreu em 2014, quando o grupo se recomp\u00f4s com um hist\u00f3rico show na Virada Cultural no Centro de S\u00e3o Paulo. Desde ent\u00e3o, continua levando seu p\u00fablico fiel aos quatro cantos do pa\u00eds.<\/p>\n<p><strong>Sobre o projeto<\/strong><\/p>\n<p>Idealizado e executado pela Tapis Rouge e pela MG Produ\u00e7\u00f5es, o Concha para Todos nasceu com o objetivo de restabelecer \u2014 ou fortalecer ou, ainda, criar \u2014 lac\u0327os entre a Concha Acu\u0301stica do TCA e os soteropolitanos, palco pelo qual costumam passar os maiores nomes da mu\u0301sica brasileira que ve\u0302m a Salvador e que ja\u0301 rendeu momentos inesqueci\u0301veis a milho\u0303es de pessoas ao longo de seus mais de 60 anos. Desde o in\u00edcio, o projeto j\u00e1 levou ao palco o trio Xangai, Elomar e Renato Teixeira; Lob\u00e3o; Zizi e Luiza Possi; e Marina Lima.<\/p>\n<p>Xodo\u0301 de pu\u0301blico e artistas que sa\u0303o adeptos de apresentac\u0327o\u0303es mais intimistas, a Concha se destaca por ser um espac\u0327o a ce\u0301u aberto, com singular distribuic\u0327a\u0303o da ocupac\u0327a\u0303o do espac\u0327o, sem assentos ou lugares marcados. Ale\u0301m disso, sa\u0303o caracteri\u0301sticas marcantes sua identidade jovial e sua histo\u0301rica disposic\u0327a\u0303o a\u0300 diversidade, que serve de premissa para o projeto.<\/p>\n<p><strong>Servi\u00e7o<br \/>\nConcha Para Todos &#8211; IRA!<br \/>\nQuando:<\/strong>\u00a014 de junho (domingo), \u00e0s 19h<br \/>\n<strong>Onde:<\/strong>\u00a0Concha Ac\u00fastica do Teatro Castro Alves<br \/>\n<strong>Classifica\u00e7\u00e3o indicativa: <\/strong>18 anos.<br \/>\n<strong>Vendas: <\/strong>Os ingressos para o espet\u00e1culo podem ser adquiridos na bilheteria do Teatro Castro Alves (informa\u00e7\u00f5es em\u00a0<a href=\"https:\/\/www.ba.gov.br\/tca\/bilheteria\">www.ba.gov.br\/tca\/bilheteria<\/a>) e no site da Sympla (<a href=\"http:\/\/www.sympla.com.br\/\">www.sympla.com.br<\/a>).<\/p>\n<p><em>Durante as obras do Novo TCA, o acesso \u00e0 Concha Ac\u00fastica ser\u00e1 realizado exclusivamente pela Ladeira da Fonte (acesso de baixo). O estacionamento do TCA permanece fechado, e o p\u00fablico poder\u00e1 utilizar o estacionamento da Ferreira Costa \u2013 Barris, que ter\u00e1 seu hor\u00e1rio de funcionamento estendido at\u00e9 as 22h nos dias de evento.<\/em><\/p>\n<p><em>Foto: Divulga\u00e7\u00e3o. Instagram artista<\/em><\/p>\n","protected":false},"excerpt":{"rendered":"<p>Ira! se apresenta em Salvador no dia 14 de junho, na Concha Ac\u00fastica do Teatro Castro Alves, celebrando 20 anos do \u00e1lbum \u201cAc\u00fastico MTV\u201d.<\/p>\n","protected":false},"author":1,"featured_media":2965,"template":"","meta":{"colormag_page_container_layout":"default_layout","colormag_page_sidebar_layout":"default_layout","_tribe_events_status":"","_tribe_events_status_reason":"","footnotes":""},"tags":[317,1604,1616,1650,1651,760,1612,1641,1652,1649,1617],"tribe_events_cat":[97],"class_list":["post-2964","tribe_events","type-tribe_events","status-publish","has-post-thumbnail","hentry","tag-agenda-cultural-salvador","tag-concha-acustica-tca","tag-concha-para-todos","tag-ira","tag-ira-acustico-mtv","tag-musica-brasileira","tag-programacao-salvador","tag-rock-nacional","tag-show-ira-salvador","tag-shows-em-salvador-junho","tag-shows-tca","tribe_events_cat-musica","cat_musica"],"_links":{"self":[{"href":"https:\/\/boracultura.com.br\/index.php\/wp-json\/wp\/v2\/tribe_events\/2964","targetHints":{"allow":["GET"]}}],"collection":[{"href":"https:\/\/boracultura.com.br\/index.php\/wp-json\/wp\/v2\/tribe_events"}],"about":[{"href":"https:\/\/boracultura.com.br\/index.php\/wp-json\/wp\/v2\/types\/tribe_events"}],"author":[{"embeddable":true,"href":"https:\/\/boracultura.com.br\/index.php\/wp-json\/wp\/v2\/users\/1"}],"version-history":[{"count":1,"href":"https:\/\/boracultura.com.br\/index.php\/wp-json\/wp\/v2\/tribe_events\/2964\/revisions"}],"predecessor-version":[{"id":2966,"href":"https:\/\/boracultura.com.br\/index.php\/wp-json\/wp\/v2\/tribe_events\/2964\/revisions\/2966"}],"wp:featuredmedia":[{"embeddable":true,"href":"https:\/\/boracultura.com.br\/index.php\/wp-json\/wp\/v2\/media\/2965"}],"wp:attachment":[{"href":"https:\/\/boracultura.com.br\/index.php\/wp-json\/wp\/v2\/media?parent=2964"}],"wp:term":[{"taxonomy":"post_tag","embeddable":true,"href":"https:\/\/boracultura.com.br\/index.php\/wp-json\/wp\/v2\/tags?post=2964"},{"taxonomy":"tribe_events_cat","embeddable":true,"href":"https:\/\/boracultura.com.br\/index.php\/wp-json\/wp\/v2\/tribe_events_cat?post=2964"}],"curies":[{"name":"wp","href":"https:\/\/api.w.org\/{rel}","templated":true}]}}

<p>A banda Ira! comemora 20 anos de seu famoso álbum ‘Acústico MTV’ na Concha Acústica do TCA, em Salvador, em 14 de junho (domingo), às 19h. Realizado pela Tapis Rouge e pela MG Produções, o projeto promove shows a preços populares, a partir de R$ 45.</p>
<p>Em um show revigorado, o Ira! traz todas as clássicas músicas do referido disco, como ‘O Girassol’, ‘Eu Quero Sempre Mais’ e ‘Tarde Vazia’, que alavancaram o grupo e fizeram com que a turnê rodasse o país ao longo de quase três anos. Na capital baiana, a banda terá Nasi (vocais), Edgard Scandurra (violão e vocais), Evaristo Pádua (bateria), Johnny Boy (teclados e violão), Daniel Scandurra (baixolão), Jonas Moncaio (violoncelo) e Juba Carvalho (percussão).</p>
<p>O acústico, gravado em 2004, tomou o mercado da música brasileira à época. Somados, CD e DVD chegaram muito próximo de 1 milhão de cópias vendidas, e assim o projeto figurou entre os cinco mais bem-sucedidos da MTV nacional em todos os tempos. Em 2007, após todo o sucesso obtido, a banda se separou e ficou longe dos palcos por sete anos. O grande retorno ocorreu em 2014, quando o grupo se recompôs com um histórico show na Virada Cultural no Centro de São Paulo. Desde então, continua levando seu público fiel aos quatro cantos do país.</p>
<p><strong>Sobre o projeto</strong></p>
<p>Idealizado e executado pela Tapis Rouge e pela MG Produções, o Concha para Todos nasceu com o objetivo de restabelecer — ou fortalecer ou, ainda, criar — laços entre a Concha Acústica do TCA e os soteropolitanos, palco pelo qual costumam passar os maiores nomes da música brasileira que vêm a Salvador e que já rendeu momentos inesquecíveis a milhões de pessoas ao longo de seus mais de 60 anos. Desde o início, o projeto já levou ao palco o trio Xangai, Elomar e Renato Teixeira; Lobão; Zizi e Luiza Possi; e Marina Lima.</p>
<p>Xodó de público e artistas que são adeptos de apresentações mais intimistas, a Concha se destaca por ser um espaço a céu aberto, com singular distribuição da ocupação do espaço, sem assentos ou lugares marcados. Além disso, são características marcantes sua identidade jovial e sua histórica disposição à diversidade, que serve de premissa para o projeto.</p>
<p><strong>Serviço<br />
Concha Para Todos &#8211; IRA!<br />
Quando:</strong> 14 de junho (domingo), às 19h<br />
<strong>Onde:</strong> Concha Acústica do Teatro Castro Alves<br />
<strong>Classificação indicativa: </strong>18 anos.<br />
<strong>Vendas: </strong>Os ingressos para o espetáculo podem ser adquiridos na bilheteria do Teatro Castro Alves (informações em <a href="https://www.ba.gov.br/tca/bilheteria">www.ba.gov.br/tca/bilheteria</a>) e no site da Sympla (<a href="http://www.sympla.com.br/">www.sympla.com.br</a>).</p>
<p><em>Durante as obras do Novo TCA, o acesso à Concha Acústica será realizado exclusivamente pela Ladeira da Fonte (acesso de baixo). O estacionamento do TCA permanece fechado, e o público poderá utilizar o estacionamento da Ferreira Costa – Barris, que terá seu horário de funcionamento estendido até as 22h nos dias de evento.</em></p>
<p><em>Foto: Divulgação. Instagram artista</em></p>

<p>Ira! se apresenta em Salvador no dia 14 de junho, na Concha Acústica do Teatro Castro Alves, celebrando 20 anos do álbum “Acústico MTV”.</p>
