{"id":2998,"date":"2026-04-23T17:50:16","date_gmt":"2026-04-23T20:50:16","guid":{"rendered":"https:\/\/boracultura.com.br\/?post_type=tribe_events&#038;p=2998"},"modified":"2026-04-23T17:50:16","modified_gmt":"2026-04-23T20:50:16","slug":"exposicao-no-mam","status":"publish","type":"tribe_events","link":"https:\/\/boracultura.com.br\/index.php\/evento\/exposicao-no-mam\/","title":{"rendered":"Exposi\u00e7\u00e3o no MAM"},"content":{"rendered":"<p>Originalmente concebida para a C\u00fapula do G20 no Rio de Janeiro, a exposi\u00e7\u00e3o re\u00fane cerca de 80 obras que tra\u00e7am um panorama plural da produ\u00e7\u00e3o art\u00edstica nacional dos s\u00e9culos 20 e 21. Al\u00e9m dos fot\u00f3grafos baianos, os visitantes podem contemplar trabalhos originais de mestres como\u00a0<strong>Anita Malfatti, Candido Portinari, Di Cavalcanti, Tomie Ohtake e H\u00e9lio Oiticica<\/strong>, al\u00e9m de nomes contempor\u00e2neos como\u00a0<strong>Adriana Varej\u00e3o<\/strong>. A curadoria de Raquel Barreto e Pablo Lafuente organiza as pe\u00e7as de forma cronol\u00f3gica, permitindo que o p\u00fablico visualize as rupturas, experimenta\u00e7\u00f5es e as diversas formas como a arte brasileira interpreta as tens\u00f5es sociais e culturais do mundo.<\/p>\n<p>Esta itiner\u00e2ncia, realizada em colabora\u00e7\u00e3o com o Centro Cultural Banco do Brasil, refor\u00e7a o di\u00e1logo entre institui\u00e7\u00f5es e democratiza o acesso a pe\u00e7as que raramente circulam fora do eixo carioca. Localizado no Solar do Unh\u00e3o, o MAM-BA oferece o cen\u00e1rio perfeito para este mergulho na hist\u00f3ria visual do Brasil, proporcionando aos soteropolitanos e turistas uma oportunidade rara de ver de perto obras que moldaram o imagin\u00e1rio art\u00edstico de sucessivas gera\u00e7\u00f5es.<\/p>\n<p><strong>Servi\u00e7o:<\/strong><br \/>\n<strong>Exposi\u00e7\u00e3o:<\/strong>\u00a0Uma hist\u00f3ria da arte brasileira<br \/>\n<strong>Visita\u00e7\u00e3o:<\/strong>\u00a0At\u00e9 28 de junho de 2026<br \/>\n<strong>Hor\u00e1rio:<\/strong>\u00a0Ter\u00e7a a domingo, das 10h \u00e0s 18h<br \/>\n<strong>Local:<\/strong>\u00a0Museu de Arte Moderna da Bahia (MAM-BA) \u2013 Av. Lafayete Coutinho, s\/n, Com\u00e9rcio<br \/>\n<strong>Entrada:<\/strong>\u00a0Gratuita<br \/>\n<strong>Informa\u00e7\u00f5es:<\/strong>\u00a0http:\/\/www.mam.ba.gov.br\/<\/p>\n<p>Foto: TEIXEIRA, Evandro. Cavalaria na Candel\u00e1ria, 1968. Cole\u00e7\u00e3o Joaquim Paiva<\/p>\n","protected":false},"excerpt":{"rendered":"<p>\u200bVisite a exposi\u00e7\u00e3o &#8220;Uma hist\u00f3ria da arte brasileira&#8221; no MAM-BA. Com obras fundamentais de Mario Cravo Neto, Evandro Teixeira e grandes nomes do acervo do MAM Rio, a mostra gratuita percorre o modernismo e a arte contempor\u00e2nea.<\/p>\n","protected":false},"author":1,"featured_media":2981,"template":"","meta":{"colormag_page_container_layout":"default_layout","colormag_page_sidebar_layout":"default_layout","_tribe_events_status":"","_tribe_events_status_reason":"","footnotes":""},"tags":[1694,1696,1693,346,1695,1690,1692,1689,1687,1686,1330,1697,1688,1691],"tribe_events_cat":[891],"class_list":["post-2998","tribe_events","type-tribe_events","status-publish","has-post-thumbnail","hentry","tag-anita-malfatti","tag-arte-contemporanea-brasileira","tag-candido-portinari","tag-cultura-salvador","tag-evandro-teixeira","tag-exposicao-salvador-2026","tag-helio-oiticica","tag-mam-bahia","tag-mam-rio-acervo","tag-mario-cravo-neto","tag-modernismo-brasileiro","tag-museu-de-arte-moderna-da-bahia","tag-museu-de-arte-moderna-salvador","tag-uma-historia-da-arte-brasileira","tribe_events_cat-exposicao","cat_exposicao"],"_links":{"self":[{"href":"https:\/\/boracultura.com.br\/index.php\/wp-json\/wp\/v2\/tribe_events\/2998","targetHints":{"allow":["GET"]}}],"collection":[{"href":"https:\/\/boracultura.com.br\/index.php\/wp-json\/wp\/v2\/tribe_events"}],"about":[{"href":"https:\/\/boracultura.com.br\/index.php\/wp-json\/wp\/v2\/types\/tribe_events"}],"author":[{"embeddable":true,"href":"https:\/\/boracultura.com.br\/index.php\/wp-json\/wp\/v2\/users\/1"}],"version-history":[{"count":1,"href":"https:\/\/boracultura.com.br\/index.php\/wp-json\/wp\/v2\/tribe_events\/2998\/revisions"}],"predecessor-version":[{"id":2999,"href":"https:\/\/boracultura.com.br\/index.php\/wp-json\/wp\/v2\/tribe_events\/2998\/revisions\/2999"}],"wp:featuredmedia":[{"embeddable":true,"href":"https:\/\/boracultura.com.br\/index.php\/wp-json\/wp\/v2\/media\/2981"}],"wp:attachment":[{"href":"https:\/\/boracultura.com.br\/index.php\/wp-json\/wp\/v2\/media?parent=2998"}],"wp:term":[{"taxonomy":"post_tag","embeddable":true,"href":"https:\/\/boracultura.com.br\/index.php\/wp-json\/wp\/v2\/tags?post=2998"},{"taxonomy":"tribe_events_cat","embeddable":true,"href":"https:\/\/boracultura.com.br\/index.php\/wp-json\/wp\/v2\/tribe_events_cat?post=2998"}],"curies":[{"name":"wp","href":"https:\/\/api.w.org\/{rel}","templated":true}]}}

Exposição no MAM

<p>Originalmente concebida para a Cúpula do G20 no Rio de Janeiro, a exposição reúne cerca de 80 obras que traçam um panorama plural da produção artística nacional dos séculos 20 e 21. Além dos fotógrafos baianos, os visitantes podem contemplar trabalhos originais de mestres como <strong>Anita Malfatti, Candido Portinari, Di Cavalcanti, Tomie Ohtake e Hélio Oiticica</strong>, além de nomes contemporâneos como <strong>Adriana Varejão</strong>. A curadoria de Raquel Barreto e Pablo Lafuente organiza as peças de forma cronológica, permitindo que o público visualize as rupturas, experimentações e as diversas formas como a arte brasileira interpreta as tensões sociais e culturais do mundo.</p>
<p>Esta itinerância, realizada em colaboração com o Centro Cultural Banco do Brasil, reforça o diálogo entre instituições e democratiza o acesso a peças que raramente circulam fora do eixo carioca. Localizado no Solar do Unhão, o MAM-BA oferece o cenário perfeito para este mergulho na história visual do Brasil, proporcionando aos soteropolitanos e turistas uma oportunidade rara de ver de perto obras que moldaram o imaginário artístico de sucessivas gerações.</p>
<p><strong>Serviço:</strong><br />
<strong>Exposição:</strong> Uma história da arte brasileira<br />
<strong>Visitação:</strong> Até 28 de junho de 2026<br />
<strong>Horário:</strong> Terça a domingo, das 10h às 18h<br />
<strong>Local:</strong> Museu de Arte Moderna da Bahia (MAM-BA) – Av. Lafayete Coutinho, s/n, Comércio<br />
<strong>Entrada:</strong> Gratuita<br />
<strong>Informações:</strong> http://www.mam.ba.gov.br/</p>
<p>Foto: TEIXEIRA, Evandro. Cavalaria na Candelária, 1968. Coleção Joaquim Paiva</p>

<p>​Visite a exposição &#8220;Uma história da arte brasileira&#8221; no MAM-BA. Com obras fundamentais de Mario Cravo Neto, Evandro Teixeira e grandes nomes do acervo do MAM Rio, a mostra gratuita percorre o modernismo e a arte contemporânea.</p>
