{"id":3015,"date":"2026-04-24T08:05:53","date_gmt":"2026-04-24T11:05:53","guid":{"rendered":"https:\/\/boracultura.com.br\/?post_type=tribe_events&#038;p=3015"},"modified":"2026-04-24T08:05:53","modified_gmt":"2026-04-24T11:05:53","slug":"bando-de-teatro-olodum","status":"publish","type":"tribe_events","link":"https:\/\/boracultura.com.br\/index.php\/evento\/bando-de-teatro-olodum\/","title":{"rendered":"Bando de Teatro Olodum"},"content":{"rendered":"<p>Bando de Teatro Olodum apresenta espet\u00e1culo gratuito na CAIXA Cultural Salvador<\/p>\n<p>A CAIXA Cultural Salvador ser\u00e1 palco de uma apresenta\u00e7\u00e3o especial do <strong>Bando de Teatro Olodum<\/strong> no dia <strong>25 de abril<\/strong>, \u00e0s 17h. O espet\u00e1culo marca o encerramento da <strong>Oficina Performance Negra<\/strong>, projeto que, desde janeiro, promoveu a forma\u00e7\u00e3o art\u00edstica focada no protagonismo e na identidade afro-brasileira.<\/p>\n<p>O p\u00fablico poder\u00e1 conferir o resultado de quatro meses de experimenta\u00e7\u00f5es c\u00eanicas baseadas na metodologia do Bando, que articula teatro, dan\u00e7a, m\u00fasica e mem\u00f3ria. A performance \u00e9 fruto de um processo de cria\u00e7\u00e3o coletiva que utiliza o corpo e a ancestralidade como ferramentas narrativas fundamentais.<\/p>\n<p>Fundado em 1990, o Bando de Teatro Olodum \u00e9 uma das companhias mais emblem\u00e1ticas do Brasil, dedicada \u00e0 amplia\u00e7\u00e3o da presen\u00e7a negra nas artes c\u00eanicas e ao desenvolvimento de uma linguagem teatral fundamentada nas matrizes africanas.<\/p>\n<p><strong>SERVI\u00c7O<\/strong><br \/>\nEvento: Apresenta\u00e7\u00e3o Performance Negra \u2013 Oficina do Bando de Teatro Olodum<br \/>\nLocal: CAIXA Cultural Salvador &#8211; Rua Carlos Gomes, 57, Centro<br \/>\nData: 25 de abril (s\u00e1bado)<br \/>\nHor\u00e1rio: 17h (entrada por ordem de chegada a partir das 16h)<br \/>\nClassifica\u00e7\u00e3o: Livre<br \/>\nEntrada: Gratuita (sujeita \u00e0 lota\u00e7\u00e3o do espa\u00e7o)<\/p>\n<p><i>(Foto: Black Rec)<\/i><\/p>\n","protected":false},"excerpt":{"rendered":"<p>Confira a performance negra do Bando de Teatro Olodum na CAIXA Cultural Salvador em 25 de abril. Evento gratuito encerra oficina de forma\u00e7\u00e3o art\u00edstica.<\/p>\n","protected":false},"author":1,"featured_media":3016,"template":"","meta":{"colormag_page_container_layout":"default_layout","colormag_page_sidebar_layout":"default_layout","_tribe_events_status":"","_tribe_events_status_reason":"","footnotes":""},"tags":[1287,1743,163,455,905,1745,1744,446],"tribe_events_cat":[96],"class_list":["post-3015","tribe_events","type-tribe_events","status-publish","has-post-thumbnail","hentry","tag-artes-cenicas","tag-bando-de-teatro-olodum","tag-caixa-cultural-salvador","tag-cultura-em-salvador","tag-evento-gratuito","tag-oficina-de-teatro","tag-performance-negra","tag-teatro-negro","tribe_events_cat-teatro","cat_teatro"],"_links":{"self":[{"href":"https:\/\/boracultura.com.br\/index.php\/wp-json\/wp\/v2\/tribe_events\/3015","targetHints":{"allow":["GET"]}}],"collection":[{"href":"https:\/\/boracultura.com.br\/index.php\/wp-json\/wp\/v2\/tribe_events"}],"about":[{"href":"https:\/\/boracultura.com.br\/index.php\/wp-json\/wp\/v2\/types\/tribe_events"}],"author":[{"embeddable":true,"href":"https:\/\/boracultura.com.br\/index.php\/wp-json\/wp\/v2\/users\/1"}],"version-history":[{"count":1,"href":"https:\/\/boracultura.com.br\/index.php\/wp-json\/wp\/v2\/tribe_events\/3015\/revisions"}],"predecessor-version":[{"id":3017,"href":"https:\/\/boracultura.com.br\/index.php\/wp-json\/wp\/v2\/tribe_events\/3015\/revisions\/3017"}],"wp:featuredmedia":[{"embeddable":true,"href":"https:\/\/boracultura.com.br\/index.php\/wp-json\/wp\/v2\/media\/3016"}],"wp:attachment":[{"href":"https:\/\/boracultura.com.br\/index.php\/wp-json\/wp\/v2\/media?parent=3015"}],"wp:term":[{"taxonomy":"post_tag","embeddable":true,"href":"https:\/\/boracultura.com.br\/index.php\/wp-json\/wp\/v2\/tags?post=3015"},{"taxonomy":"tribe_events_cat","embeddable":true,"href":"https:\/\/boracultura.com.br\/index.php\/wp-json\/wp\/v2\/tribe_events_cat?post=3015"}],"curies":[{"name":"wp","href":"https:\/\/api.w.org\/{rel}","templated":true}]}}

<p>Bando de Teatro Olodum apresenta espetáculo gratuito na CAIXA Cultural Salvador</p>
<p>A CAIXA Cultural Salvador será palco de uma apresentação especial do <strong>Bando de Teatro Olodum</strong> no dia <strong>25 de abril</strong>, às 17h. O espetáculo marca o encerramento da <strong>Oficina Performance Negra</strong>, projeto que, desde janeiro, promoveu a formação artística focada no protagonismo e na identidade afro-brasileira.</p>
<p>O público poderá conferir o resultado de quatro meses de experimentações cênicas baseadas na metodologia do Bando, que articula teatro, dança, música e memória. A performance é fruto de um processo de criação coletiva que utiliza o corpo e a ancestralidade como ferramentas narrativas fundamentais.</p>
<p>Fundado em 1990, o Bando de Teatro Olodum é uma das companhias mais emblemáticas do Brasil, dedicada à ampliação da presença negra nas artes cênicas e ao desenvolvimento de uma linguagem teatral fundamentada nas matrizes africanas.</p>
<p><strong>SERVIÇO</strong><br />
Evento: Apresentação Performance Negra – Oficina do Bando de Teatro Olodum<br />
Local: CAIXA Cultural Salvador &#8211; Rua Carlos Gomes, 57, Centro<br />
Data: 25 de abril (sábado)<br />
Horário: 17h (entrada por ordem de chegada a partir das 16h)<br />
Classificação: Livre<br />
Entrada: Gratuita (sujeita à lotação do espaço)</p>
<p><i>(Foto: Black Rec)</i></p>

<p>Confira a performance negra do Bando de Teatro Olodum na CAIXA Cultural Salvador em 25 de abril. Evento gratuito encerra oficina de formação artística.</p>
