{"id":3018,"date":"2026-04-24T08:17:23","date_gmt":"2026-04-24T11:17:23","guid":{"rendered":"https:\/\/boracultura.com.br\/?post_type=tribe_events&#038;p=3018"},"modified":"2026-04-24T08:17:23","modified_gmt":"2026-04-24T11:17:23","slug":"festival-fica-gamboa","status":"publish","type":"tribe_events","link":"https:\/\/boracultura.com.br\/index.php\/evento\/festival-fica-gamboa\/","title":{"rendered":"Festival Fica Gamboa"},"content":{"rendered":"<p>Festival Fica Gamboa traz Lazzo Matumbi, Ger\u00f4nimo e teatro em seu segundo final de semana.<\/p>\n<p>O Teatro Gamboa continua com a programa\u00e7\u00e3o intensa do Festival de Artes e (Re)exist\u00eancias, parte da mobiliza\u00e7\u00e3o &#8220;Fica Gamboa&#8221;, que visa arrecadar fundos para a compra da sede do espa\u00e7o. Entre esta quinta-feira (23) e domingo (26), o p\u00fablico poder\u00e1 conferir nomes de peso da m\u00fasica baiana, espet\u00e1culos teatrais e artes visuais.<\/p>\n<p>A agenda come\u00e7a com o Grupo Barlavento, apresentando a tradi\u00e7\u00e3o do samba de roda. Na sexta-feira, o ator F\u00e1bio Vidal encena &#8220;Sebasti\u00e3o&#8221;, pe\u00e7a baseada em um caso real de um avi\u00e3o saqueado em Maracangalha. O final de semana reserva grandes encontros musicais: no s\u00e1bado, o dueto de voz e viol\u00e3o de Lazzo Matumbi e M\u00e1rio Ulloa (com ingressos presenciais j\u00e1 esgotados) e, no domingo, o show ac\u00fastico do mestre Ger\u00f4nimo. Al\u00e9m das apresenta\u00e7\u00f5es, o p\u00fablico pode conferir a instala\u00e7\u00e3o &#8220;Contemporaneidade Pl\u00e1stica &#8211; Ode ao Descart\u00e1vel&#8221;, do artista Mateus Dantas, na galeria do teatro.<\/p>\n<p><strong>SERVI\u00c7O<\/strong><br \/>\nEvento: Festival de Artes e (Re)exist\u00eancias \u2013 Fica Gamboa<br \/>\nLocal: Teatro Gamboa e Plataforma Virtual<br \/>\n<strong>Programa\u00e7\u00e3o:<\/strong><br \/>\n23\/04 (19h): Grupo Barlavento (Samba de Roda)<br \/>\n24\/04 (19h): Espet\u00e1culo &#8220;Sebasti\u00e3o&#8221;, com F\u00e1bio Vidal<br \/>\n25\/04 (17h): Lazzo Matumbi e M\u00e1rio Ulloa (Cordas e Voz)<br \/>\n26\/04 (17h): Ger\u00f4nimo Ac\u00fastico<\/p>\n<p>Ingressos Presenciais: R$ 50 (inteira) \/ R$ 25 (meia)<br \/>\nIngressos Virtuais: R$ 15<\/p>\n<p>Vendas: No local ou pelo site do Teatro Gamboa (https:\/\/www.teatrogamboa.com.br)<\/p>\n<p>Foto: Barlavento &#8211; Edivalma Santana<\/p>\n","protected":false},"excerpt":{"rendered":"<p>Confira a programa\u00e7\u00e3o do segundo final de semana do Festival Fica Gamboa com Lazzo Matumbi, Ger\u00f4nimo, Grupo Barlavento e teatro. Ajude a manter o Teatro Gamboa.<\/p>\n","protected":false},"author":1,"featured_media":3019,"template":"","meta":{"colormag_page_container_layout":"default_layout","colormag_page_sidebar_layout":"default_layout","_tribe_events_status":"","_tribe_events_status_reason":"","footnotes":""},"tags":[22,555,239,1746,1456,1263,342,89,316,1747],"tribe_events_cat":[152],"class_list":["post-3018","tribe_events","type-tribe_events","status-publish","has-post-thumbnail","hentry","tag-cultura-bahia","tag-eventos-em-salvador","tag-fica-gamboa","tag-geronimo","tag-lazzo-matumbi","tag-mateus-dantas","tag-musica-baiana","tag-salvador","tag-teatro-gamboa","tag-teatro-sebastiao","tribe_events_cat-eventos","cat_eventos"],"_links":{"self":[{"href":"https:\/\/boracultura.com.br\/index.php\/wp-json\/wp\/v2\/tribe_events\/3018","targetHints":{"allow":["GET"]}}],"collection":[{"href":"https:\/\/boracultura.com.br\/index.php\/wp-json\/wp\/v2\/tribe_events"}],"about":[{"href":"https:\/\/boracultura.com.br\/index.php\/wp-json\/wp\/v2\/types\/tribe_events"}],"author":[{"embeddable":true,"href":"https:\/\/boracultura.com.br\/index.php\/wp-json\/wp\/v2\/users\/1"}],"version-history":[{"count":1,"href":"https:\/\/boracultura.com.br\/index.php\/wp-json\/wp\/v2\/tribe_events\/3018\/revisions"}],"predecessor-version":[{"id":3020,"href":"https:\/\/boracultura.com.br\/index.php\/wp-json\/wp\/v2\/tribe_events\/3018\/revisions\/3020"}],"wp:featuredmedia":[{"embeddable":true,"href":"https:\/\/boracultura.com.br\/index.php\/wp-json\/wp\/v2\/media\/3019"}],"wp:attachment":[{"href":"https:\/\/boracultura.com.br\/index.php\/wp-json\/wp\/v2\/media?parent=3018"}],"wp:term":[{"taxonomy":"post_tag","embeddable":true,"href":"https:\/\/boracultura.com.br\/index.php\/wp-json\/wp\/v2\/tags?post=3018"},{"taxonomy":"tribe_events_cat","embeddable":true,"href":"https:\/\/boracultura.com.br\/index.php\/wp-json\/wp\/v2\/tribe_events_cat?post=3018"}],"curies":[{"name":"wp","href":"https:\/\/api.w.org\/{rel}","templated":true}]}}

<p>Festival Fica Gamboa traz Lazzo Matumbi, Gerônimo e teatro em seu segundo final de semana.</p>
<p>O Teatro Gamboa continua com a programação intensa do Festival de Artes e (Re)existências, parte da mobilização &#8220;Fica Gamboa&#8221;, que visa arrecadar fundos para a compra da sede do espaço. Entre esta quinta-feira (23) e domingo (26), o público poderá conferir nomes de peso da música baiana, espetáculos teatrais e artes visuais.</p>
<p>A agenda começa com o Grupo Barlavento, apresentando a tradição do samba de roda. Na sexta-feira, o ator Fábio Vidal encena &#8220;Sebastião&#8221;, peça baseada em um caso real de um avião saqueado em Maracangalha. O final de semana reserva grandes encontros musicais: no sábado, o dueto de voz e violão de Lazzo Matumbi e Mário Ulloa (com ingressos presenciais já esgotados) e, no domingo, o show acústico do mestre Gerônimo. Além das apresentações, o público pode conferir a instalação &#8220;Contemporaneidade Plástica &#8211; Ode ao Descartável&#8221;, do artista Mateus Dantas, na galeria do teatro.</p>
<p><strong>SERVIÇO</strong><br />
Evento: Festival de Artes e (Re)existências – Fica Gamboa<br />
Local: Teatro Gamboa e Plataforma Virtual<br />
<strong>Programação:</strong><br />
23/04 (19h): Grupo Barlavento (Samba de Roda)<br />
24/04 (19h): Espetáculo &#8220;Sebastião&#8221;, com Fábio Vidal<br />
25/04 (17h): Lazzo Matumbi e Mário Ulloa (Cordas e Voz)<br />
26/04 (17h): Gerônimo Acústico</p>
<p>Ingressos Presenciais: R$ 50 (inteira) / R$ 25 (meia)<br />
Ingressos Virtuais: R$ 15</p>
<p>Vendas: No local ou pelo site do Teatro Gamboa (https://www.teatrogamboa.com.br)</p>
<p>Foto: Barlavento &#8211; Edivalma Santana</p>

<p>Confira a programação do segundo final de semana do Festival Fica Gamboa com Lazzo Matumbi, Gerônimo, Grupo Barlavento e teatro. Ajude a manter o Teatro Gamboa.</p>
