{"id":3021,"date":"2026-04-24T08:29:07","date_gmt":"2026-04-24T11:29:07","guid":{"rendered":"https:\/\/boracultura.com.br\/?post_type=tribe_events&#038;p=3021"},"modified":"2026-04-24T08:33:38","modified_gmt":"2026-04-24T11:33:38","slug":"show-cidade-negra","status":"publish","type":"tribe_events","link":"https:\/\/boracultura.com.br\/index.php\/evento\/show-cidade-negra\/","title":{"rendered":"Show: Cidade Negra"},"content":{"rendered":"<p><strong>Cidade Negra regressa a Salvador com concerto especial na Arena A TARDE.<\/strong><\/p>\n<p>A mais bem-sucedida banda de reggae do Brasil, o Cidade Negra, est\u00e1 de volta \u00e0 capital baiana para um espet\u00e1culo hist\u00f3rico. O concerto acontece neste s\u00e1bado, 25 de abril, na Arena A TARDE, marcando a turn\u00ea &#8220;De Agora em Diante&#8221;. Este \u00e9 o primeiro show do grupo em Salvador desde o retorno de Toni Garrido, que se une novamente a Bino Farias para celebrar mais de tr\u00eas d\u00e9cadas de carreira.<\/p>\n<p>O repert\u00f3rio promete um equil\u00edbrio perfeito entre nostalgia e renova\u00e7\u00e3o. Cl\u00e1ssicos que atravessaram gera\u00e7\u00f5es, como &#8220;Firmamento&#8221;, &#8220;Onde Voc\u00ea Mora&#8221; e &#8220;A Sombra da Maldade&#8221;, ser\u00e3o apresentados ao lado de m\u00fasicas in\u00e9ditas e novas releituras. Um dos grandes destaques da noite ser\u00e1 a celebra\u00e7\u00e3o dos 30 anos do \u00e1lbum &#8220;Sobre Todas as For\u00e7as&#8221;, trabalho que consolidou a banda no cen\u00e1rio nacional.<\/p>\n<p>A noite ter\u00e1 ainda um significado especial com a abertura de Nabiyah Be, filha do lend\u00e1rio Jimmy Cliff. Nascida em Salvador, a artista regressa \u00e0 cidade ap\u00f3s mais de uma d\u00e9cada para apresentar o \u00e1lbum &#8220;O que o sol quer&#8221;, unindo influ\u00eancias de reggae, soul e pop, al\u00e9m de prestar um tributo ao legado do pai.<\/p>\n<p><strong>SERVI\u00c7O<\/strong><br \/>\nEvento: Cidade Negra \u2013 Turn\u00ea De Agora em Diante<br \/>\nShow de abertura: Nabiyah Be<br \/>\nLocal: Arena A TARDE \u2013 Rua Professor Milton Cayres de Brito, 204, Caminho das \u00c1rvores<br \/>\nData: 25 de abril (s\u00e1bado)<br \/>\nHor\u00e1rio: 18h<br \/>\nIngressos: Entre R$ 120 e R$ 320<br \/>\nVendas: Eventim (online) e Balc\u00e3o Ingressos Bahia (Shopping Barra)<\/p>\n<p>Foto: Divulga\u00e7\u00e3o.<\/p>\n","protected":false},"excerpt":{"rendered":"<p>Banda Cidade Negra regressa a Salvador com Toni Garrido para concerto na Arena A TARDE. Saiba tudo sobre o espet\u00e1culo que ter\u00e1 abertura de Nabiyah Be.<\/p>\n","protected":false},"author":1,"featured_media":3022,"template":"","meta":{"colormag_page_container_layout":"default_layout","colormag_page_sidebar_layout":"default_layout","_tribe_events_status":"","_tribe_events_status_reason":"","footnotes":""},"tags":[1222,1748,1751,1446,463,1750,1704,89,1749],"tribe_events_cat":[97],"class_list":["post-3021","tribe_events","type-tribe_events","status-publish","has-post-thumbnail","hentry","tag-arena-a-tarde","tag-cidade-negra","tag-concerto-salvador","tag-eventos-salvador","tag-musica-na-bahia","tag-nabiyah-be","tag-reggae-brasil","tag-salvador","tag-toni-garrido","tribe_events_cat-musica","cat_musica"],"_links":{"self":[{"href":"https:\/\/boracultura.com.br\/index.php\/wp-json\/wp\/v2\/tribe_events\/3021","targetHints":{"allow":["GET"]}}],"collection":[{"href":"https:\/\/boracultura.com.br\/index.php\/wp-json\/wp\/v2\/tribe_events"}],"about":[{"href":"https:\/\/boracultura.com.br\/index.php\/wp-json\/wp\/v2\/types\/tribe_events"}],"author":[{"embeddable":true,"href":"https:\/\/boracultura.com.br\/index.php\/wp-json\/wp\/v2\/users\/1"}],"version-history":[{"count":3,"href":"https:\/\/boracultura.com.br\/index.php\/wp-json\/wp\/v2\/tribe_events\/3021\/revisions"}],"predecessor-version":[{"id":3026,"href":"https:\/\/boracultura.com.br\/index.php\/wp-json\/wp\/v2\/tribe_events\/3021\/revisions\/3026"}],"wp:featuredmedia":[{"embeddable":true,"href":"https:\/\/boracultura.com.br\/index.php\/wp-json\/wp\/v2\/media\/3022"}],"wp:attachment":[{"href":"https:\/\/boracultura.com.br\/index.php\/wp-json\/wp\/v2\/media?parent=3021"}],"wp:term":[{"taxonomy":"post_tag","embeddable":true,"href":"https:\/\/boracultura.com.br\/index.php\/wp-json\/wp\/v2\/tags?post=3021"},{"taxonomy":"tribe_events_cat","embeddable":true,"href":"https:\/\/boracultura.com.br\/index.php\/wp-json\/wp\/v2\/tribe_events_cat?post=3021"}],"curies":[{"name":"wp","href":"https:\/\/api.w.org\/{rel}","templated":true}]}}

<p><strong>Cidade Negra regressa a Salvador com concerto especial na Arena A TARDE.</strong></p>
<p>A mais bem-sucedida banda de reggae do Brasil, o Cidade Negra, está de volta à capital baiana para um espetáculo histórico. O concerto acontece neste sábado, 25 de abril, na Arena A TARDE, marcando a turnê &#8220;De Agora em Diante&#8221;. Este é o primeiro show do grupo em Salvador desde o retorno de Toni Garrido, que se une novamente a Bino Farias para celebrar mais de três décadas de carreira.</p>
<p>O repertório promete um equilíbrio perfeito entre nostalgia e renovação. Clássicos que atravessaram gerações, como &#8220;Firmamento&#8221;, &#8220;Onde Você Mora&#8221; e &#8220;A Sombra da Maldade&#8221;, serão apresentados ao lado de músicas inéditas e novas releituras. Um dos grandes destaques da noite será a celebração dos 30 anos do álbum &#8220;Sobre Todas as Forças&#8221;, trabalho que consolidou a banda no cenário nacional.</p>
<p>A noite terá ainda um significado especial com a abertura de Nabiyah Be, filha do lendário Jimmy Cliff. Nascida em Salvador, a artista regressa à cidade após mais de uma década para apresentar o álbum &#8220;O que o sol quer&#8221;, unindo influências de reggae, soul e pop, além de prestar um tributo ao legado do pai.</p>
<p><strong>SERVIÇO</strong><br />
Evento: Cidade Negra – Turnê De Agora em Diante<br />
Show de abertura: Nabiyah Be<br />
Local: Arena A TARDE – Rua Professor Milton Cayres de Brito, 204, Caminho das Árvores<br />
Data: 25 de abril (sábado)<br />
Horário: 18h<br />
Ingressos: Entre R$ 120 e R$ 320<br />
Vendas: Eventim (online) e Balcão Ingressos Bahia (Shopping Barra)</p>
<p>Foto: Divulgação.</p>

<p>Banda Cidade Negra regressa a Salvador com Toni Garrido para concerto na Arena A TARDE. Saiba tudo sobre o espetáculo que terá abertura de Nabiyah Be.</p>
