{"id":3024,"date":"2026-04-24T08:42:34","date_gmt":"2026-04-24T11:42:34","guid":{"rendered":"https:\/\/boracultura.com.br\/?post_type=tribe_events&#038;p=3024"},"modified":"2026-04-24T08:42:34","modified_gmt":"2026-04-24T11:42:34","slug":"show-djavan","status":"publish","type":"tribe_events","link":"https:\/\/boracultura.com.br\/index.php\/evento\/show-djavan\/","title":{"rendered":"Show: Djavan"},"content":{"rendered":"<p><strong>Djavan celebra 50 anos de carreira com turn\u00ea de sucessos em est\u00e1dios e arenas<br \/>\n<\/strong><br \/>\nUm dos maiores \u00edcones da m\u00fasica popular brasileira, Djavan, comemora cinco d\u00e9cadas de trajet\u00f3ria art\u00edstica com a turn\u00ea &#8220;Djavanear 50 anos. S\u00f3 Sucessos&#8221;. O espet\u00e1culo, que revisita sua discografia desde o lan\u00e7amento de seu primeiro \u00e1lbum em 1976, percorrer\u00e1 as principais capitais do pa\u00eds a partir de 9 de maio de 2026, com estreia confirmada no Allianz Parque, em S\u00e3o Paulo.<\/p>\n<p>O repert\u00f3rio foi pensado para emocionar os f\u00e3s, reunindo pelo menos 25 grandes hits que marcaram gera\u00e7\u00f5es, como &#8220;Sina&#8221;, &#8220;Oceano&#8221;, &#8220;Flor de Lis&#8221; e &#8220;Eu Te Devoro&#8221;. Al\u00e9m de S\u00e3o Paulo, a turn\u00ea j\u00e1 confirmou passagens por Salvador, Macei\u00f3, Rio de Janeiro, Belo Horizonte, entre outras cidades. A dire\u00e7\u00e3o art\u00edstica leva a assinatura de Gringo Cardia, prometendo uma experi\u00eancia visual e sonora \u00e0 altura do legado do artista alagoano.<\/p>\n<p><strong>SERVI\u00c7O<\/strong><\/p>\n<p><b>Show: <\/b>23\/05\/2026 (s\u00e1bado)<br \/>\n<b>Abertura dos port\u00f5es:\u00a0<\/b>17h<br \/>\n<b>Hor\u00e1rio do show:\u00a0<\/b>21h<br \/>\n<b>Local:\u00a0<\/b>Casa de Apostas Arena Fonte Nova<br \/>\n<b>Endere\u00e7o:\u00a0<\/b>Ladeira da Fonte das Pedras, s\/n &#8211; Nazar\u00e9, Salvador\/BA, 40050-565<br \/>\n<b>Classifica\u00e7\u00e3o:<\/b>\u00a016 anos. Menores de 05 a 15 anos, apenas acompanhados dos pais ou respons\u00e1veis legais. *Sujeito a altera\u00e7\u00e3o por Decis\u00e3o Judicial.<\/p>\n<p><b><u>Bilheteria Oficial \u2013 sem taxa de servi\u00e7o<\/u><\/b><\/p>\n<p><b>Local:<\/b>\u00a0Loja SED \u2013 SEDLMAYER<br \/>\nShopping Ponto 7 \u2013 Rua Vereador Maltez Leone, 138, Loja 06 \u2013 Pituba, Salvador\/BA \u2013 41830-125<br \/>\n&#8211; Ter\u00e7a a s\u00e1bado: das 10h \u00e0s 17h<\/p>\n","protected":false},"excerpt":{"rendered":"<p>Confira os detalhes da turn\u00ea Djavanear 50 anos. S\u00f3 Sucessos. Cantor percorre est\u00e1dios do Brasil com hits como Oceano e Sina a partir de maio de 2026.<\/p>\n","protected":false},"author":1,"featured_media":3027,"template":"","meta":{"colormag_page_container_layout":"default_layout","colormag_page_sidebar_layout":"default_layout","_tribe_events_status":"","_tribe_events_status_reason":"","footnotes":""},"tags":[1756,1752,1753,1757,1127,1754,989,1755],"tribe_events_cat":[152],"class_list":["post-3024","tribe_events","type-tribe_events","status-publish","has-post-thumbnail","hentry","tag-allianz-parque","tag-djavan","tag-djavanear-50-anos","tag-live-nation-brasil","tag-mpb","tag-musica-popular-brasileira","tag-shows-no-brasil","tag-turne-djavan-2026","tribe_events_cat-eventos","cat_eventos"],"_links":{"self":[{"href":"https:\/\/boracultura.com.br\/index.php\/wp-json\/wp\/v2\/tribe_events\/3024","targetHints":{"allow":["GET"]}}],"collection":[{"href":"https:\/\/boracultura.com.br\/index.php\/wp-json\/wp\/v2\/tribe_events"}],"about":[{"href":"https:\/\/boracultura.com.br\/index.php\/wp-json\/wp\/v2\/types\/tribe_events"}],"author":[{"embeddable":true,"href":"https:\/\/boracultura.com.br\/index.php\/wp-json\/wp\/v2\/users\/1"}],"version-history":[{"count":1,"href":"https:\/\/boracultura.com.br\/index.php\/wp-json\/wp\/v2\/tribe_events\/3024\/revisions"}],"predecessor-version":[{"id":3028,"href":"https:\/\/boracultura.com.br\/index.php\/wp-json\/wp\/v2\/tribe_events\/3024\/revisions\/3028"}],"wp:featuredmedia":[{"embeddable":true,"href":"https:\/\/boracultura.com.br\/index.php\/wp-json\/wp\/v2\/media\/3027"}],"wp:attachment":[{"href":"https:\/\/boracultura.com.br\/index.php\/wp-json\/wp\/v2\/media?parent=3024"}],"wp:term":[{"taxonomy":"post_tag","embeddable":true,"href":"https:\/\/boracultura.com.br\/index.php\/wp-json\/wp\/v2\/tags?post=3024"},{"taxonomy":"tribe_events_cat","embeddable":true,"href":"https:\/\/boracultura.com.br\/index.php\/wp-json\/wp\/v2\/tribe_events_cat?post=3024"}],"curies":[{"name":"wp","href":"https:\/\/api.w.org\/{rel}","templated":true}]}}

<p><strong>Djavan celebra 50 anos de carreira com turnê de sucessos em estádios e arenas<br />
</strong><br />
Um dos maiores ícones da música popular brasileira, Djavan, comemora cinco décadas de trajetória artística com a turnê &#8220;Djavanear 50 anos. Só Sucessos&#8221;. O espetáculo, que revisita sua discografia desde o lançamento de seu primeiro álbum em 1976, percorrerá as principais capitais do país a partir de 9 de maio de 2026, com estreia confirmada no Allianz Parque, em São Paulo.</p>
<p>O repertório foi pensado para emocionar os fãs, reunindo pelo menos 25 grandes hits que marcaram gerações, como &#8220;Sina&#8221;, &#8220;Oceano&#8221;, &#8220;Flor de Lis&#8221; e &#8220;Eu Te Devoro&#8221;. Além de São Paulo, a turnê já confirmou passagens por Salvador, Maceió, Rio de Janeiro, Belo Horizonte, entre outras cidades. A direção artística leva a assinatura de Gringo Cardia, prometendo uma experiência visual e sonora à altura do legado do artista alagoano.</p>
<p><strong>SERVIÇO</strong></p>
<p><b>Show: </b>23/05/2026 (sábado)<br />
<b>Abertura dos portões: </b>17h<br />
<b>Horário do show: </b>21h<br />
<b>Local: </b>Casa de Apostas Arena Fonte Nova<br />
<b>Endereço: </b>Ladeira da Fonte das Pedras, s/n &#8211; Nazaré, Salvador/BA, 40050-565<br />
<b>Classificação:</b> 16 anos. Menores de 05 a 15 anos, apenas acompanhados dos pais ou responsáveis legais. *Sujeito a alteração por Decisão Judicial.</p>
<p><b><u>Bilheteria Oficial – sem taxa de serviço</u></b></p>
<p><b>Local:</b> Loja SED – SEDLMAYER<br />
Shopping Ponto 7 – Rua Vereador Maltez Leone, 138, Loja 06 – Pituba, Salvador/BA – 41830-125<br />
&#8211; Terça a sábado: das 10h às 17h</p>

<p>Confira os detalhes da turnê Djavanear 50 anos. Só Sucessos. Cantor percorre estádios do Brasil com hits como Oceano e Sina a partir de maio de 2026.</p>
