{"id":3029,"date":"2026-04-24T08:50:25","date_gmt":"2026-04-24T11:50:25","guid":{"rendered":"https:\/\/boracultura.com.br\/?post_type=tribe_events&#038;p=3029"},"modified":"2026-04-24T08:51:20","modified_gmt":"2026-04-24T11:51:20","slug":"show-gente-do-choro","status":"publish","type":"tribe_events","link":"https:\/\/boracultura.com.br\/index.php\/evento\/show-gente-do-choro\/","title":{"rendered":"Show: Gente do Choro"},"content":{"rendered":"<p><strong>Gente do Choro celebra 25 anos com show especial na Varanda do SESI Rio Vermelho<\/strong><\/p>\n<p>O grupo Gente do Choro comemora 25 anos de hist\u00f3ria com uma apresenta\u00e7\u00e3o especial no dia 27 de abril, \u00e0s 20h, na Varanda do SESI Rio Vermelho, em Salvador. O evento integra o projeto Segundas do Chorinho e marca o encerramento das atividades do seu 14\u00ba ano, celebrando uma trajet\u00f3ria que come\u00e7ou em 2001, no bairro da Liberdade.<\/p>\n<p>Fundado por Carlinhos do Bandolim e pelo saudoso Pedrinho do Pandeiro, o grupo se consolidou como uma das principais refer\u00eancias do g\u00eanero na Bahia. Com um estilo que une a tradi\u00e7\u00e3o do improviso a arranjos criativos, a forma\u00e7\u00e3o atual conta com Carlinhos do Bandolim, D\u00e9bora Guimar\u00e3es (pandeiro), Gabriela Machado (flauta) e Leonardo Barros Reis (viol\u00e3o). Al\u00e9m do show, o grupo prepara o lan\u00e7amento de um novo \u00e1lbum nas plataformas digitais para o segundo semestre de 2026.<\/p>\n<p><strong>SERVI\u00c7O<\/strong><br \/>\nEvento: Show comemorativo de 25 anos do grupo Gente do Choro<br \/>\nData: 27 de abril de 2026 (segunda-feira)<br \/>\nHor\u00e1rio: 20h<br \/>\nLocal: Varanda do SESI Rio Vermelho \u2013 Rua Borges dos Reis, 9, Rio Vermelho<br \/>\nCouvert: R$ 40,00 (individual) | R$ 70,00 (casadinha)<br \/>\nReservas (WhatsApp): (71) 9.9160-9140<\/p>\n<p>Foto: Divulga\u00e7\u00e3o<\/p>\n","protected":false},"excerpt":{"rendered":"<p>\u00a0Confira o show de 25 anos do grupo Gente do Choro na Varanda do SESI Rio Vermelho. Evento encerra temporada do projeto Segundas do Chorinho em Salvador.<\/p>\n","protected":false},"author":1,"featured_media":3030,"template":"","meta":{"colormag_page_container_layout":"default_layout","colormag_page_sidebar_layout":"default_layout","_tribe_events_status":"","_tribe_events_status_reason":"","footnotes":""},"tags":[1760,1759,346,1758,938,89,290,653],"tribe_events_cat":[97],"class_list":["post-3029","tribe_events","type-tribe_events","status-publish","has-post-thumbnail","hentry","tag-carlinhos-do-bandolim","tag-chorinho-na-bahia","tag-cultura-salvador","tag-gente-do-choro","tag-musica-instrumental","tag-salvador","tag-segundas-do-chorinho","tag-sesi-rio-vermelho","tribe_events_cat-musica","cat_musica"],"_links":{"self":[{"href":"https:\/\/boracultura.com.br\/index.php\/wp-json\/wp\/v2\/tribe_events\/3029","targetHints":{"allow":["GET"]}}],"collection":[{"href":"https:\/\/boracultura.com.br\/index.php\/wp-json\/wp\/v2\/tribe_events"}],"about":[{"href":"https:\/\/boracultura.com.br\/index.php\/wp-json\/wp\/v2\/types\/tribe_events"}],"author":[{"embeddable":true,"href":"https:\/\/boracultura.com.br\/index.php\/wp-json\/wp\/v2\/users\/1"}],"version-history":[{"count":1,"href":"https:\/\/boracultura.com.br\/index.php\/wp-json\/wp\/v2\/tribe_events\/3029\/revisions"}],"predecessor-version":[{"id":3031,"href":"https:\/\/boracultura.com.br\/index.php\/wp-json\/wp\/v2\/tribe_events\/3029\/revisions\/3031"}],"wp:featuredmedia":[{"embeddable":true,"href":"https:\/\/boracultura.com.br\/index.php\/wp-json\/wp\/v2\/media\/3030"}],"wp:attachment":[{"href":"https:\/\/boracultura.com.br\/index.php\/wp-json\/wp\/v2\/media?parent=3029"}],"wp:term":[{"taxonomy":"post_tag","embeddable":true,"href":"https:\/\/boracultura.com.br\/index.php\/wp-json\/wp\/v2\/tags?post=3029"},{"taxonomy":"tribe_events_cat","embeddable":true,"href":"https:\/\/boracultura.com.br\/index.php\/wp-json\/wp\/v2\/tribe_events_cat?post=3029"}],"curies":[{"name":"wp","href":"https:\/\/api.w.org\/{rel}","templated":true}]}}

<p><strong>Gente do Choro celebra 25 anos com show especial na Varanda do SESI Rio Vermelho</strong></p>
<p>O grupo Gente do Choro comemora 25 anos de história com uma apresentação especial no dia 27 de abril, às 20h, na Varanda do SESI Rio Vermelho, em Salvador. O evento integra o projeto Segundas do Chorinho e marca o encerramento das atividades do seu 14º ano, celebrando uma trajetória que começou em 2001, no bairro da Liberdade.</p>
<p>Fundado por Carlinhos do Bandolim e pelo saudoso Pedrinho do Pandeiro, o grupo se consolidou como uma das principais referências do gênero na Bahia. Com um estilo que une a tradição do improviso a arranjos criativos, a formação atual conta com Carlinhos do Bandolim, Débora Guimarães (pandeiro), Gabriela Machado (flauta) e Leonardo Barros Reis (violão). Além do show, o grupo prepara o lançamento de um novo álbum nas plataformas digitais para o segundo semestre de 2026.</p>
<p><strong>SERVIÇO</strong><br />
Evento: Show comemorativo de 25 anos do grupo Gente do Choro<br />
Data: 27 de abril de 2026 (segunda-feira)<br />
Horário: 20h<br />
Local: Varanda do SESI Rio Vermelho – Rua Borges dos Reis, 9, Rio Vermelho<br />
Couvert: R$ 40,00 (individual) | R$ 70,00 (casadinha)<br />
Reservas (WhatsApp): (71) 9.9160-9140</p>
<p>Foto: Divulgação</p>
