{"id":3032,"date":"2026-04-24T09:01:42","date_gmt":"2026-04-24T12:01:42","guid":{"rendered":"https:\/\/boracultura.com.br\/?post_type=tribe_events&#038;p=3032"},"modified":"2026-04-24T09:01:42","modified_gmt":"2026-04-24T12:01:42","slug":"festival-salvador-jazz","status":"publish","type":"tribe_events","link":"https:\/\/boracultura.com.br\/index.php\/evento\/festival-salvador-jazz\/","title":{"rendered":"Festival Salvador Jazz"},"content":{"rendered":"<p>Amaro Freitas traz jazz premiado internacionalmente para o Festival Salvador Jazz<\/p>\n<p>O pianista pernambucano Amaro Freitas, primeiro brasileiro a conquistar a prestigiada honraria internacional Paul Acket (2026), ser\u00e1 o headliner do Festival Salvador Jazz no dia 30 de maio. O artista traz para a capital baiana o groove marcante de seu \u00e1lbum Y&#8217;Y, eleito o Melhor \u00c1lbum do Ano pela APCA, em uma performance que transforma o piano em um territ\u00f3rio de ancestralidade e refer\u00eancias \u00e0 di\u00e1spora africana.<\/p>\n<p>Considerado uma revela\u00e7\u00e3o do jazz internacional, Amaro chega a Salvador ap\u00f3s passagens por festivais emblem\u00e1ticos como Montreux e Newport. No palco do Largo da Mariquita, ele se apresenta ao lado de Sidiel Vieira e Rodrigo Dig\u00e3o Braz, integrando uma programa\u00e7\u00e3o hist\u00f3rica que espera atrair 15 mil pessoas. Al\u00e9m de Freitas, a 7\u00aa edi\u00e7\u00e3o do festival conta com nomes como Sandra S\u00e1, A Cor do Som, Vanessa Moreno, Aguidavi do J\u00eaje, Skanibais e Grupo Garagem.<\/p>\n<p><strong>SERVI\u00c7O<\/strong><br \/>\nEvento: 7\u00aa edi\u00e7\u00e3o do Festival Salvador Jazz<br \/>\nData: De 27 a 31 de maio de 2026 (Show de Amaro Freitas em 30 de maio)<br \/>\nLocal: Largo da Mariquita, Rio Vermelho \u2013 Salvador\/BA<br \/>\nEntrada: Gratuita<br \/>\nAtra\u00e7\u00f5es confirmadas: Amaro Freitas, Sandra S\u00e1, A Cor do Som, Vanessa Moreno, Aguidavi do J\u00eaje, Skanibais e Grupo Garagem.<\/p>\n<p>Foto:\u00a0Micael Hocherman<\/p>\n","protected":false},"excerpt":{"rendered":"<p>O pianista premiado Amaro Freitas apresenta o \u00e1lbum Y&#8217;Y no Festival Salvador Jazz. Confira a programa\u00e7\u00e3o gratuita no Largo da Mariquita em maio.<\/p>\n","protected":false},"author":1,"featured_media":3033,"template":"","meta":{"colormag_page_container_layout":"default_layout","colormag_page_sidebar_layout":"default_layout","_tribe_events_status":"","_tribe_events_status_reason":"","footnotes":""},"tags":[1761,22,905,1762,1763,1765,1764,142,1766],"tribe_events_cat":[97],"class_list":["post-3032","tribe_events","type-tribe_events","status-publish","has-post-thumbnail","hentry","tag-amaro-freitas","tag-cultura-bahia","tag-evento-gratuito","tag-festival-salvador-jazz","tag-jazz-em-salvador","tag-largo-da-mariquita","tag-musica-negra","tag-rio-vermelho","tag-sandra-sa","tribe_events_cat-musica","cat_musica"],"_links":{"self":[{"href":"https:\/\/boracultura.com.br\/index.php\/wp-json\/wp\/v2\/tribe_events\/3032","targetHints":{"allow":["GET"]}}],"collection":[{"href":"https:\/\/boracultura.com.br\/index.php\/wp-json\/wp\/v2\/tribe_events"}],"about":[{"href":"https:\/\/boracultura.com.br\/index.php\/wp-json\/wp\/v2\/types\/tribe_events"}],"author":[{"embeddable":true,"href":"https:\/\/boracultura.com.br\/index.php\/wp-json\/wp\/v2\/users\/1"}],"version-history":[{"count":1,"href":"https:\/\/boracultura.com.br\/index.php\/wp-json\/wp\/v2\/tribe_events\/3032\/revisions"}],"predecessor-version":[{"id":3034,"href":"https:\/\/boracultura.com.br\/index.php\/wp-json\/wp\/v2\/tribe_events\/3032\/revisions\/3034"}],"wp:featuredmedia":[{"embeddable":true,"href":"https:\/\/boracultura.com.br\/index.php\/wp-json\/wp\/v2\/media\/3033"}],"wp:attachment":[{"href":"https:\/\/boracultura.com.br\/index.php\/wp-json\/wp\/v2\/media?parent=3032"}],"wp:term":[{"taxonomy":"post_tag","embeddable":true,"href":"https:\/\/boracultura.com.br\/index.php\/wp-json\/wp\/v2\/tags?post=3032"},{"taxonomy":"tribe_events_cat","embeddable":true,"href":"https:\/\/boracultura.com.br\/index.php\/wp-json\/wp\/v2\/tribe_events_cat?post=3032"}],"curies":[{"name":"wp","href":"https:\/\/api.w.org\/{rel}","templated":true}]}}

<p>Amaro Freitas traz jazz premiado internacionalmente para o Festival Salvador Jazz</p>
<p>O pianista pernambucano Amaro Freitas, primeiro brasileiro a conquistar a prestigiada honraria internacional Paul Acket (2026), será o headliner do Festival Salvador Jazz no dia 30 de maio. O artista traz para a capital baiana o groove marcante de seu álbum Y&#8217;Y, eleito o Melhor Álbum do Ano pela APCA, em uma performance que transforma o piano em um território de ancestralidade e referências à diáspora africana.</p>
<p>Considerado uma revelação do jazz internacional, Amaro chega a Salvador após passagens por festivais emblemáticos como Montreux e Newport. No palco do Largo da Mariquita, ele se apresenta ao lado de Sidiel Vieira e Rodrigo Digão Braz, integrando uma programação histórica que espera atrair 15 mil pessoas. Além de Freitas, a 7ª edição do festival conta com nomes como Sandra Sá, A Cor do Som, Vanessa Moreno, Aguidavi do Jêje, Skanibais e Grupo Garagem.</p>
<p><strong>SERVIÇO</strong><br />
Evento: 7ª edição do Festival Salvador Jazz<br />
Data: De 27 a 31 de maio de 2026 (Show de Amaro Freitas em 30 de maio)<br />
Local: Largo da Mariquita, Rio Vermelho – Salvador/BA<br />
Entrada: Gratuita<br />
Atrações confirmadas: Amaro Freitas, Sandra Sá, A Cor do Som, Vanessa Moreno, Aguidavi do Jêje, Skanibais e Grupo Garagem.</p>
<p>Foto: Micael Hocherman</p>

<p>O pianista premiado Amaro Freitas apresenta o álbum Y&#8217;Y no Festival Salvador Jazz. Confira a programação gratuita no Largo da Mariquita em maio.</p>
