{"id":3083,"date":"2026-04-26T22:34:57","date_gmt":"2026-04-27T01:34:57","guid":{"rendered":"https:\/\/boracultura.com.br\/?post_type=tribe_events&#038;p=3083"},"modified":"2026-04-26T22:36:13","modified_gmt":"2026-04-27T01:36:13","slug":"mundo-zira-ziraldo-interativo","status":"publish","type":"tribe_events","link":"https:\/\/boracultura.com.br\/index.php\/evento\/mundo-zira-ziraldo-interativo\/","title":{"rendered":"Mundo Zira \u2013 Ziraldo Interativo"},"content":{"rendered":"\r\n<p>Salvador recebe a partir do dia 23 de maio a exposi\u00e7\u00e3o imersiva &#8220;Mundo Zira \u2013 Ziraldo Interativo&#8221;, realizada pelo Centro Cultural Banco do Brasil (CCBB) no Museu de Arte da Bahia (MAB), no Corredor da Vit\u00f3ria. Com entrada gratuita, a mostra fica em cartaz at\u00e9 13 de setembro e celebra a vida e obra de Ziraldo, um dos mais importantes multiartistas brasileiros, falecido em abril de 2024 aos 91 anos.<\/p>\r\n\r\n\r\n\r\n<p>A exposi\u00e7\u00e3o chega a Salvador ap\u00f3s passar por Bras\u00edlia, Rio de Janeiro, Belo Horizonte, S\u00e3o Paulo e Natal, e prop\u00f5e uma experi\u00eancia que vai al\u00e9m da contempla\u00e7\u00e3o tradicional. O percurso inclui \u00e1reas tem\u00e1ticas dedicadas a cl\u00e1ssicos como <em>Flicts<\/em>, <em>O Menino Quadradinho<\/em>, <em>A Turma do Perer\u00ea<\/em>, <em>Planeta Lil\u00e1s<\/em> e <em>O Bichinho da Ma\u00e7\u00e3<\/em>, com espa\u00e7os interativos onde o visitante pode cocriar composi\u00e7\u00f5es digitais, explorar um mini est\u00fadio para se inserir nos desenhos do cartunista e participar de um ca\u00e7a-palavras crom\u00e1tico com frases emblem\u00e1ticas do escritor. O destaque tecnol\u00f3gico fica por conta do Atelier de Superproje\u00e7\u00f5es, que d\u00e1 vida aos personagens em escala imersiva.<\/p>\r\n\r\n\r\n\r\n<p>A curadoria \u00e9 assinada por Adriana Lins, diretora do Instituto Ziraldo, e Daniela Thomas, cineasta e filha do artista. &#8220;Queremos ir al\u00e9m das p\u00e1ginas, sair do papel, recriando uma conversa com o seu acervo&#8221;, afirma Daniela. A mostra \u00e9 idealizada pela Lumen Produ\u00e7\u00f5es, com patroc\u00ednio do Banco do Brasil e BB Asset, e realiza\u00e7\u00e3o do Minist\u00e9rio da Cultura via Lei Rouanet.<\/p>\r\n\r\n\r\n\r\n<p>Os ingressos s\u00e3o retirados gratuitamente pelo site ou presencialmente no MAB. A cada quarta-feira, novas entradas s\u00e3o liberadas para a semana seguinte. Crian\u00e7as menores de 5 anos n\u00e3o precisam de ingresso.<\/p>\r\n\r\n\r\n<hr class=\"wp-block-separator has-alpha-channel-opacity\" \/>\r\n\r\n\r\n<p><strong>Servi\u00e7o<\/strong><\/p>\r\n\r\n\r\n\r\n<p><strong>Mundo Zira \u2013 Ziraldo Interativo<\/strong> <br \/>\ud83d\udccd Museu de Arte da Bahia (MAB) \u2013 Av. Sete de Setembro, 2340, Corredor da Vit\u00f3ria, Salvador <br \/>\ud83d\uddd3 23 de maio a 13 de setembro de 2026 <br \/>\ud83d\udd50 Ter\u00e7a a domingo, das 10h \u00e0s 18h <br \/>\ud83c\udf9f Entrada gratuita \u2013 retirada de ingressos em bb.com.br\/cultura ou presencialmente <em>(Novos ingressos disponibilizados toda quarta-feira para a semana seguinte)<\/em><\/p>\r\n","protected":false},"excerpt":{"rendered":"<p>A exposi\u00e7\u00e3o imersiva &#8220;Mundo Zira \u2013 Ziraldo Interativo&#8221; chega ao MAB em Salvador com entrada gratuita a partir de 23 de maio. A mostra celebra a obra de Ziraldo com tecnologia, interatividade e personagens ic\u00f4nicos como O Menino Maluquinho e A Turma do Perer\u00ea.<\/p>\n","protected":false},"author":1,"featured_media":3071,"template":"","meta":{"colormag_page_container_layout":"default_layout","colormag_page_sidebar_layout":"default_layout","_tribe_events_status":"","_tribe_events_status_reason":"","footnotes":""},"tags":[140,1791,1326,1792,1793],"tribe_events_cat":[891],"class_list":["post-3083","tribe_events","type-tribe_events","status-publish","has-post-thumbnail","hentry","tag-ccbb-salvador","tag-exposicao-imersiva-salvador","tag-mab-salvador","tag-mundo-zira","tag-ziraldo-salvador","tribe_events_cat-exposicao","cat_exposicao"],"_links":{"self":[{"href":"https:\/\/boracultura.com.br\/index.php\/wp-json\/wp\/v2\/tribe_events\/3083","targetHints":{"allow":["GET"]}}],"collection":[{"href":"https:\/\/boracultura.com.br\/index.php\/wp-json\/wp\/v2\/tribe_events"}],"about":[{"href":"https:\/\/boracultura.com.br\/index.php\/wp-json\/wp\/v2\/types\/tribe_events"}],"author":[{"embeddable":true,"href":"https:\/\/boracultura.com.br\/index.php\/wp-json\/wp\/v2\/users\/1"}],"version-history":[{"count":3,"href":"https:\/\/boracultura.com.br\/index.php\/wp-json\/wp\/v2\/tribe_events\/3083\/revisions"}],"predecessor-version":[{"id":3086,"href":"https:\/\/boracultura.com.br\/index.php\/wp-json\/wp\/v2\/tribe_events\/3083\/revisions\/3086"}],"wp:featuredmedia":[{"embeddable":true,"href":"https:\/\/boracultura.com.br\/index.php\/wp-json\/wp\/v2\/media\/3071"}],"wp:attachment":[{"href":"https:\/\/boracultura.com.br\/index.php\/wp-json\/wp\/v2\/media?parent=3083"}],"wp:term":[{"taxonomy":"post_tag","embeddable":true,"href":"https:\/\/boracultura.com.br\/index.php\/wp-json\/wp\/v2\/tags?post=3083"},{"taxonomy":"tribe_events_cat","embeddable":true,"href":"https:\/\/boracultura.com.br\/index.php\/wp-json\/wp\/v2\/tribe_events_cat?post=3083"}],"curies":[{"name":"wp","href":"https:\/\/api.w.org\/{rel}","templated":true}]}}

<p>Salvador recebe a partir do dia 23 de maio a exposição imersiva &#8220;Mundo Zira – Ziraldo Interativo&#8221;, realizada pelo Centro Cultural Banco do Brasil (CCBB) no Museu de Arte da Bahia (MAB), no Corredor da Vitória. Com entrada gratuita, a mostra fica em cartaz até 13 de setembro e celebra a vida e obra de Ziraldo, um dos mais importantes multiartistas brasileiros, falecido em abril de 2024 aos 91 anos.</p>



<p>A exposição chega a Salvador após passar por Brasília, Rio de Janeiro, Belo Horizonte, São Paulo e Natal, e propõe uma experiência que vai além da contemplação tradicional. O percurso inclui áreas temáticas dedicadas a clássicos como <em>Flicts</em>, <em>O Menino Quadradinho</em>, <em>A Turma do Pererê</em>, <em>Planeta Lilás</em> e <em>O Bichinho da Maçã</em>, com espaços interativos onde o visitante pode cocriar composições digitais, explorar um mini estúdio para se inserir nos desenhos do cartunista e participar de um caça-palavras cromático com frases emblemáticas do escritor. O destaque tecnológico fica por conta do Atelier de Superprojeções, que dá vida aos personagens em escala imersiva.</p>



<p>A curadoria é assinada por Adriana Lins, diretora do Instituto Ziraldo, e Daniela Thomas, cineasta e filha do artista. &#8220;Queremos ir além das páginas, sair do papel, recriando uma conversa com o seu acervo&#8221;, afirma Daniela. A mostra é idealizada pela Lumen Produções, com patrocínio do Banco do Brasil e BB Asset, e realização do Ministério da Cultura via Lei Rouanet.</p>



<p>Os ingressos são retirados gratuitamente pelo site ou presencialmente no MAB. A cada quarta-feira, novas entradas são liberadas para a semana seguinte. Crianças menores de 5 anos não precisam de ingresso.</p>


<hr class="wp-block-separator has-alpha-channel-opacity" />


<p><strong>Serviço</strong></p>



<p><strong>Mundo Zira – Ziraldo Interativo</strong> <br />📍 Museu de Arte da Bahia (MAB) – Av. Sete de Setembro, 2340, Corredor da Vitória, Salvador <br />🗓 23 de maio a 13 de setembro de 2026 <br />🕐 Terça a domingo, das 10h às 18h <br />🎟 Entrada gratuita – retirada de ingressos em bb.com.br/cultura ou presencialmente <em>(Novos ingressos disponibilizados toda quarta-feira para a semana seguinte)</em></p>

<p>A exposição imersiva &#8220;Mundo Zira – Ziraldo Interativo&#8221; chega ao MAB em Salvador com entrada gratuita a partir de 23 de maio. A mostra celebra a obra de Ziraldo com tecnologia, interatividade e personagens icônicos como O Menino Maluquinho e A Turma do Pererê.</p>
