{"id":3100,"date":"2026-04-27T11:42:21","date_gmt":"2026-04-27T14:42:21","guid":{"rendered":"https:\/\/boracultura.com.br\/?post_type=tribe_events&#038;p=3100"},"modified":"2026-04-27T11:43:24","modified_gmt":"2026-04-27T14:43:24","slug":"lancamento-livro-o-codigo-da-sabedoria","status":"publish","type":"tribe_events","link":"https:\/\/boracultura.com.br\/index.php\/evento\/lancamento-livro-o-codigo-da-sabedoria\/","title":{"rendered":"Lan\u00e7amento: Livro &#8220;O c\u00f3digo da Sabedoria&#8221;"},"content":{"rendered":"<p>A escritora baiana Van Amorim retorna \u00e0 sua terra natal para o lan\u00e7amento de seu novo livro,\u00a0<strong>O C\u00f3digo da Sabedoria<\/strong>, no dia 09 de maio (s\u00e1bado). O evento acontece na Livraria LDM do Shopping Bela Vista, \u00e0s 18h, e faz parte de uma turn\u00ea internacional que percorrer\u00e1 18 pa\u00edses. A obra narra o misterioso sequestro de Dark Costello, um jovem perif\u00e9rico que precisa desvendar um c\u00f3digo ap\u00f3s encontrar um amuleto enigm\u00e1tico.<br \/><br \/>A narrativa mistura fic\u00e7\u00e3o com elementos reais, inspirados em um sequestro vivido pela pr\u00f3pria autora na inf\u00e2ncia. Van Amorim, que \u00e9 uma mulher trans, negra, autista e perif\u00e9rica, destaca a import\u00e2ncia da representatividade na obra, ambientada em bairros como \u00c1guas Claras e Cajazeiras. O lan\u00e7amento, que ocorre na v\u00e9spera do Dia das M\u00e3es, \u00e9 tamb\u00e9m uma homenagem \u00e0 sua m\u00e3e, protagonista da hist\u00f3ria na vida real e na fic\u00e7\u00e3o. O evento em Salvador contar\u00e1 com um bate-papo mediado por Bruno Santana e a entrada \u00e9 gratuita.<br \/><br \/>\u200b<strong>SERVI\u00c7O<br \/><\/strong>\u200bO qu\u00ea: Lan\u00e7amento do livro \u201cO C\u00f3digo da Sabedoria\u201d, de Van Amorim<br \/>Quando: 09 de maio (s\u00e1bado), \u00e0s 18h<br \/>Onde: Livraria LDM \u2013 Shopping Bela Vista, Salvador-BA<br \/>Quanto: Entrada gratuita (com bate-papo mediado por Bruno Santana)<\/p>\r\n<figure class=\"wp-block-image aligncenter size-large is-resized\"><img fetchpriority=\"high\" decoding=\"async\" class=\"wp-image-3036\" src=\"https:\/\/boracultura.com.br\/wp-content\/uploads\/2026\/04\/1777032618827-1024x572.png\" sizes=\"(max-width: 1024px) 100vw, 1024px\" srcset=\"https:\/\/boracultura.com.br\/wp-content\/uploads\/2026\/04\/1777032618827-1024x572.png 1024w, https:\/\/boracultura.com.br\/wp-content\/uploads\/2026\/04\/1777032618827-300x167.png 300w, https:\/\/boracultura.com.br\/wp-content\/uploads\/2026\/04\/1777032618827-768x429.png 768w, https:\/\/boracultura.com.br\/wp-content\/uploads\/2026\/04\/1777032618827.png 1376w\" alt=\"\" width=\"1024\" height=\"572\" \/>\r\n<figcaption class=\"wp-element-caption\">Foto da capa adaptada por IA.<\/figcaption>\r\n<\/figure>\r\n<!-- \/wp:post-content -->","protected":false},"excerpt":{"rendered":"<p>A escritora Van Amorim lan\u00e7a o livro O C\u00f3digo da Sabedoria em Salvador no dia 09 de maio, na Livraria LDM. A obra traz suspense e representatividade inspirados em fatos reais.<\/p>\n","protected":false},"author":1,"featured_media":3037,"template":"","meta":{"colormag_page_container_layout":"default_layout","colormag_page_sidebar_layout":"default_layout","_tribe_events_status":"","_tribe_events_status_reason":"","footnotes":""},"tags":[1799,1800],"tribe_events_cat":[308],"class_list":["post-3100","tribe_events","type-tribe_events","status-publish","has-post-thumbnail","hentry","tag-a-escritora-van-amorim-lanca-o-livro-o-codigo-da-sabedoria-em-salvador-no-dia-09-de-maio","tag-na-livraria-ldm-a-obra-traz-suspense-e-representatividade-inspirados-em-fatos-reais","tribe_events_cat-lancamento-livro","cat_lancamento-livro"],"_links":{"self":[{"href":"https:\/\/boracultura.com.br\/index.php\/wp-json\/wp\/v2\/tribe_events\/3100","targetHints":{"allow":["GET"]}}],"collection":[{"href":"https:\/\/boracultura.com.br\/index.php\/wp-json\/wp\/v2\/tribe_events"}],"about":[{"href":"https:\/\/boracultura.com.br\/index.php\/wp-json\/wp\/v2\/types\/tribe_events"}],"author":[{"embeddable":true,"href":"https:\/\/boracultura.com.br\/index.php\/wp-json\/wp\/v2\/users\/1"}],"version-history":[{"count":2,"href":"https:\/\/boracultura.com.br\/index.php\/wp-json\/wp\/v2\/tribe_events\/3100\/revisions"}],"predecessor-version":[{"id":3102,"href":"https:\/\/boracultura.com.br\/index.php\/wp-json\/wp\/v2\/tribe_events\/3100\/revisions\/3102"}],"wp:featuredmedia":[{"embeddable":true,"href":"https:\/\/boracultura.com.br\/index.php\/wp-json\/wp\/v2\/media\/3037"}],"wp:attachment":[{"href":"https:\/\/boracultura.com.br\/index.php\/wp-json\/wp\/v2\/media?parent=3100"}],"wp:term":[{"taxonomy":"post_tag","embeddable":true,"href":"https:\/\/boracultura.com.br\/index.php\/wp-json\/wp\/v2\/tags?post=3100"},{"taxonomy":"tribe_events_cat","embeddable":true,"href":"https:\/\/boracultura.com.br\/index.php\/wp-json\/wp\/v2\/tribe_events_cat?post=3100"}],"curies":[{"name":"wp","href":"https:\/\/api.w.org\/{rel}","templated":true}]}}

Lançamento: Livro &#8220;O código da Sabedoria&#8221;

<p>A escritora baiana Van Amorim retorna à sua terra natal para o lançamento de seu novo livro, <strong>O Código da Sabedoria</strong>, no dia 09 de maio (sábado). O evento acontece na Livraria LDM do Shopping Bela Vista, às 18h, e faz parte de uma turnê internacional que percorrerá 18 países. A obra narra o misterioso sequestro de Dark Costello, um jovem periférico que precisa desvendar um código após encontrar um amuleto enigmático.<br /><br />A narrativa mistura ficção com elementos reais, inspirados em um sequestro vivido pela própria autora na infância. Van Amorim, que é uma mulher trans, negra, autista e periférica, destaca a importância da representatividade na obra, ambientada em bairros como Águas Claras e Cajazeiras. O lançamento, que ocorre na véspera do Dia das Mães, é também uma homenagem à sua mãe, protagonista da história na vida real e na ficção. O evento em Salvador contará com um bate-papo mediado por Bruno Santana e a entrada é gratuita.<br /><br />​<strong>SERVIÇO<br /></strong>​O quê: Lançamento do livro “O Código da Sabedoria”, de Van Amorim<br />Quando: 09 de maio (sábado), às 18h<br />Onde: Livraria LDM – Shopping Bela Vista, Salvador-BA<br />Quanto: Entrada gratuita (com bate-papo mediado por Bruno Santana)</p>
<figure class="wp-block-image aligncenter size-large is-resized"><img fetchpriority="high" decoding="async" class="wp-image-3036" src="https://boracultura.com.br/wp-content/uploads/2026/04/1777032618827-1024x572.png" sizes="(max-width: 1024px) 100vw, 1024px" srcset="https://boracultura.com.br/wp-content/uploads/2026/04/1777032618827-1024x572.png 1024w, https://boracultura.com.br/wp-content/uploads/2026/04/1777032618827-300x167.png 300w, https://boracultura.com.br/wp-content/uploads/2026/04/1777032618827-768x429.png 768w, https://boracultura.com.br/wp-content/uploads/2026/04/1777032618827.png 1376w" alt="" width="1024" height="572" />
<figcaption class="wp-element-caption">Foto da capa adaptada por IA.</figcaption>
</figure>
<!-- /wp:post-content -->

<p>A escritora Van Amorim lança o livro O Código da Sabedoria em Salvador no dia 09 de maio, na Livraria LDM. A obra traz suspense e representatividade inspirados em fatos reais.</p>
