{"id":3140,"date":"2026-04-29T18:01:43","date_gmt":"2026-04-29T21:01:43","guid":{"rendered":"https:\/\/boracultura.com.br\/?post_type=tribe_events&#038;p=3140"},"modified":"2026-04-29T18:03:56","modified_gmt":"2026-04-29T21:03:56","slug":"show-amy-reggaehouse","status":"publish","type":"tribe_events","link":"https:\/\/boracultura.com.br\/index.php\/evento\/show-amy-reggaehouse\/","title":{"rendered":"Show: Amy Reggaehouse"},"content":{"rendered":"<p>No s\u00e1bado, dia 9 de maio, o Pelourinho ser\u00e1 palco de uma experi\u00eancia musical \u00fanica. O projeto Amy Reggaehouse desembarca no Largo da Tieta \u2013 agora totalmente coberto \u2013 para mostrar a for\u00e7a e a originalidade de uma das maiores artistas dessa gera\u00e7\u00e3o. A ocasi\u00e3o contar\u00e1 ainda com a participa\u00e7\u00e3o especial da Banda Us Beatles.<\/p>\n<p><strong>SERVI\u00c7O<\/strong><\/p>\n<p><strong>Amy Reggaehouse convida banda Us Beatles<br \/>\n<\/strong>Data: 9 de maio (s\u00e1bado)<br \/>\nLocal: Largo da Tieta, Pelourinho \u2013 Salvador\/BA<br \/>\nAtra\u00e7\u00f5es: Amy Reggaehouse (Clariana Fr\u00f3es) e banda Us Beatles (participa\u00e7\u00e3o especial)<br \/>\nIngressos: dispon\u00edveis na Sympla:\u00a0<a href=\"https:\/\/www.sympla.com.br\/evento\/amy-reggaehouse-convida-em-salvador\/3384647\">https:\/\/www.sympla.com.br\/evento\/amy-reggaehouse-convida-em-salvador\/3384647<\/a><\/p>\n<p>Foto: Divulga\u00e7\u00e3o<\/p>\n","protected":false},"excerpt":{"rendered":"<p>Projeto que recria obra de Amy Winehouse com reggae, soul e jazz se apresenta no Largo da Tieta em 9 de maio; ingressos est\u00e3o \u00e0 venda na Sympla.<\/p>\n","protected":false},"author":1,"featured_media":3138,"template":"","meta":{"colormag_page_container_layout":"default_layout","colormag_page_sidebar_layout":"default_layout","_tribe_events_status":"","_tribe_events_status_reason":"","footnotes":""},"tags":[1830,1833,1832,1834,112,1835,804,1831],"tribe_events_cat":[97],"class_list":["post-3140","tribe_events","type-tribe_events","status-publish","has-post-thumbnail","hentry","tag-amy-reggaehouse","tag-banda-us-beatles","tag-clariana-froes","tag-largo-da-tieta","tag-pelourinho","tag-reggae-soul-jazz","tag-show-salvador","tag-tributo-amy-winehouse","tribe_events_cat-musica","cat_musica"],"_links":{"self":[{"href":"https:\/\/boracultura.com.br\/index.php\/wp-json\/wp\/v2\/tribe_events\/3140","targetHints":{"allow":["GET"]}}],"collection":[{"href":"https:\/\/boracultura.com.br\/index.php\/wp-json\/wp\/v2\/tribe_events"}],"about":[{"href":"https:\/\/boracultura.com.br\/index.php\/wp-json\/wp\/v2\/types\/tribe_events"}],"author":[{"embeddable":true,"href":"https:\/\/boracultura.com.br\/index.php\/wp-json\/wp\/v2\/users\/1"}],"version-history":[{"count":2,"href":"https:\/\/boracultura.com.br\/index.php\/wp-json\/wp\/v2\/tribe_events\/3140\/revisions"}],"predecessor-version":[{"id":3145,"href":"https:\/\/boracultura.com.br\/index.php\/wp-json\/wp\/v2\/tribe_events\/3140\/revisions\/3145"}],"wp:featuredmedia":[{"embeddable":true,"href":"https:\/\/boracultura.com.br\/index.php\/wp-json\/wp\/v2\/media\/3138"}],"wp:attachment":[{"href":"https:\/\/boracultura.com.br\/index.php\/wp-json\/wp\/v2\/media?parent=3140"}],"wp:term":[{"taxonomy":"post_tag","embeddable":true,"href":"https:\/\/boracultura.com.br\/index.php\/wp-json\/wp\/v2\/tags?post=3140"},{"taxonomy":"tribe_events_cat","embeddable":true,"href":"https:\/\/boracultura.com.br\/index.php\/wp-json\/wp\/v2\/tribe_events_cat?post=3140"}],"curies":[{"name":"wp","href":"https:\/\/api.w.org\/{rel}","templated":true}]}}

<p>No sábado, dia 9 de maio, o Pelourinho será palco de uma experiência musical única. O projeto Amy Reggaehouse desembarca no Largo da Tieta – agora totalmente coberto – para mostrar a força e a originalidade de uma das maiores artistas dessa geração. A ocasião contará ainda com a participação especial da Banda Us Beatles.</p>
<p><strong>SERVIÇO</strong></p>
<p><strong>Amy Reggaehouse convida banda Us Beatles<br />
</strong>Data: 9 de maio (sábado)<br />
Local: Largo da Tieta, Pelourinho – Salvador/BA<br />
Atrações: Amy Reggaehouse (Clariana Fróes) e banda Us Beatles (participação especial)<br />
Ingressos: disponíveis na Sympla: <a href="https://www.sympla.com.br/evento/amy-reggaehouse-convida-em-salvador/3384647">https://www.sympla.com.br/evento/amy-reggaehouse-convida-em-salvador/3384647</a></p>
<p>Foto: Divulgação</p>

<p>Projeto que recria obra de Amy Winehouse com reggae, soul e jazz se apresenta no Largo da Tieta em 9 de maio; ingressos estão à venda na Sympla.</p>
