{"id":508,"date":"2026-01-13T17:18:40","date_gmt":"2026-01-13T20:18:40","guid":{"rendered":"https:\/\/boracultura.com.br\/?post_type=tribe_events&#038;p=508"},"modified":"2026-01-14T21:56:39","modified_gmt":"2026-01-15T00:56:39","slug":"carlos-barros-e-lincoln-aguiar-unem-teatro-e-musica-em-um-quadro-com-moleculas-de-oxigenio","status":"publish","type":"tribe_events","link":"https:\/\/boracultura.com.br\/index.php\/evento\/carlos-barros-e-lincoln-aguiar-unem-teatro-e-musica-em-um-quadro-com-moleculas-de-oxigenio\/","title":{"rendered":"Um quadro com mol\u00e9culas de oxig\u00eanio"},"content":{"rendered":"<p class=\"v1x_MsoNormal\">Um quadro com mol\u00e9culas de oxig\u00eanio \u00e9 encontro, respira\u00e7\u00e3o e celebra\u00e7\u00e3o. No palco, Carlos Barros e Lincoln Aguiar unem teatro e m\u00fasica para provocar estados sens\u00edveis, cr\u00edticos e dionis\u00edacos, a partir da can\u00e7\u00e3o brasileira e de suas m\u00faltiplas possibilidades de reinven\u00e7\u00e3o. Entre a trova e a cena, a arte surge como a\u00e7\u00e3o, interven\u00e7\u00e3o e transforma\u00e7\u00e3o.<\/p>\n<p class=\"v1x_MsoNormal\">O espet\u00e1culo mergulha em composi\u00e7\u00f5es de uma gera\u00e7\u00e3o recente da m\u00fasica brasileira que vem desconstruindo padr\u00f5es e dialogando intensamente com autores referenciais da produ\u00e7\u00e3o musical do Nordeste \u2014 territ\u00f3rio simb\u00f3lico que ferve como brasa, aquece cora\u00e7\u00f5es e redesenha poss\u00edveis Brasis. \u00c9 dessa ebuli\u00e7\u00e3o que nascem as can\u00e7\u00f5es, os gestos e os afetos que atravessam o show.<\/p>\n<p class=\"v1x_MsoNormal\">Acompanhados pelos m\u00fasicos Tik (guitarra) e Nelson Pena (percuss\u00e3o), os artistas evocam brincantes que n\u00e3o apenas transitam, mas imergem nesse universo sonoro e po\u00e9tico, trazendo literalmente para a cena um &#8220;quadro com mol\u00e9culas de oxig\u00eanio&#8221;: met\u00e1fora viva de respiro, presen\u00e7a e comunh\u00e3o. O espet\u00e1culo conta ainda com as participa\u00e7\u00f5es especiais da cantora e atriz Sandra Sim\u00f5es e da bailarina e cantora L\u00farian Sodr\u00e9, ampliando a experi\u00eancia sensorial e c\u00eanica.<\/p>\n<p class=\"v1x_MsoNormal\">O repert\u00f3rio costura diferentes tempos, est\u00e9ticas e vozes da m\u00fasica brasileira, passando por can\u00e7\u00f5es como\u00a0<b>&#8220;Proposta para um estado cr\u00edtico&#8221;<\/b>\u00a0(Isadora Melo),\u00a0<b>&#8220;Bienal&#8221;<\/b>\u00a0e\u00a0<b>&#8220;Forr\u00f3 de Ilus\u00e3o&#8221;<\/b>\u00a0(Zeca Baleiro),\u00a0<b>&#8220;Embrulho&#8221;<\/b>\u00a0(Juliana Linhares\/Chico C\u00e9sar),\u00a0<b>&#8220;Pav\u00e3o Mysteriozo&#8221;<\/b>\u00a0(Ednardo),\u00a0<b>&#8220;SOS \/ Ouro de Tolo&#8221;<\/b>\u00a0(Raul Seixas),\u00a0<b>&#8220;Lenda do P\u00e9gaso&#8221;<\/b>\u00a0(Jorge Mautner\/Moraes Moreira) e\u00a0<b>&#8220;Tem que Acontecer&#8221;<\/b>\u00a0(S\u00e9rgio Sampaio).<\/p>\n<p class=\"v1x_MsoNormal\">O roteiro musical inclui ainda\u00a0<b>&#8220;Amor pra Dar&#8221;<\/b>\u00a0(Chico Chico),\u00a0<b>&#8220;Samba do Approach&#8221;<\/b>\u00a0(Zeca Baleiro),\u00a0<b>&#8220;Santo de Barro&#8221;<\/b>\u00a0(Sandra Sim\u00f5es),\u00a0<b>&#8220;Barraqueira&#8221;<\/b>\u00a0(Manuela Rodrigues),\u00a0<b>&#8220;Temquit\u00ea&#8221;<\/b>\u00a0(Demarca\/Renato Fraz\u00e3o), al\u00e9m das composi\u00e7\u00f5es autorais de Lincoln Aguiar \u2014\u00a0<b>&#8220;Jogue para Ver&#8221;<\/b>\u00a0e\u00a0<b>&#8220;Florir\u00e1&#8221;<\/b>. Completam o percurso can\u00e7\u00f5es como\u00a0<b>&#8220;Hei! Man&#8221;<\/b>\u00a0(Marco Polo),\u00a0<b>&#8220;T\u00f4 Sem Voc\u00ea&#8221;<\/b>\u00a0(Kinho Compositor),\u00a0<b>&#8220;Rock do Of\u00edcio&#8221;<\/b>\u00a0(Everaldo Nor\u00f5es\/Geraldo Maia),\u00a0<b>&#8220;Expedito&#8221;<\/b>\u00a0(Yant\u00f3),\u00a0<b>&#8220;Cuidar do Olhar&#8221;<\/b>\u00a0(Ana Barroso),\u00a0<b>&#8220;A M\u00e3o Inteira&#8221;<\/b>\u00a0(Juliana Linhares\/El\u00edsio Freitas),\u00a0<b>&#8220;Antes de voc\u00ea chegar&#8221;<\/b>\u00a0(Alm\u00e9rio e Ceumar) e o encontro emblem\u00e1tico entre\u00a0<b>&#8220;Jack Soul Brasileiro&#8221;<\/b>\u00a0(Lenine) e\u00a0<b>&#8220;L\u00edngua&#8221;<\/b>\u00a0(Caetano Veloso).<\/p>\n<p class=\"v1x_MsoNormal\">&#8220;Vamos respirar!&#8221; \u00e9 convite e manifesto. Um chamado para desanuviar, escutar, olhar e sentir \u2014 atrav\u00e9s de um repert\u00f3rio que atravessa can\u00e7\u00f5es, corpos e sentidos, em permanente estado de inven\u00e7\u00e3o.<\/p>\n<p class=\"v1x_MsoNormal\"><b>SERVI\u00c7O<\/b><br \/>\n<b>O QU\u00ca:<\/b>\u00a0Show\u00a0<i>Um quadro com mol\u00e9culas de oxig\u00eanio<\/i><br \/>\n<b>QUEM:<\/b>\u00a0Carlos Barros e Lincoln Aguiar<br \/>\n(Guitarra: Tik | Percuss\u00e3o: Nelson Pena)<br \/>\n<b>QUANDO:<\/b>\u00a0S\u00e1bado, 17 de janeiro, \u00e0s 17h<br \/>\n<b>ONDE:<\/b>\u00a0Teatro Gamboa Nova<br \/>\n<b>QUANTO:<\/b>\u00a0R$ 50,00 (inteira) | R$ 25,00 (meia)<br \/>\nIngressos \u00e0 venda no Sympla e na bilheteria do teatro.<\/p>\n<p class=\"v1x_MsoNormal\"><b>Assessoria de Imprensa &#8211; Doris Pinheiro &#8211; 71 98896-5016<\/b><\/p>\n","protected":false},"excerpt":{"rendered":"<p>Um quadro com mol\u00e9culas de oxig\u00eanio \u00e9 encontro, respira\u00e7\u00e3o e celebra\u00e7\u00e3o. No palco, Carlos Barros e Lincoln Aguiar unem teatro<\/p>\n","protected":false},"author":1,"featured_media":509,"template":"","meta":{"colormag_page_container_layout":"default_layout","colormag_page_sidebar_layout":"default_layout","_tribe_events_status":"","_tribe_events_status_reason":"","footnotes":""},"tags":[36,23,21],"tribe_events_cat":[97,96],"class_list":["post-508","tribe_events","type-tribe_events","status-publish","has-post-thumbnail","hentry","tag-cultura","tag-teatro","tag-teatro-salvador","tribe_events_cat-musica","tribe_events_cat-teatro","cat_musica","cat_teatro"],"_links":{"self":[{"href":"https:\/\/boracultura.com.br\/index.php\/wp-json\/wp\/v2\/tribe_events\/508","targetHints":{"allow":["GET"]}}],"collection":[{"href":"https:\/\/boracultura.com.br\/index.php\/wp-json\/wp\/v2\/tribe_events"}],"about":[{"href":"https:\/\/boracultura.com.br\/index.php\/wp-json\/wp\/v2\/types\/tribe_events"}],"author":[{"embeddable":true,"href":"https:\/\/boracultura.com.br\/index.php\/wp-json\/wp\/v2\/users\/1"}],"version-history":[{"count":3,"href":"https:\/\/boracultura.com.br\/index.php\/wp-json\/wp\/v2\/tribe_events\/508\/revisions"}],"predecessor-version":[{"id":623,"href":"https:\/\/boracultura.com.br\/index.php\/wp-json\/wp\/v2\/tribe_events\/508\/revisions\/623"}],"wp:featuredmedia":[{"embeddable":true,"href":"https:\/\/boracultura.com.br\/index.php\/wp-json\/wp\/v2\/media\/509"}],"wp:attachment":[{"href":"https:\/\/boracultura.com.br\/index.php\/wp-json\/wp\/v2\/media?parent=508"}],"wp:term":[{"taxonomy":"post_tag","embeddable":true,"href":"https:\/\/boracultura.com.br\/index.php\/wp-json\/wp\/v2\/tags?post=508"},{"taxonomy":"tribe_events_cat","embeddable":true,"href":"https:\/\/boracultura.com.br\/index.php\/wp-json\/wp\/v2\/tribe_events_cat?post=508"}],"curies":[{"name":"wp","href":"https:\/\/api.w.org\/{rel}","templated":true}]}}

Um quadro com moléculas de oxigênio

<p class="v1x_MsoNormal">Um quadro com moléculas de oxigênio é encontro, respiração e celebração. No palco, Carlos Barros e Lincoln Aguiar unem teatro e música para provocar estados sensíveis, críticos e dionisíacos, a partir da canção brasileira e de suas múltiplas possibilidades de reinvenção. Entre a trova e a cena, a arte surge como ação, intervenção e transformação.</p>
<p class="v1x_MsoNormal">O espetáculo mergulha em composições de uma geração recente da música brasileira que vem desconstruindo padrões e dialogando intensamente com autores referenciais da produção musical do Nordeste — território simbólico que ferve como brasa, aquece corações e redesenha possíveis Brasis. É dessa ebulição que nascem as canções, os gestos e os afetos que atravessam o show.</p>
<p class="v1x_MsoNormal">Acompanhados pelos músicos Tik (guitarra) e Nelson Pena (percussão), os artistas evocam brincantes que não apenas transitam, mas imergem nesse universo sonoro e poético, trazendo literalmente para a cena um &#8220;quadro com moléculas de oxigênio&#8221;: metáfora viva de respiro, presença e comunhão. O espetáculo conta ainda com as participações especiais da cantora e atriz Sandra Simões e da bailarina e cantora Lúrian Sodré, ampliando a experiência sensorial e cênica.</p>
<p class="v1x_MsoNormal">O repertório costura diferentes tempos, estéticas e vozes da música brasileira, passando por canções como <b>&#8220;Proposta para um estado crítico&#8221;</b> (Isadora Melo), <b>&#8220;Bienal&#8221;</b> e <b>&#8220;Forró de Ilusão&#8221;</b> (Zeca Baleiro), <b>&#8220;Embrulho&#8221;</b> (Juliana Linhares/Chico César), <b>&#8220;Pavão Mysteriozo&#8221;</b> (Ednardo), <b>&#8220;SOS / Ouro de Tolo&#8221;</b> (Raul Seixas), <b>&#8220;Lenda do Pégaso&#8221;</b> (Jorge Mautner/Moraes Moreira) e <b>&#8220;Tem que Acontecer&#8221;</b> (Sérgio Sampaio).</p>
<p class="v1x_MsoNormal">O roteiro musical inclui ainda <b>&#8220;Amor pra Dar&#8221;</b> (Chico Chico), <b>&#8220;Samba do Approach&#8221;</b> (Zeca Baleiro), <b>&#8220;Santo de Barro&#8221;</b> (Sandra Simões), <b>&#8220;Barraqueira&#8221;</b> (Manuela Rodrigues), <b>&#8220;Temquitê&#8221;</b> (Demarca/Renato Frazão), além das composições autorais de Lincoln Aguiar — <b>&#8220;Jogue para Ver&#8221;</b> e <b>&#8220;Florirá&#8221;</b>. Completam o percurso canções como <b>&#8220;Hei! Man&#8221;</b> (Marco Polo), <b>&#8220;Tô Sem Você&#8221;</b> (Kinho Compositor), <b>&#8220;Rock do Ofício&#8221;</b> (Everaldo Norões/Geraldo Maia), <b>&#8220;Expedito&#8221;</b> (Yantó), <b>&#8220;Cuidar do Olhar&#8221;</b> (Ana Barroso), <b>&#8220;A Mão Inteira&#8221;</b> (Juliana Linhares/Elísio Freitas), <b>&#8220;Antes de você chegar&#8221;</b> (Almério e Ceumar) e o encontro emblemático entre <b>&#8220;Jack Soul Brasileiro&#8221;</b> (Lenine) e <b>&#8220;Língua&#8221;</b> (Caetano Veloso).</p>
<p class="v1x_MsoNormal">&#8220;Vamos respirar!&#8221; é convite e manifesto. Um chamado para desanuviar, escutar, olhar e sentir — através de um repertório que atravessa canções, corpos e sentidos, em permanente estado de invenção.</p>
<p class="v1x_MsoNormal"><b>SERVIÇO</b><br />
<b>O QUÊ:</b> Show <i>Um quadro com moléculas de oxigênio</i><br />
<b>QUEM:</b> Carlos Barros e Lincoln Aguiar<br />
(Guitarra: Tik | Percussão: Nelson Pena)<br />
<b>QUANDO:</b> Sábado, 17 de janeiro, às 17h<br />
<b>ONDE:</b> Teatro Gamboa Nova<br />
<b>QUANTO:</b> R$ 50,00 (inteira) | R$ 25,00 (meia)<br />
Ingressos à venda no Sympla e na bilheteria do teatro.</p>
<p class="v1x_MsoNormal"><b>Assessoria de Imprensa &#8211; Doris Pinheiro &#8211; 71 98896-5016</b></p>

<p>Um quadro com moléculas de oxigênio é encontro, respiração e celebração. No palco, Carlos Barros e Lincoln Aguiar unem teatro</p>
