{"id":527,"date":"2026-01-14T00:27:16","date_gmt":"2026-01-14T03:27:16","guid":{"rendered":"https:\/\/boracultura.com.br\/?post_type=tribe_events&#038;p=527"},"modified":"2026-01-14T21:39:21","modified_gmt":"2026-01-15T00:39:21","slug":"festival-de-verao-2026","status":"publish","type":"tribe_events","link":"https:\/\/boracultura.com.br\/index.php\/evento\/festival-de-verao-2026\/","title":{"rendered":"Festival de Ver\u00e3o 2026"},"content":{"rendered":"<p><strong>Festival de Ver\u00e3o Salvador celebra 25\u00aa edi\u00e7\u00e3o em casa nova com shows de \u00edcones e nomes da nova gera\u00e7\u00e3o da m\u00fasica brasileira<br \/>\nS\u00e1bado: \u00edcones e novas gera\u00e7\u00f5es<\/strong><\/p>\n<p>No s\u00e1bado, o evento recebe o aguardado projeto \u201c<strong>Dominguinho<\/strong>\u201d, idealizado por\u00a0<strong>Jo\u00e3o Gomes<\/strong>,\u00a0<strong>Jota.P\u00ea<\/strong>\u00a0e\u00a0<strong>Mestrinho<\/strong>, em sua primeira apresenta\u00e7\u00e3o em Salvador. O espet\u00e1culo presta homenagem a\u00a0<strong>Dominguinhos<\/strong>, unindo a for\u00e7a do forr\u00f3 tradicional com arranjos contempor\u00e2neos e celebrando a heran\u00e7a do sanfoneiro em di\u00e1logo com a nova gera\u00e7\u00e3o.<\/p>\n<p>A primeira noite tamb\u00e9m traz o timbre inconfund\u00edvel de\u00a0<strong>Ney Matogrosso<\/strong>, um dos maiores int\u00e9rpretes da m\u00fasica brasileira, cuja trajet\u00f3ria \u00e9 marcada pela ousadia c\u00eanica, a voz singular e a capacidade de atravessar gera\u00e7\u00f5es sem perder a for\u00e7a criativa. Em um momento de enorme visibilidade, impulsionada pelo sucesso de bilheteria da cinebiografia \u201c<strong>Homem com H<\/strong>\u201d,\u00a0<strong>\u00a0<\/strong>o cantor retorna aos palcos com ainda mais vigor, reafirmando sua relev\u00e2ncia e atualidade na cena cultural brasileira.<em>\u00a0<\/em><\/p>\n<p>Com seis d\u00e9cadas de carreira,\u00a0<strong>Caetano Veloso<\/strong>\u00a0refor\u00e7a o di\u00e1logo geracional, mantendo viva a tradi\u00e7\u00e3o da MPB enquanto se reinventa constantemente. No palco do FV, ele confirma seu papel central na cena musical, influenciando novas gera\u00e7\u00f5es e mostrando que sua criatividade e relev\u00e2ncia continuam intactas.<em>\u00a0<\/em><\/p>\n<p>A energia baiana de\u00a0<strong>Ivete Sangalo<\/strong>\u00a0\u2014 que transformou o ax\u00e9 em linguagem universal e tem no\u00a0<strong>Festival de Ver\u00e3o<\/strong>\u00a0o seu palco mais emblem\u00e1tico, participando de todas as 25 edi\u00e7\u00f5es do evento \u2014 amplia ainda mais a pot\u00eancia dessa noite. Ainda no s\u00e1bado, o p\u00fabico poder\u00e1 conferir\u00a0<strong>Rachel Reis<\/strong>\u00a0em show com participa\u00e7\u00e3o de\u00a0<strong>M\u00e1rcio Victor<\/strong>, encontro que une frescor e tradi\u00e7\u00e3o da m\u00fasica baiana, e\u00a0<strong>Carlinhos Brown<\/strong>, que encerra a noite com sua for\u00e7a percussiva e inventividade.<\/p>\n<ul>\n<li>Rachel Reis com participa\u00e7\u00e3o de M\u00e1rcio Victor<\/li>\n<li>Ney Matogrosso<\/li>\n<li>\u201cDominguinho\u201d \u2013 Jo\u00e3o Gomes, Jota.P\u00ea e Mestrinho<\/li>\n<li>Caetano Veloso<\/li>\n<li>Ivete Sangalo<\/li>\n<li>Carlinhos Brown<\/li>\n<\/ul>\n","protected":false},"excerpt":{"rendered":"<p>Festival de Ver\u00e3o Salvador celebra 25\u00aa edi\u00e7\u00e3o em casa nova com shows de \u00edcones e nomes da nova gera\u00e7\u00e3o da<\/p>\n","protected":false},"author":1,"featured_media":528,"template":"","meta":{"colormag_page_container_layout":"default_layout","colormag_page_sidebar_layout":"default_layout","_tribe_events_status":"","_tribe_events_status_reason":"","footnotes":""},"tags":[88,86,89,87],"tribe_events_cat":[97],"class_list":["post-527","tribe_events","type-tribe_events","status-publish","has-post-thumbnail","hentry","tag-festival","tag-fv2026","tag-salvador","tag-verao","tribe_events_cat-musica","cat_musica"],"_links":{"self":[{"href":"https:\/\/boracultura.com.br\/index.php\/wp-json\/wp\/v2\/tribe_events\/527","targetHints":{"allow":["GET"]}}],"collection":[{"href":"https:\/\/boracultura.com.br\/index.php\/wp-json\/wp\/v2\/tribe_events"}],"about":[{"href":"https:\/\/boracultura.com.br\/index.php\/wp-json\/wp\/v2\/types\/tribe_events"}],"author":[{"embeddable":true,"href":"https:\/\/boracultura.com.br\/index.php\/wp-json\/wp\/v2\/users\/1"}],"version-history":[{"count":1,"href":"https:\/\/boracultura.com.br\/index.php\/wp-json\/wp\/v2\/tribe_events\/527\/revisions"}],"predecessor-version":[{"id":531,"href":"https:\/\/boracultura.com.br\/index.php\/wp-json\/wp\/v2\/tribe_events\/527\/revisions\/531"}],"wp:featuredmedia":[{"embeddable":true,"href":"https:\/\/boracultura.com.br\/index.php\/wp-json\/wp\/v2\/media\/528"}],"wp:attachment":[{"href":"https:\/\/boracultura.com.br\/index.php\/wp-json\/wp\/v2\/media?parent=527"}],"wp:term":[{"taxonomy":"post_tag","embeddable":true,"href":"https:\/\/boracultura.com.br\/index.php\/wp-json\/wp\/v2\/tags?post=527"},{"taxonomy":"tribe_events_cat","embeddable":true,"href":"https:\/\/boracultura.com.br\/index.php\/wp-json\/wp\/v2\/tribe_events_cat?post=527"}],"curies":[{"name":"wp","href":"https:\/\/api.w.org\/{rel}","templated":true}]}}

Festival de Verão 2026

<p><strong>Festival de Verão Salvador celebra 25ª edição em casa nova com shows de ícones e nomes da nova geração da música brasileira<br />
Sábado: ícones e novas gerações</strong></p>
<p>No sábado, o evento recebe o aguardado projeto “<strong>Dominguinho</strong>”, idealizado por <strong>João Gomes</strong>, <strong>Jota.Pê</strong> e <strong>Mestrinho</strong>, em sua primeira apresentação em Salvador. O espetáculo presta homenagem a <strong>Dominguinhos</strong>, unindo a força do forró tradicional com arranjos contemporâneos e celebrando a herança do sanfoneiro em diálogo com a nova geração.</p>
<p>A primeira noite também traz o timbre inconfundível de <strong>Ney Matogrosso</strong>, um dos maiores intérpretes da música brasileira, cuja trajetória é marcada pela ousadia cênica, a voz singular e a capacidade de atravessar gerações sem perder a força criativa. Em um momento de enorme visibilidade, impulsionada pelo sucesso de bilheteria da cinebiografia “<strong>Homem com H</strong>”, <strong> </strong>o cantor retorna aos palcos com ainda mais vigor, reafirmando sua relevância e atualidade na cena cultural brasileira.<em> </em></p>
<p>Com seis décadas de carreira, <strong>Caetano Veloso</strong> reforça o diálogo geracional, mantendo viva a tradição da MPB enquanto se reinventa constantemente. No palco do FV, ele confirma seu papel central na cena musical, influenciando novas gerações e mostrando que sua criatividade e relevância continuam intactas.<em> </em></p>
<p>A energia baiana de <strong>Ivete Sangalo</strong> — que transformou o axé em linguagem universal e tem no <strong>Festival de Verão</strong> o seu palco mais emblemático, participando de todas as 25 edições do evento — amplia ainda mais a potência dessa noite. Ainda no sábado, o púbico poderá conferir <strong>Rachel Reis</strong> em show com participação de <strong>Márcio Victor</strong>, encontro que une frescor e tradição da música baiana, e <strong>Carlinhos Brown</strong>, que encerra a noite com sua força percussiva e inventividade.</p>
<ul>
<li>Rachel Reis com participação de Márcio Victor</li>
<li>Ney Matogrosso</li>
<li>“Dominguinho” – João Gomes, Jota.Pê e Mestrinho</li>
<li>Caetano Veloso</li>
<li>Ivete Sangalo</li>
<li>Carlinhos Brown</li>
</ul>

<p>Festival de Verão Salvador celebra 25ª edição em casa nova com shows de ícones e nomes da nova geração da</p>
