{"id":532,"date":"2026-01-14T00:31:05","date_gmt":"2026-01-14T03:31:05","guid":{"rendered":"https:\/\/boracultura.com.br\/?post_type=tribe_events&#038;p=532"},"modified":"2026-01-14T21:39:11","modified_gmt":"2026-01-15T00:39:11","slug":"festival-de-verao-2026-2","status":"publish","type":"tribe_events","link":"https:\/\/boracultura.com.br\/index.php\/evento\/festival-de-verao-2026-2\/","title":{"rendered":"Festival de Ver\u00e3o 2026"},"content":{"rendered":"<p><strong>Festival de Ver\u00e3o Salvador celebra 25\u00aa edi\u00e7\u00e3o em casa nova com shows de \u00edcones e nomes da nova gera\u00e7\u00e3o da m\u00fasica brasileira<\/strong><\/p>\n<p><strong>Domingo: celebra\u00e7\u00e3o do samba, pagode e forr\u00f3<\/strong><em>\u00a0<\/em><\/p>\n<p>No domingo, a programa\u00e7\u00e3o mant\u00e9m o equil\u00edbrio entre tradi\u00e7\u00e3o, juventude e estilos musicais diversos. O cantor\u00a0<strong>P\u00e9ricles<\/strong>, herdeiro do samba rom\u00e2ntico e dono de uma das vozes mais marcantes do g\u00eanero, se apresenta com a emo\u00e7\u00e3o que o caracteriza, enquanto o fen\u00f4meno do pagode baiano\u00a0<strong>L\u00e9o Santana<\/strong>\u00a0apresenta sua energia contagiante e a for\u00e7a do entretenimento popular.<em>\u00a0<\/em><\/p>\n<p>A noite tamb\u00e9m ser\u00e1 marcada pela pot\u00eancia feminina de\u00a0<strong>Lu\u00edsa Sonza<\/strong>, um dos maiores nomes do pop nacional na atualidade. Dona de uma carreira em ascens\u00e3o mete\u00f3rica e de apresenta\u00e7\u00f5es sempre perform\u00e1ticas, a ga\u00facha desembarca em Salvador com um show que combina grandes sucessos, coreografias elaboradas e sua presen\u00e7a de palco eletrizante.<em>\u00a0<\/em><\/p>\n<p>Outro destaque ser\u00e1 o explosivo encontro do trap nordestino: o baiano\u00a0<strong>Teto<\/strong>\u00a0convida o cearense\u00a0<strong>WIU<\/strong>\u00a0para uma apresenta\u00e7\u00e3o que celebra a for\u00e7a e a criatividade da cena urbana da regi\u00e3o, refor\u00e7ando a expans\u00e3o e a relev\u00e2ncia do g\u00eanero no pa\u00eds.<em>\u00a0<\/em><\/p>\n<p>A noite de encerramento traz ainda o sempre eletrizante\u00a0<strong>Wesley Safad\u00e3o<\/strong>, que convida\u00a0<strong>Elba Ramalho<\/strong>\u00a0para um show exclusivo numa grande homenagem ao Forr\u00f3 Brasileiro \u2014 uma narrativa que enaltece um dos g\u00eaneros mais populares do pa\u00eds.<em>\u00a0<\/em><\/p>\n<p>O p\u00fabico poder\u00e1 ainda conferir uma apresenta\u00e7\u00e3o in\u00e9dita de\u00a0<strong>Belo<\/strong>, uma das maiores vozes do pagode rom\u00e2ntico, em um show especialmente desenvolvido para o\u00a0<strong>Festival de Ver\u00e3o<\/strong>.<\/p>\n<ul>\n<li>Teto convida WIU<\/li>\n<li>Lu\u00edsa Sonza<\/li>\n<li>L\u00e9o Santana<\/li>\n<li>Wesley Safad\u00e3o com Elba Ramalho<\/li>\n<li>P\u00e9ricles<\/li>\n<li>Belo<\/li>\n<\/ul>\n","protected":false},"excerpt":{"rendered":"<p>Festival de Ver\u00e3o Salvador celebra 25\u00aa edi\u00e7\u00e3o em casa nova com shows de \u00edcones e nomes da nova gera\u00e7\u00e3o da<\/p>\n","protected":false},"author":1,"featured_media":528,"template":"","meta":{"colormag_page_container_layout":"default_layout","colormag_page_sidebar_layout":"default_layout","_tribe_events_status":"","_tribe_events_status_reason":"","footnotes":""},"tags":[88,86,89,87],"tribe_events_cat":[97],"class_list":["post-532","tribe_events","type-tribe_events","status-publish","has-post-thumbnail","hentry","tag-festival","tag-fv2026","tag-salvador","tag-verao","tribe_events_cat-musica","cat_musica"],"_links":{"self":[{"href":"https:\/\/boracultura.com.br\/index.php\/wp-json\/wp\/v2\/tribe_events\/532","targetHints":{"allow":["GET"]}}],"collection":[{"href":"https:\/\/boracultura.com.br\/index.php\/wp-json\/wp\/v2\/tribe_events"}],"about":[{"href":"https:\/\/boracultura.com.br\/index.php\/wp-json\/wp\/v2\/types\/tribe_events"}],"author":[{"embeddable":true,"href":"https:\/\/boracultura.com.br\/index.php\/wp-json\/wp\/v2\/users\/1"}],"version-history":[{"count":1,"href":"https:\/\/boracultura.com.br\/index.php\/wp-json\/wp\/v2\/tribe_events\/532\/revisions"}],"predecessor-version":[{"id":533,"href":"https:\/\/boracultura.com.br\/index.php\/wp-json\/wp\/v2\/tribe_events\/532\/revisions\/533"}],"wp:featuredmedia":[{"embeddable":true,"href":"https:\/\/boracultura.com.br\/index.php\/wp-json\/wp\/v2\/media\/528"}],"wp:attachment":[{"href":"https:\/\/boracultura.com.br\/index.php\/wp-json\/wp\/v2\/media?parent=532"}],"wp:term":[{"taxonomy":"post_tag","embeddable":true,"href":"https:\/\/boracultura.com.br\/index.php\/wp-json\/wp\/v2\/tags?post=532"},{"taxonomy":"tribe_events_cat","embeddable":true,"href":"https:\/\/boracultura.com.br\/index.php\/wp-json\/wp\/v2\/tribe_events_cat?post=532"}],"curies":[{"name":"wp","href":"https:\/\/api.w.org\/{rel}","templated":true}]}}

Festival de Verão 2026

<p><strong>Festival de Verão Salvador celebra 25ª edição em casa nova com shows de ícones e nomes da nova geração da música brasileira</strong></p>
<p><strong>Domingo: celebração do samba, pagode e forró</strong><em> </em></p>
<p>No domingo, a programação mantém o equilíbrio entre tradição, juventude e estilos musicais diversos. O cantor <strong>Péricles</strong>, herdeiro do samba romântico e dono de uma das vozes mais marcantes do gênero, se apresenta com a emoção que o caracteriza, enquanto o fenômeno do pagode baiano <strong>Léo Santana</strong> apresenta sua energia contagiante e a força do entretenimento popular.<em> </em></p>
<p>A noite também será marcada pela potência feminina de <strong>Luísa Sonza</strong>, um dos maiores nomes do pop nacional na atualidade. Dona de uma carreira em ascensão meteórica e de apresentações sempre performáticas, a gaúcha desembarca em Salvador com um show que combina grandes sucessos, coreografias elaboradas e sua presença de palco eletrizante.<em> </em></p>
<p>Outro destaque será o explosivo encontro do trap nordestino: o baiano <strong>Teto</strong> convida o cearense <strong>WIU</strong> para uma apresentação que celebra a força e a criatividade da cena urbana da região, reforçando a expansão e a relevância do gênero no país.<em> </em></p>
<p>A noite de encerramento traz ainda o sempre eletrizante <strong>Wesley Safadão</strong>, que convida <strong>Elba Ramalho</strong> para um show exclusivo numa grande homenagem ao Forró Brasileiro — uma narrativa que enaltece um dos gêneros mais populares do país.<em> </em></p>
<p>O púbico poderá ainda conferir uma apresentação inédita de <strong>Belo</strong>, uma das maiores vozes do pagode romântico, em um show especialmente desenvolvido para o <strong>Festival de Verão</strong>.</p>
<ul>
<li>Teto convida WIU</li>
<li>Luísa Sonza</li>
<li>Léo Santana</li>
<li>Wesley Safadão com Elba Ramalho</li>
<li>Péricles</li>
<li>Belo</li>
</ul>

<p>Festival de Verão Salvador celebra 25ª edição em casa nova com shows de ícones e nomes da nova geração da</p>
