{"id":538,"date":"2026-01-14T00:49:45","date_gmt":"2026-01-14T03:49:45","guid":{"rendered":"https:\/\/boracultura.com.br\/?post_type=tribe_events&#038;p=538"},"modified":"2026-01-14T21:44:13","modified_gmt":"2026-01-15T00:44:13","slug":"camisa-de-venus","status":"publish","type":"tribe_events","link":"https:\/\/boracultura.com.br\/index.php\/evento\/camisa-de-venus\/","title":{"rendered":"Camisa de V\u00eanus &#8211; Projeto Concha para Todos"},"content":{"rendered":"<p>O projeto Concha para Todos, que oferece shows a pre\u00e7os mais acess\u00edveis na Concha Acu\u0301stica do TCA, chega \u00e0 terceira temporada em 2026. Realizado pela Tapis Rouge e pela MG Produ\u00e7\u00f5es, j\u00e1 tem confirmadas as primeiras atra\u00e7\u00f5es e datas do ano entrante: Camisa de V\u00eanus (29 de mar\u00e7o), Z\u00e9lia Duncan (26 de abril), Fl\u00e1vio Venturini (10 de maio), Ira (14 de junho) e Ritchie (26 de julho).<\/p>\n<p>Para a estreia da edi\u00e7\u00e3o 2026, no anivers\u00e1rio de Salvador, nada mais justo que abrir com uma prata da casa. Fundada em 1980, pelo vocalista Marcelo Nova e pelo baixista Rob\u00e9rio Santana, a banda Camisa de V\u00eanus celebra 45 anos. Conhecido por seu estilo irreverente, o grupo surgiu com uma proposta disruptiva e logo se tornou um dos principais nomes do rock brasileiro.<\/p>\n<p>Em 1983, o Camisa lan\u00e7ou seu primeiro \u00e1lbum, que leva o nome da banda. De l\u00e1 pra c\u00e1, emplacou sucessos como \u201cEu N\u00e3o Matei Joana d\u2019Arc\u201d, \u201cS\u00edlvia\u201d e \u201cBete Morreu\u201d. Em 1987, gravou o LP \u201cDuplo Sentido\u201d, que vendeu 40 mil c\u00f3pias e ficou marcado pela participa\u00e7\u00e3o de Raul Seixas, \u00eddolo do grupo, em uma das faixas. O \u00e1lbum mais recente, \u201cAgulha no Palheiro\u201d, chegou ao p\u00fablico em 2021, em comemora\u00e7\u00e3o aos 40 anos da banda.<\/p>\n<p><strong>Sobre o projeto<\/strong><\/p>\n<p>Idealizado e executado pela Tapis Rouge e pela MG Produ\u00e7\u00f5es, o Concha para Todos nasceu com o objetivo de restabelecer \u2014 ou fortalecer ou, ainda, criar \u2014 lac\u0327os entre a Concha Acu\u0301stica do TCA e os soteropolitanos, palco pelo qual costumam passar os maiores nomes da mu\u0301sica brasileira que ve\u0302m a Salvador e que ja\u0301 rendeu momentos inesqueci\u0301veis a milho\u0303es de pessoas ao longo de seus mais de 60 anos. Desde o in\u00edcio, o projeto j\u00e1 levou ao palco o trio Xangai, Elomar e Renato Teixeira; Lob\u00e3o; Zizi e Luiza Possi; e Marina Lima.<\/p>\n<p>Xodo\u0301 de pu\u0301blico e artistas que sa\u0303o adeptos de apresentac\u0327o\u0303es mais intimistas, a Concha se destaca por ser um espac\u0327o a ce\u0301u aberto, com singular distribuic\u0327a\u0303o da ocupac\u0327a\u0303o do espac\u0327o, sem assentos ou lugares marcados. Ale\u0301m disso, sa\u0303o caracteri\u0301sticas marcantes sua identidade jovial e sua histo\u0301rica disposic\u0327a\u0303o a\u0300 diversidade, que serve de premissa para o projeto.<\/p>\n<hr \/>\n<h3>SERVI\u00c7O<\/h3>\n<h4>CONCHA PARA TODOS &#8211; CAMISA DE V\u00caNUS<\/h4>\n<p><strong>Quando:<\/strong>\u00a029 de mar\u00e7o (domingo), \u00e0s 19h<br \/>\n<strong>Onde:<\/strong>\u00a0Concha Ac\u00fastica do Teatro Castro Alves<br \/>\n<strong>Quanto:<\/strong><br \/>\n1\u00ba lote:<strong>\u00a0<\/strong>R$ 90 (inteira) e R$ 45 (meia)<br \/>\n2\u00ba lote: R$ 100 (inteira) e R$ 50 (meia)<br \/>\n3\u00ba lote: R$ 120 (inteira) e R$ 60 (meia)<br \/>\n<strong>Clube de Desconto:<\/strong>\u00a040% de desconto sobre a inteira para os Assinantes do Clube Correio e Claro Clube (descontos n\u00e3o cumulativos).<br \/>\n<strong>Classifica\u00e7\u00e3o indicativa:\u00a0<\/strong>18 anos.<\/p>\n<p>&nbsp;<\/p>\n<p><em>* Durante as obras do Novo TCA, o acesso \u00e0 Concha Ac\u00fastica ser\u00e1 realizado exclusivamente pela Ladeira da Fonte (acesso de baixo). O estacionamento do TCA permanece fechado, e o p\u00fablico poder\u00e1 utilizar o estacionamento da Ferreira Costa \u2013 Barris, que ter\u00e1 seu hor\u00e1rio de funcionamento estendido at\u00e9 as 22h nos dias de evento.<\/em><\/p>\n","protected":false},"excerpt":{"rendered":"<p>O projeto Concha para Todos, que oferece shows a pre\u00e7os mais acess\u00edveis na Concha Acu\u0301stica do TCA, chega \u00e0 terceira<\/p>\n","protected":false},"author":1,"featured_media":539,"template":"","meta":{"colormag_page_container_layout":"default_layout","colormag_page_sidebar_layout":"default_layout","_tribe_events_status":"","_tribe_events_status_reason":"","footnotes":""},"tags":[],"tribe_events_cat":[97],"class_list":["post-538","tribe_events","type-tribe_events","status-publish","has-post-thumbnail","hentry","tribe_events_cat-musica","cat_musica"],"_links":{"self":[{"href":"https:\/\/boracultura.com.br\/index.php\/wp-json\/wp\/v2\/tribe_events\/538","targetHints":{"allow":["GET"]}}],"collection":[{"href":"https:\/\/boracultura.com.br\/index.php\/wp-json\/wp\/v2\/tribe_events"}],"about":[{"href":"https:\/\/boracultura.com.br\/index.php\/wp-json\/wp\/v2\/types\/tribe_events"}],"author":[{"embeddable":true,"href":"https:\/\/boracultura.com.br\/index.php\/wp-json\/wp\/v2\/users\/1"}],"version-history":[{"count":4,"href":"https:\/\/boracultura.com.br\/index.php\/wp-json\/wp\/v2\/tribe_events\/538\/revisions"}],"predecessor-version":[{"id":603,"href":"https:\/\/boracultura.com.br\/index.php\/wp-json\/wp\/v2\/tribe_events\/538\/revisions\/603"}],"wp:featuredmedia":[{"embeddable":true,"href":"https:\/\/boracultura.com.br\/index.php\/wp-json\/wp\/v2\/media\/539"}],"wp:attachment":[{"href":"https:\/\/boracultura.com.br\/index.php\/wp-json\/wp\/v2\/media?parent=538"}],"wp:term":[{"taxonomy":"post_tag","embeddable":true,"href":"https:\/\/boracultura.com.br\/index.php\/wp-json\/wp\/v2\/tags?post=538"},{"taxonomy":"tribe_events_cat","embeddable":true,"href":"https:\/\/boracultura.com.br\/index.php\/wp-json\/wp\/v2\/tribe_events_cat?post=538"}],"curies":[{"name":"wp","href":"https:\/\/api.w.org\/{rel}","templated":true}]}}

Camisa de Vênus &#8211; Projeto Concha para Todos

<p>O projeto Concha para Todos, que oferece shows a preços mais acessíveis na Concha Acústica do TCA, chega à terceira temporada em 2026. Realizado pela Tapis Rouge e pela MG Produções, já tem confirmadas as primeiras atrações e datas do ano entrante: Camisa de Vênus (29 de março), Zélia Duncan (26 de abril), Flávio Venturini (10 de maio), Ira (14 de junho) e Ritchie (26 de julho).</p>
<p>Para a estreia da edição 2026, no aniversário de Salvador, nada mais justo que abrir com uma prata da casa. Fundada em 1980, pelo vocalista Marcelo Nova e pelo baixista Robério Santana, a banda Camisa de Vênus celebra 45 anos. Conhecido por seu estilo irreverente, o grupo surgiu com uma proposta disruptiva e logo se tornou um dos principais nomes do rock brasileiro.</p>
<p>Em 1983, o Camisa lançou seu primeiro álbum, que leva o nome da banda. De lá pra cá, emplacou sucessos como “Eu Não Matei Joana d’Arc”, “Sílvia” e “Bete Morreu”. Em 1987, gravou o LP “Duplo Sentido”, que vendeu 40 mil cópias e ficou marcado pela participação de Raul Seixas, ídolo do grupo, em uma das faixas. O álbum mais recente, “Agulha no Palheiro”, chegou ao público em 2021, em comemoração aos 40 anos da banda.</p>
<p><strong>Sobre o projeto</strong></p>
<p>Idealizado e executado pela Tapis Rouge e pela MG Produções, o Concha para Todos nasceu com o objetivo de restabelecer — ou fortalecer ou, ainda, criar — laços entre a Concha Acústica do TCA e os soteropolitanos, palco pelo qual costumam passar os maiores nomes da música brasileira que vêm a Salvador e que já rendeu momentos inesquecíveis a milhões de pessoas ao longo de seus mais de 60 anos. Desde o início, o projeto já levou ao palco o trio Xangai, Elomar e Renato Teixeira; Lobão; Zizi e Luiza Possi; e Marina Lima.</p>
<p>Xodó de público e artistas que são adeptos de apresentações mais intimistas, a Concha se destaca por ser um espaço a céu aberto, com singular distribuição da ocupação do espaço, sem assentos ou lugares marcados. Além disso, são características marcantes sua identidade jovial e sua histórica disposição à diversidade, que serve de premissa para o projeto.</p>
<hr />
<h3>SERVIÇO</h3>
<h4>CONCHA PARA TODOS &#8211; CAMISA DE VÊNUS</h4>
<p><strong>Quando:</strong> 29 de março (domingo), às 19h<br />
<strong>Onde:</strong> Concha Acústica do Teatro Castro Alves<br />
<strong>Quanto:</strong><br />
1º lote:<strong> </strong>R$ 90 (inteira) e R$ 45 (meia)<br />
2º lote: R$ 100 (inteira) e R$ 50 (meia)<br />
3º lote: R$ 120 (inteira) e R$ 60 (meia)<br />
<strong>Clube de Desconto:</strong> 40% de desconto sobre a inteira para os Assinantes do Clube Correio e Claro Clube (descontos não cumulativos).<br />
<strong>Classificação indicativa: </strong>18 anos.</p>
<p>&nbsp;</p>
<p><em>* Durante as obras do Novo TCA, o acesso à Concha Acústica será realizado exclusivamente pela Ladeira da Fonte (acesso de baixo). O estacionamento do TCA permanece fechado, e o público poderá utilizar o estacionamento da Ferreira Costa – Barris, que terá seu horário de funcionamento estendido até as 22h nos dias de evento.</em></p>

<p>O projeto Concha para Todos, que oferece shows a preços mais acessíveis na Concha Acústica do TCA, chega à terceira</p>
