{"id":546,"date":"2026-01-14T01:10:24","date_gmt":"2026-01-14T04:10:24","guid":{"rendered":"https:\/\/boracultura.com.br\/?post_type=tribe_events&#038;p=546"},"modified":"2026-01-14T21:44:25","modified_gmt":"2026-01-15T00:44:25","slug":"phonica-marisa-monte-orquestra-ao-vivo","status":"publish","type":"tribe_events","link":"https:\/\/boracultura.com.br\/index.php\/evento\/phonica-marisa-monte-orquestra-ao-vivo\/","title":{"rendered":"PHONICA \u2013 Marisa Monte &#038; Orquestra Ao Vivo"},"content":{"rendered":"<p>Marisa Monte se apresentar\u00e1 em Salvador em 2026 com sua turn\u00ea &#8220;Phonica \u2013 Marisa Monte &amp; Orquestra Ao Vivo&#8221; no dia 28 de mar\u00e7o de 2026, na Casa de Apostas Arena Fonte Nova. O espet\u00e1culo grandioso conta com a banda da cantora e uma orquestra sinf\u00f4nica de 55 m\u00fasicos regida pelo maestro Andr\u00e9 Bachur, revisitando seu repert\u00f3rio com arranjos sinf\u00f4nicos.<\/p>\n<hr \/>\n<h3>SERVI\u00c7O<\/h3>\n<p>Data: 28\/03\/2026 (s\u00e1bado)<br \/>\nAbertura dos port\u00f5es: 15h30<br \/>\nHor\u00e1rio do show: 18h30<br \/>\nLocal: Casa de Apostas Arena Fonte Nova \u2013 Ladeira da Fonte das Pedras, s\/n \u2013 Nazar\u00e9, 40050-565, Salvador<br \/>\nIngressos:\u00a0 <a href=\"https:\/\/sales.ticketsforfun.com.br\/#\/event\/phonica-marisa-monte-orquestra-2026-salvador\" target=\"_blank\" rel=\"noopener noreferrer nofollow\">www.ticketsforfun.com.br\u00a0<\/a> e na bilheteria oficial. Consulte condi\u00e7\u00f5es e hor\u00e1rios de funcionamento.<br \/>\nApresentado por: Banco do Brasil<br \/>\nMeio de pagamento preferencial: Cart\u00f5es BB Visa<br \/>\nRealiza\u00e7\u00e3o: T4F<\/p>\n<p>Classifica\u00e7\u00e3o et\u00e1ria: Crian\u00e7as abaixo de 6 anos n\u00e3o ter\u00e3o a entrada permitida. De 6 a 14 anos: entrada permitida acompanhadas por pais ou respons\u00e1veis legais. A partir de 15 anos: entrada permitida desacompanhados.<\/p>\n","protected":false},"excerpt":{"rendered":"<p>Marisa Monte se apresentar\u00e1 em Salvador em 2026 com sua turn\u00ea &#8220;Phonica \u2013 Marisa Monte &amp; Orquestra Ao Vivo&#8221; no<\/p>\n","protected":false},"author":1,"featured_media":547,"template":"","meta":{"colormag_page_container_layout":"default_layout","colormag_page_sidebar_layout":"default_layout","_tribe_events_status":"","_tribe_events_status_reason":"","footnotes":""},"tags":[93,94,89,92],"tribe_events_cat":[97],"class_list":["post-546","tribe_events","type-tribe_events","status-publish","has-post-thumbnail","hentry","tag-marisa-monte","tag-phonica","tag-salvador","tag-show","tribe_events_cat-musica","cat_musica"],"_links":{"self":[{"href":"https:\/\/boracultura.com.br\/index.php\/wp-json\/wp\/v2\/tribe_events\/546","targetHints":{"allow":["GET"]}}],"collection":[{"href":"https:\/\/boracultura.com.br\/index.php\/wp-json\/wp\/v2\/tribe_events"}],"about":[{"href":"https:\/\/boracultura.com.br\/index.php\/wp-json\/wp\/v2\/types\/tribe_events"}],"author":[{"embeddable":true,"href":"https:\/\/boracultura.com.br\/index.php\/wp-json\/wp\/v2\/users\/1"}],"version-history":[{"count":3,"href":"https:\/\/boracultura.com.br\/index.php\/wp-json\/wp\/v2\/tribe_events\/546\/revisions"}],"predecessor-version":[{"id":604,"href":"https:\/\/boracultura.com.br\/index.php\/wp-json\/wp\/v2\/tribe_events\/546\/revisions\/604"}],"wp:featuredmedia":[{"embeddable":true,"href":"https:\/\/boracultura.com.br\/index.php\/wp-json\/wp\/v2\/media\/547"}],"wp:attachment":[{"href":"https:\/\/boracultura.com.br\/index.php\/wp-json\/wp\/v2\/media?parent=546"}],"wp:term":[{"taxonomy":"post_tag","embeddable":true,"href":"https:\/\/boracultura.com.br\/index.php\/wp-json\/wp\/v2\/tags?post=546"},{"taxonomy":"tribe_events_cat","embeddable":true,"href":"https:\/\/boracultura.com.br\/index.php\/wp-json\/wp\/v2\/tribe_events_cat?post=546"}],"curies":[{"name":"wp","href":"https:\/\/api.w.org\/{rel}","templated":true}]}}

<p>Marisa Monte se apresentará em Salvador em 2026 com sua turnê &#8220;Phonica – Marisa Monte &amp; Orquestra Ao Vivo&#8221; no dia 28 de março de 2026, na Casa de Apostas Arena Fonte Nova. O espetáculo grandioso conta com a banda da cantora e uma orquestra sinfônica de 55 músicos regida pelo maestro André Bachur, revisitando seu repertório com arranjos sinfônicos.</p>
<hr />
<h3>SERVIÇO</h3>
<p>Data: 28/03/2026 (sábado)<br />
Abertura dos portões: 15h30<br />
Horário do show: 18h30<br />
Local: Casa de Apostas Arena Fonte Nova – Ladeira da Fonte das Pedras, s/n – Nazaré, 40050-565, Salvador<br />
Ingressos:  <a href="https://sales.ticketsforfun.com.br/#/event/phonica-marisa-monte-orquestra-2026-salvador" target="_blank" rel="noopener noreferrer nofollow">www.ticketsforfun.com.br </a> e na bilheteria oficial. Consulte condições e horários de funcionamento.<br />
Apresentado por: Banco do Brasil<br />
Meio de pagamento preferencial: Cartões BB Visa<br />
Realização: T4F</p>
<p>Classificação etária: Crianças abaixo de 6 anos não terão a entrada permitida. De 6 a 14 anos: entrada permitida acompanhadas por pais ou responsáveis legais. A partir de 15 anos: entrada permitida desacompanhados.</p>

<p>Marisa Monte se apresentará em Salvador em 2026 com sua turnê &#8220;Phonica – Marisa Monte &amp; Orquestra Ao Vivo&#8221; no</p>
