{"id":557,"date":"2026-01-14T01:31:24","date_gmt":"2026-01-14T04:31:24","guid":{"rendered":"https:\/\/boracultura.com.br\/?post_type=tribe_events&#038;p=557"},"modified":"2026-01-17T18:22:03","modified_gmt":"2026-01-17T21:22:03","slug":"espetaculo-chame-gente-um-carnaval-em-cada-esquina-3","status":"publish","type":"tribe_events","link":"https:\/\/boracultura.com.br\/index.php\/evento\/espetaculo-chame-gente-um-carnaval-em-cada-esquina-3\/","title":{"rendered":"Chame Gente &#8211; Um Carnaval em Cada Esquina"},"content":{"rendered":"<div>O espet\u00e1culo Chame Gente &#8211; um carnaval em cada esquina combina teatro e m\u00fasica para celebrar o Carnaval de Salvador.<\/div>\n<div><\/div>\n<div>O Carnaval de Salvador recebe uma homenagem emocionante, divertida e cheia de energia com a pe\u00e7a teatral\u00a0CHAME GENTE \u2013 um carnaval em cada esquina. Indicado ao Pr\u00eamio Bahia Aplaude 2025 nas categorias Revela\u00e7\u00e3o e Melhor Ator, o espet\u00e1culo combina teatro e m\u00fasica para trazer \u00e0 cena hist\u00f3rias, mem\u00f3rias e a ess\u00eancia contagiante do Carnaval de Salvador, enquanto celebra os\u00a040 anos da can\u00e7\u00e3o\u00a0que d\u00e1 t\u00edtulo \u00e0 pe\u00e7a, bem como da hist\u00f3ria do ax\u00e9 music e da inven\u00e7\u00e3o do trio el\u00e9trico.<\/div>\n<div><\/div>\n<div>\n<p>Com\u00a0dire\u00e7\u00e3o geral\u00a0de\u00a0Paula Lice,\u00a0dire\u00e7\u00e3o musical\u00a0de\u00a0Luciano Salvador Bahia\u00a0o espet\u00e1culo apresenta os\u00a0atores premiados Danilo Cairo e Leandro Santolli\u00a0em cena, narrando as aventuras, encontros e emo\u00e7\u00f5es que s\u00f3 a maior festa de rua do planeta pode proporcionar. Entre mem\u00f3rias pessoais e fatos hist\u00f3ricos, o p\u00fablico \u00e9 transportado para os circuitos da folia baiana, em uma experi\u00eancia envolvente que conecta a alegria contagiante dos trios el\u00e9tricos \u00e0 diversidade cultural de Salvador.<\/p>\n<p dir=\"auto\" align=\"justify\">CHAME GENTE \u00e9 uma celebra\u00e7\u00e3o do esp\u00edrito revolucion\u00e1rio e transformador do Carnaval. Com humor, paix\u00e3o e m\u00fasica, o espet\u00e1culo transforma as viv\u00eancias da pipoca, dos blocos e camarotes em um verdadeiro \u201cdocument\u00e1rio c\u00eanico\u201d, que emociona tanto baianos quanto turistas. \u00c9 um convite para reviver a liberdade, o suor e a magia que fazem desta festa um patrim\u00f4nio cultural do mundo.<\/p>\n<p>&nbsp;<\/p>\n<hr \/>\n<h3>SERVI\u00c7O<\/h3>\n<\/div>\n<p dir=\"auto\" align=\"justify\">Data: 16 a 31 de Janeiro \u2013 Sextas e s\u00e1bados \u00e0s 19h00<br \/>\nLocal: Teatro Greg\u00f3rio de Matos \u2013 Pra\u00e7a Castro Alves<br \/>\nEntrada:\u00a0<a href=\"https:\/\/bileto.sympla.com.br\/event\/114781\/d\/357760\/s\/2419632\" target=\"_blank\" rel=\"noopener\">Ingressos no Sympla<\/a><\/p>\n","protected":false},"excerpt":{"rendered":"<p>O espet\u00e1culo Chame Gente &#8211; um carnaval em cada esquina combina teatro e m\u00fasica para celebrar o Carnaval de Salvador.<\/p>\n","protected":false},"author":1,"featured_media":552,"template":"","meta":{"colormag_page_container_layout":"default_layout","colormag_page_sidebar_layout":"default_layout","_tribe_events_status":"","_tribe_events_status_reason":"","footnotes":""},"tags":[23,95,21],"tribe_events_cat":[96],"class_list":["post-557","tribe_events","type-tribe_events","status-publish","has-post-thumbnail","hentry","tag-teatro","tag-teatro-baiano","tag-teatro-salvador","tribe_events_cat-teatro","cat_teatro"],"_links":{"self":[{"href":"https:\/\/boracultura.com.br\/index.php\/wp-json\/wp\/v2\/tribe_events\/557","targetHints":{"allow":["GET"]}}],"collection":[{"href":"https:\/\/boracultura.com.br\/index.php\/wp-json\/wp\/v2\/tribe_events"}],"about":[{"href":"https:\/\/boracultura.com.br\/index.php\/wp-json\/wp\/v2\/types\/tribe_events"}],"author":[{"embeddable":true,"href":"https:\/\/boracultura.com.br\/index.php\/wp-json\/wp\/v2\/users\/1"}],"version-history":[{"count":3,"href":"https:\/\/boracultura.com.br\/index.php\/wp-json\/wp\/v2\/tribe_events\/557\/revisions"}],"predecessor-version":[{"id":803,"href":"https:\/\/boracultura.com.br\/index.php\/wp-json\/wp\/v2\/tribe_events\/557\/revisions\/803"}],"wp:featuredmedia":[{"embeddable":true,"href":"https:\/\/boracultura.com.br\/index.php\/wp-json\/wp\/v2\/media\/552"}],"wp:attachment":[{"href":"https:\/\/boracultura.com.br\/index.php\/wp-json\/wp\/v2\/media?parent=557"}],"wp:term":[{"taxonomy":"post_tag","embeddable":true,"href":"https:\/\/boracultura.com.br\/index.php\/wp-json\/wp\/v2\/tags?post=557"},{"taxonomy":"tribe_events_cat","embeddable":true,"href":"https:\/\/boracultura.com.br\/index.php\/wp-json\/wp\/v2\/tribe_events_cat?post=557"}],"curies":[{"name":"wp","href":"https:\/\/api.w.org\/{rel}","templated":true}]}}

<div>O espetáculo Chame Gente &#8211; um carnaval em cada esquina combina teatro e música para celebrar o Carnaval de Salvador.</div>
<div></div>
<div>O Carnaval de Salvador recebe uma homenagem emocionante, divertida e cheia de energia com a peça teatral CHAME GENTE – um carnaval em cada esquina. Indicado ao Prêmio Bahia Aplaude 2025 nas categorias Revelação e Melhor Ator, o espetáculo combina teatro e música para trazer à cena histórias, memórias e a essência contagiante do Carnaval de Salvador, enquanto celebra os 40 anos da canção que dá título à peça, bem como da história do axé music e da invenção do trio elétrico.</div>
<div></div>
<div>
<p>Com direção geral de Paula Lice, direção musical de Luciano Salvador Bahia o espetáculo apresenta os atores premiados Danilo Cairo e Leandro Santolli em cena, narrando as aventuras, encontros e emoções que só a maior festa de rua do planeta pode proporcionar. Entre memórias pessoais e fatos históricos, o público é transportado para os circuitos da folia baiana, em uma experiência envolvente que conecta a alegria contagiante dos trios elétricos à diversidade cultural de Salvador.</p>
<p dir="auto" align="justify">CHAME GENTE é uma celebração do espírito revolucionário e transformador do Carnaval. Com humor, paixão e música, o espetáculo transforma as vivências da pipoca, dos blocos e camarotes em um verdadeiro “documentário cênico”, que emociona tanto baianos quanto turistas. É um convite para reviver a liberdade, o suor e a magia que fazem desta festa um patrimônio cultural do mundo.</p>
<p>&nbsp;</p>
<hr />
<h3>SERVIÇO</h3>
</div>
<p dir="auto" align="justify">Data: 16 a 31 de Janeiro – Sextas e sábados às 19h00<br />
Local: Teatro Gregório de Matos – Praça Castro Alves<br />
Entrada: <a href="https://bileto.sympla.com.br/event/114781/d/357760/s/2419632" target="_blank" rel="noopener">Ingressos no Sympla</a></p>

<p>O espetáculo Chame Gente &#8211; um carnaval em cada esquina combina teatro e música para celebrar o Carnaval de Salvador.</p>
