{"id":571,"date":"2026-01-14T01:57:16","date_gmt":"2026-01-14T04:57:16","guid":{"rendered":"https:\/\/boracultura.com.br\/?post_type=tribe_events&#038;p=571"},"modified":"2026-01-14T21:48:58","modified_gmt":"2026-01-15T00:48:58","slug":"espetaculo-macbethricardoiii-um-tratado-de-vilania-3","status":"publish","type":"tribe_events","link":"https:\/\/boracultura.com.br\/index.php\/evento\/espetaculo-macbethricardoiii-um-tratado-de-vilania-3\/","title":{"rendered":"MacbethRicardoIII: Um Tratado De Vilania"},"content":{"rendered":"<p>Dois monarcas, dois tiranos, Macbeth e Ricardo III, se encontram inesperadamente e, ao mesmo tempo, num lugar ermo e atemporal. A partir da\u00ed, se inicia um embate entre suas pr\u00e1ticas e habilidades sobre vilania, expondo assim suas for\u00e7as e fraquezas para alcan\u00e7ar, manter e perpetuar o poder. Partindo das duas obras de Shakespeare, o Coletivo Duo apresenta seu d\u00e9cimo espet\u00e1culo (2023), nesta remontagem com Israel Barretto e Saulus Castro, encena\u00e7\u00e3o de Rino Carvalho, Dramaturgia de Paulo Atto e Trilha sonora de Luciano Salvador Bahia, numa discuss\u00e3o sobre estruturas de poder e suas imbrica\u00e7\u00f5es na contemporaneidade.<\/p>\n<p>&nbsp;<\/p>\n<hr \/>\n<h3>SERVI\u00c7O<\/h3>\n<p dir=\"ltr\">Espet\u00e1culo: MacbethRicardoIII \u2013 Um Tratado de Vilania<br \/>\nTemporada: 29 de janeiro a 01 de fevereiro<br \/>\nLocal: Cine Teatro 02 de Julho<br \/>\nHor\u00e1rio: 29, 30 e 31\/01 \u00e0s 20h | 01\/02 \u00e0s 19h<br \/>\nIngressos: R$ 60 (inteira) | R$ 30 (meia)<br \/>\nVendas: <a href=\"https:\/\/www.sympla.com.br\/evento\/macbethricardoiii-um-tratado-de-vilania-espetaculo-teatral\/3269081\">Ingressos no Sympla<\/a><\/p>\n<p dir=\"ltr\">Classifica\u00e7\u00e3o indicativa: 18 anos<br \/>\nPromo\u00e7\u00e3o: p\u00fablico vestido de branco ganha 50% de desconto no valor da inteira<\/p>\n<p dir=\"ltr\">*Estacionamento no local<\/p>\n","protected":false},"excerpt":{"rendered":"<p>Dois monarcas, dois tiranos, Macbeth e Ricardo III, se encontram inesperadamente e, ao mesmo tempo, num lugar ermo e atemporal.<\/p>\n","protected":false},"author":1,"featured_media":384,"template":"","meta":{"colormag_page_container_layout":"default_layout","colormag_page_sidebar_layout":"default_layout","_tribe_events_status":"","_tribe_events_status_reason":"","footnotes":""},"tags":[],"tribe_events_cat":[96],"class_list":["post-571","tribe_events","type-tribe_events","status-publish","has-post-thumbnail","hentry","tribe_events_cat-teatro","cat_teatro"],"_links":{"self":[{"href":"https:\/\/boracultura.com.br\/index.php\/wp-json\/wp\/v2\/tribe_events\/571","targetHints":{"allow":["GET"]}}],"collection":[{"href":"https:\/\/boracultura.com.br\/index.php\/wp-json\/wp\/v2\/tribe_events"}],"about":[{"href":"https:\/\/boracultura.com.br\/index.php\/wp-json\/wp\/v2\/types\/tribe_events"}],"author":[{"embeddable":true,"href":"https:\/\/boracultura.com.br\/index.php\/wp-json\/wp\/v2\/users\/1"}],"version-history":[{"count":3,"href":"https:\/\/boracultura.com.br\/index.php\/wp-json\/wp\/v2\/tribe_events\/571\/revisions"}],"predecessor-version":[{"id":613,"href":"https:\/\/boracultura.com.br\/index.php\/wp-json\/wp\/v2\/tribe_events\/571\/revisions\/613"}],"wp:featuredmedia":[{"embeddable":true,"href":"https:\/\/boracultura.com.br\/index.php\/wp-json\/wp\/v2\/media\/384"}],"wp:attachment":[{"href":"https:\/\/boracultura.com.br\/index.php\/wp-json\/wp\/v2\/media?parent=571"}],"wp:term":[{"taxonomy":"post_tag","embeddable":true,"href":"https:\/\/boracultura.com.br\/index.php\/wp-json\/wp\/v2\/tags?post=571"},{"taxonomy":"tribe_events_cat","embeddable":true,"href":"https:\/\/boracultura.com.br\/index.php\/wp-json\/wp\/v2\/tribe_events_cat?post=571"}],"curies":[{"name":"wp","href":"https:\/\/api.w.org\/{rel}","templated":true}]}}

<p>Dois monarcas, dois tiranos, Macbeth e Ricardo III, se encontram inesperadamente e, ao mesmo tempo, num lugar ermo e atemporal. A partir daí, se inicia um embate entre suas práticas e habilidades sobre vilania, expondo assim suas forças e fraquezas para alcançar, manter e perpetuar o poder. Partindo das duas obras de Shakespeare, o Coletivo Duo apresenta seu décimo espetáculo (2023), nesta remontagem com Israel Barretto e Saulus Castro, encenação de Rino Carvalho, Dramaturgia de Paulo Atto e Trilha sonora de Luciano Salvador Bahia, numa discussão sobre estruturas de poder e suas imbricações na contemporaneidade.</p>
<p>&nbsp;</p>
<hr />
<h3>SERVIÇO</h3>
<p dir="ltr">Espetáculo: MacbethRicardoIII – Um Tratado de Vilania<br />
Temporada: 29 de janeiro a 01 de fevereiro<br />
Local: Cine Teatro 02 de Julho<br />
Horário: 29, 30 e 31/01 às 20h | 01/02 às 19h<br />
Ingressos: R$ 60 (inteira) | R$ 30 (meia)<br />
Vendas: <a href="https://www.sympla.com.br/evento/macbethricardoiii-um-tratado-de-vilania-espetaculo-teatral/3269081">Ingressos no Sympla</a></p>
<p dir="ltr">Classificação indicativa: 18 anos<br />
Promoção: público vestido de branco ganha 50% de desconto no valor da inteira</p>
<p dir="ltr">*Estacionamento no local</p>
