{"id":676,"date":"2026-01-15T00:39:40","date_gmt":"2026-01-15T03:39:40","guid":{"rendered":"https:\/\/boracultura.com.br\/?post_type=tribe_events&#038;p=676"},"modified":"2026-01-15T00:41:15","modified_gmt":"2026-01-15T03:41:15","slug":"festival-giro-conecta-4","status":"publish","type":"tribe_events","link":"https:\/\/boracultura.com.br\/index.php\/evento\/festival-giro-conecta-4\/","title":{"rendered":"Festival Giro Conecta"},"content":{"rendered":"<div class=\"elementor-element elementor-element-60e21cc e-flex e-con-full e-con e-parent e-lazyloaded\" data-id=\"60e21cc\" data-element_type=\"container\">\n<div class=\"elementor-element elementor-element-86e8d72 elementor-widget elementor-widget-ccbb-paragrafo-com-download\" data-id=\"86e8d72\" data-element_type=\"widget\" data-widget_type=\"ccbb-paragrafo-com-download.default\">\n<div class=\"elementor-widget-container\">\n<div class=\"container mx-auto px-4 py-12\">\n<div class=\"text-lg space-y-4 font-light\">Entre 15 e 18 de janeiro, o Festival Giro Conecta vai realizar uma s\u00e9rie de apresenta\u00e7\u00f5es musicais no p\u00e1tio do Pal\u00e1cio da Aclama\u00e7\u00e3o, em Salvador, local que ser\u00e1 a casa do Centro Cultural Banco do Brasil. A proposta do evento \u00e9 promover interc\u00e2mbios culturais atrav\u00e9s de encontros de artistas brasileiros com expoentes da m\u00fasica do continente africano ou de outros pa\u00edses da Am\u00e9rica Latina.\u00a0\u00a0O evento \u00e9 um desdobramento da plataforma Giro Conecta, que tem o prop\u00f3sito de fortalecer redes de projetos art\u00edsticos de pa\u00edses da Am\u00e9rica Latina e \u00c1frica. Al\u00e9m de ampliar o acesso do p\u00fablico \u00e0 m\u00fasica contempor\u00e2nea brasileira, africana e latino-americana, o festival quer estimular o reconhecimento de identidades culturais diversas atrav\u00e9s da arte e da reflex\u00e3o cr\u00edtica.\u00a0O festival ter\u00e1 quatro shows e uma mesa de debate sobre como a m\u00fasica afro-caribenha tem moldado o mundo da m\u00fasica, promovendo assim uma experi\u00eancia que refor\u00e7a la\u00e7os culturais, incentiva a internacionaliza\u00e7\u00e3o da produ\u00e7\u00e3o musical brasileira e tamb\u00e9m refor\u00e7a o papel imprescind\u00edvel de Salvador na potencializa\u00e7\u00e3o da ind\u00fastria criativa do Brasil.Nesta primeira edi\u00e7\u00e3o, Joana convida Priscila Santana para compor a curadoria do Festival. Em seus trabalhos, Priscila constr\u00f3i line-ups que promovem a diversidade de g\u00eanero e ra\u00e7a, unindo nomes j\u00e1 consagrados ao que h\u00e1 de mais novo no cen\u00e1rio global. Nascida na Bahia, a curadora j\u00e1 assinou projetos como o SummerStage Festival, um dos maiores eventos dedicados ao jazz nos Estados Unidos.Ap\u00f3s os shows, o festival continuar\u00e1 animando o p\u00fablico com DJs internacionais e brasileiros. Entre os destaques est\u00e3o F\u00e1bio Lima (Angola), Dami Falade (Nig\u00e9ria) e os brasileiros Raiz, Pureza e outros. Al\u00e9m das apresenta\u00e7\u00f5es, o festival promover\u00e1 uma mesa de discuss\u00e3o. O debate focar\u00e1 em como a cena afro-caribenha molda a m\u00fasica global e como Salvador potencializa a ind\u00fastria criativa brasileira.<\/div>\n<\/div>\n<\/div>\n<\/div>\n<div class=\"elementor-element elementor-element-6c93b0b elementor-widget elementor-widget-spacer\" data-id=\"6c93b0b\" data-element_type=\"widget\" data-widget_type=\"spacer.default\">\n<div class=\"elementor-spacer\">\n<div class=\"elementor-spacer-inner\"><\/div>\n<\/div>\n<\/div>\n<\/div>\n<div class=\"elementor-element elementor-element-f2eef63 e-flex e-con-full e-con e-parent e-lazyloaded\" data-id=\"f2eef63\" data-element_type=\"container\">\n<div class=\"elementor-element elementor-element-a8bb9c5 elementor-widget elementor-widget-titulo-ccbb\" data-id=\"a8bb9c5\" data-element_type=\"widget\" data-widget_type=\"titulo-ccbb.default\">\n<div class=\"elementor-widget-container\">\n<div class=\"container\">\n<p class=\"ccbb-titulo text-2xl font-bold text-left leading-tight tracking-tight\"><strong>Programa\u00e7\u00e3o<\/strong><\/p>\n<\/div>\n<\/div>\n<\/div>\n<\/div>\n<div class=\"elementor-element elementor-element-e9ba193 e-flex e-con-full e-con e-parent e-lazyloaded\" data-id=\"e9ba193\" data-element_type=\"container\">\n<div class=\"elementor-element elementor-element-7d918f8 elementor-widget elementor-widget-ccbb-paragrafo-com-download\" data-id=\"7d918f8\" data-element_type=\"widget\" data-widget_type=\"ccbb-paragrafo-com-download.default\">\n<div class=\"elementor-widget-container\">\n<div class=\"container mx-auto px-4 py-12\">\n<div class=\"text-lg space-y-4 font-light\">\n<p>\ud83d\uddd3\ufe0f 15.01 | Magary Lord convida Yuri da Cunha (Angola)<\/p>\n<ul>\n<li dir=\"ltr\" aria-level=\"1\">18h &#8211; abertura dos port\u00f5es<\/li>\n<li dir=\"ltr\" aria-level=\"1\">19h &#8211; In\u00edcio do show Magary Lord convida Yuri da Cunha (Angola)<\/li>\n<li dir=\"ltr\" aria-level=\"1\">21h \u00e0s 22h30 &#8211; after: Noite Africana: Dj F\u00e1bio Lima (Angola) e Dj Dami Falade (Nig\u00e9ria)<\/li>\n<\/ul>\n<p>\ud83d\uddd3\ufe0f 16.01 | Jota P\u00ea convida Mayra Andrade (Cabo Verde)<\/p>\n<ul>\n<li dir=\"ltr\" aria-level=\"1\">18h &#8211; abertura dos port\u00f5es<\/li>\n<li dir=\"ltr\" aria-level=\"1\">19h &#8211; In\u00edcio do show Jota P\u00ea convida\u00a0 Mayra Andrade (Cabo Verde)<\/li>\n<li dir=\"ltr\" aria-level=\"1\">21h \u00e0s 22h30 &#8211; after: Time Punanny + DJ Nai Kiese<\/li>\n<\/ul>\n<p>\ud83d\uddd3\ufe0f 17.01 | RDD, T\u00e1ssia Reis e Larissa Luz convidam Goyo (Col\u00f4mbia)<\/p>\n<ul>\n<li dir=\"ltr\" aria-level=\"1\">18h &#8211; abertura dos port\u00f5es<\/li>\n<li dir=\"ltr\" aria-level=\"1\">19h &#8211; In\u00edcio do show RDD, T\u00e1ssia Reis e\u00a0 Larissa Luz convidam Goyo (Col\u00f4mbia)<\/li>\n<li dir=\"ltr\" aria-level=\"1\">21h \u00e0s 22h30 &#8211; after: Baile Socakuduro: DJs Raiz e Pureza<\/li>\n<\/ul>\n<p>\ud83d\uddd3\ufe0f 18.01 | Chico C\u00e9sar e Aguidavi do J\u00eaje convidam Mario Lucio (Cabo Verde)<\/p>\n<ul>\n<li dir=\"ltr\" aria-level=\"1\">18h &#8211; abertura dos port\u00f5es<\/li>\n<li dir=\"ltr\" aria-level=\"1\">19h &#8211; In\u00edcio do show Chico C\u00e9sar e Aguidavi do J\u00eaje convidam Mario Lucio (Cabo Verde)<\/li>\n<li dir=\"ltr\" aria-level=\"1\">21h \u00e0s 22h30 &#8211; after: \u00a0Ritmia: DJs Orix\u00e1fricano e DJ DFRNC<\/li>\n<\/ul>\n<\/div>\n<\/div>\n<\/div>\n<\/div>\n<\/div>\n","protected":false},"excerpt":{"rendered":"<p>Entre 15 e 18 de janeiro, o Festival Giro Conecta vai realizar uma s\u00e9rie de apresenta\u00e7\u00f5es musicais no p\u00e1tio do<\/p>\n","protected":false},"author":1,"featured_media":677,"template":"","meta":{"colormag_page_container_layout":"default_layout","colormag_page_sidebar_layout":"default_layout","_tribe_events_status":"","_tribe_events_status_reason":"","footnotes":""},"tags":[],"tribe_events_cat":[97],"class_list":["post-676","tribe_events","type-tribe_events","status-publish","has-post-thumbnail","hentry","tribe_events_cat-musica","cat_musica"],"_links":{"self":[{"href":"https:\/\/boracultura.com.br\/index.php\/wp-json\/wp\/v2\/tribe_events\/676","targetHints":{"allow":["GET"]}}],"collection":[{"href":"https:\/\/boracultura.com.br\/index.php\/wp-json\/wp\/v2\/tribe_events"}],"about":[{"href":"https:\/\/boracultura.com.br\/index.php\/wp-json\/wp\/v2\/types\/tribe_events"}],"author":[{"embeddable":true,"href":"https:\/\/boracultura.com.br\/index.php\/wp-json\/wp\/v2\/users\/1"}],"version-history":[{"count":1,"href":"https:\/\/boracultura.com.br\/index.php\/wp-json\/wp\/v2\/tribe_events\/676\/revisions"}],"predecessor-version":[{"id":678,"href":"https:\/\/boracultura.com.br\/index.php\/wp-json\/wp\/v2\/tribe_events\/676\/revisions\/678"}],"wp:featuredmedia":[{"embeddable":true,"href":"https:\/\/boracultura.com.br\/index.php\/wp-json\/wp\/v2\/media\/677"}],"wp:attachment":[{"href":"https:\/\/boracultura.com.br\/index.php\/wp-json\/wp\/v2\/media?parent=676"}],"wp:term":[{"taxonomy":"post_tag","embeddable":true,"href":"https:\/\/boracultura.com.br\/index.php\/wp-json\/wp\/v2\/tags?post=676"},{"taxonomy":"tribe_events_cat","embeddable":true,"href":"https:\/\/boracultura.com.br\/index.php\/wp-json\/wp\/v2\/tribe_events_cat?post=676"}],"curies":[{"name":"wp","href":"https:\/\/api.w.org\/{rel}","templated":true}]}}

<div class="elementor-element elementor-element-60e21cc e-flex e-con-full e-con e-parent e-lazyloaded" data-id="60e21cc" data-element_type="container">
<div class="elementor-element elementor-element-86e8d72 elementor-widget elementor-widget-ccbb-paragrafo-com-download" data-id="86e8d72" data-element_type="widget" data-widget_type="ccbb-paragrafo-com-download.default">
<div class="elementor-widget-container">
<div class="container mx-auto px-4 py-12">
<div class="text-lg space-y-4 font-light">Entre 15 e 18 de janeiro, o Festival Giro Conecta vai realizar uma série de apresentações musicais no pátio do Palácio da Aclamação, em Salvador, local que será a casa do Centro Cultural Banco do Brasil. A proposta do evento é promover intercâmbios culturais através de encontros de artistas brasileiros com expoentes da música do continente africano ou de outros países da América Latina.  O evento é um desdobramento da plataforma Giro Conecta, que tem o propósito de fortalecer redes de projetos artísticos de países da América Latina e África. Além de ampliar o acesso do público à música contemporânea brasileira, africana e latino-americana, o festival quer estimular o reconhecimento de identidades culturais diversas através da arte e da reflexão crítica. O festival terá quatro shows e uma mesa de debate sobre como a música afro-caribenha tem moldado o mundo da música, promovendo assim uma experiência que reforça laços culturais, incentiva a internacionalização da produção musical brasileira e também reforça o papel imprescindível de Salvador na potencialização da indústria criativa do Brasil.Nesta primeira edição, Joana convida Priscila Santana para compor a curadoria do Festival. Em seus trabalhos, Priscila constrói line-ups que promovem a diversidade de gênero e raça, unindo nomes já consagrados ao que há de mais novo no cenário global. Nascida na Bahia, a curadora já assinou projetos como o SummerStage Festival, um dos maiores eventos dedicados ao jazz nos Estados Unidos.Após os shows, o festival continuará animando o público com DJs internacionais e brasileiros. Entre os destaques estão Fábio Lima (Angola), Dami Falade (Nigéria) e os brasileiros Raiz, Pureza e outros. Além das apresentações, o festival promoverá uma mesa de discussão. O debate focará em como a cena afro-caribenha molda a música global e como Salvador potencializa a indústria criativa brasileira.</div>
</div>
</div>
</div>
<div class="elementor-element elementor-element-6c93b0b elementor-widget elementor-widget-spacer" data-id="6c93b0b" data-element_type="widget" data-widget_type="spacer.default">
<div class="elementor-spacer">
<div class="elementor-spacer-inner"></div>
</div>
</div>
</div>
<div class="elementor-element elementor-element-f2eef63 e-flex e-con-full e-con e-parent e-lazyloaded" data-id="f2eef63" data-element_type="container">
<div class="elementor-element elementor-element-a8bb9c5 elementor-widget elementor-widget-titulo-ccbb" data-id="a8bb9c5" data-element_type="widget" data-widget_type="titulo-ccbb.default">
<div class="elementor-widget-container">
<div class="container">
<p class="ccbb-titulo text-2xl font-bold text-left leading-tight tracking-tight"><strong>Programação</strong></p>
</div>
</div>
</div>
</div>
<div class="elementor-element elementor-element-e9ba193 e-flex e-con-full e-con e-parent e-lazyloaded" data-id="e9ba193" data-element_type="container">
<div class="elementor-element elementor-element-7d918f8 elementor-widget elementor-widget-ccbb-paragrafo-com-download" data-id="7d918f8" data-element_type="widget" data-widget_type="ccbb-paragrafo-com-download.default">
<div class="elementor-widget-container">
<div class="container mx-auto px-4 py-12">
<div class="text-lg space-y-4 font-light">
<p>🗓️ 15.01 | Magary Lord convida Yuri da Cunha (Angola)</p>
<ul>
<li dir="ltr" aria-level="1">18h &#8211; abertura dos portões</li>
<li dir="ltr" aria-level="1">19h &#8211; Início do show Magary Lord convida Yuri da Cunha (Angola)</li>
<li dir="ltr" aria-level="1">21h às 22h30 &#8211; after: Noite Africana: Dj Fábio Lima (Angola) e Dj Dami Falade (Nigéria)</li>
</ul>
<p>🗓️ 16.01 | Jota Pê convida Mayra Andrade (Cabo Verde)</p>
<ul>
<li dir="ltr" aria-level="1">18h &#8211; abertura dos portões</li>
<li dir="ltr" aria-level="1">19h &#8211; Início do show Jota Pê convida  Mayra Andrade (Cabo Verde)</li>
<li dir="ltr" aria-level="1">21h às 22h30 &#8211; after: Time Punanny + DJ Nai Kiese</li>
</ul>
<p>🗓️ 17.01 | RDD, Tássia Reis e Larissa Luz convidam Goyo (Colômbia)</p>
<ul>
<li dir="ltr" aria-level="1">18h &#8211; abertura dos portões</li>
<li dir="ltr" aria-level="1">19h &#8211; Início do show RDD, Tássia Reis e  Larissa Luz convidam Goyo (Colômbia)</li>
<li dir="ltr" aria-level="1">21h às 22h30 &#8211; after: Baile Socakuduro: DJs Raiz e Pureza</li>
</ul>
<p>🗓️ 18.01 | Chico César e Aguidavi do Jêje convidam Mario Lucio (Cabo Verde)</p>
<ul>
<li dir="ltr" aria-level="1">18h &#8211; abertura dos portões</li>
<li dir="ltr" aria-level="1">19h &#8211; Início do show Chico César e Aguidavi do Jêje convidam Mario Lucio (Cabo Verde)</li>
<li dir="ltr" aria-level="1">21h às 22h30 &#8211; after:  Ritmia: DJs Orixáfricano e DJ DFRNC</li>
</ul>
</div>
</div>
</div>
</div>
</div>

<p>Entre 15 e 18 de janeiro, o Festival Giro Conecta vai realizar uma série de apresentações musicais no pátio do</p>
