{"id":686,"date":"2026-01-15T01:08:48","date_gmt":"2026-01-15T04:08:48","guid":{"rendered":"https:\/\/boracultura.com.br\/?post_type=tribe_events&#038;p=686"},"modified":"2026-01-20T13:25:29","modified_gmt":"2026-01-20T16:25:29","slug":"grupo-botequim-na-eco","status":"publish","type":"tribe_events","link":"https:\/\/boracultura.com.br\/index.php\/evento\/grupo-botequim-na-eco\/","title":{"rendered":"Grupo Botequim na Eco"},"content":{"rendered":"<p>Vai ter samba tradicional na Eco Rio Vermelho<\/p>\n<p>Pela primeira vez, o Grupo Botequim chega \u00e0 ECO, levando pro Rio Vermelho o samba que nasceu em Itapu\u00e3 e ganhou corpo nas rodas mais marcantes do Santo Ant\u00f4nio Al\u00e9m do Carmo.<\/p>\n<p>O Grupo Botequim faz samba raiz, com repert\u00f3rio que valoriza a Bahia, suas hist\u00f3rias e seus mestres! Um som que respeita a tradi\u00e7\u00e3o, mas chega vivo, atual e feito pra ser cantado junto, do come\u00e7o ao fim!<\/p>\n<p>No ver\u00e3o, o samba fica ainda mais necess\u00e1rio&#8230; \u00c9 ele que junta gente, atravessa gera\u00e7\u00f5es e segue firme como express\u00e3o de resist\u00eancia e afeto. Quando o Grupo Botequim toca, o samba n\u00e3o \u00e9 s\u00f3 m\u00fasica: \u00e9 presen\u00e7a, \u00e9 corpo, \u00e9 conex\u00e3o que bate no peito e fica. Prepara o p\u00e9 que o samba vai ferver na ECO<\/p>\n<p>\ud83d\udcc5 22\/01 (quinta-feira)<br \/>\n\u23f0 20h<br \/>\n\ud83d\udccd ECO \u2013 Rio Vermelho<br \/>\n\ud83c\udf9f\ufe0f <a href=\"https:\/\/vendas.ticketmaker.com.br\/evento\/grupo-botequim-na-eco\/6516-802?utm_source=ig&amp;utm_medium=social&amp;utm_content=link_in_bio&amp;fbclid=PAZXh0bgNhZW0CMTEAc3J0YwZhcHBfaWQMMjU2MjgxMDQwNTU4AAGnA75SqWd9c49EDXmJS_q-1GHPGo4S7f1yVvRDOx5xfxHYw-HJQ7sy0P_hHGs_aem_kNrNI3N0UFxsWNJxDR6c6A\">Ingressos antecipados no Ticket Maker<\/a> R$30<\/p>\n","protected":false},"excerpt":{"rendered":"<p>Vai ter samba tradicional na Eco Rio Vermelho Pela primeira vez, o Grupo Botequim chega \u00e0 ECO, levando pro Rio<\/p>\n","protected":false},"author":1,"featured_media":687,"template":"","meta":{"colormag_page_container_layout":"default_layout","colormag_page_sidebar_layout":"default_layout","_tribe_events_status":"","_tribe_events_status_reason":"","footnotes":""},"tags":[],"tribe_events_cat":[97],"class_list":["post-686","tribe_events","type-tribe_events","status-publish","has-post-thumbnail","hentry","tribe_events_cat-musica","cat_musica"],"_links":{"self":[{"href":"https:\/\/boracultura.com.br\/index.php\/wp-json\/wp\/v2\/tribe_events\/686","targetHints":{"allow":["GET"]}}],"collection":[{"href":"https:\/\/boracultura.com.br\/index.php\/wp-json\/wp\/v2\/tribe_events"}],"about":[{"href":"https:\/\/boracultura.com.br\/index.php\/wp-json\/wp\/v2\/types\/tribe_events"}],"author":[{"embeddable":true,"href":"https:\/\/boracultura.com.br\/index.php\/wp-json\/wp\/v2\/users\/1"}],"version-history":[{"count":1,"href":"https:\/\/boracultura.com.br\/index.php\/wp-json\/wp\/v2\/tribe_events\/686\/revisions"}],"predecessor-version":[{"id":689,"href":"https:\/\/boracultura.com.br\/index.php\/wp-json\/wp\/v2\/tribe_events\/686\/revisions\/689"}],"wp:featuredmedia":[{"embeddable":true,"href":"https:\/\/boracultura.com.br\/index.php\/wp-json\/wp\/v2\/media\/687"}],"wp:attachment":[{"href":"https:\/\/boracultura.com.br\/index.php\/wp-json\/wp\/v2\/media?parent=686"}],"wp:term":[{"taxonomy":"post_tag","embeddable":true,"href":"https:\/\/boracultura.com.br\/index.php\/wp-json\/wp\/v2\/tags?post=686"},{"taxonomy":"tribe_events_cat","embeddable":true,"href":"https:\/\/boracultura.com.br\/index.php\/wp-json\/wp\/v2\/tribe_events_cat?post=686"}],"curies":[{"name":"wp","href":"https:\/\/api.w.org\/{rel}","templated":true}]}}

<p>Vai ter samba tradicional na Eco Rio Vermelho</p>
<p>Pela primeira vez, o Grupo Botequim chega à ECO, levando pro Rio Vermelho o samba que nasceu em Itapuã e ganhou corpo nas rodas mais marcantes do Santo Antônio Além do Carmo.</p>
<p>O Grupo Botequim faz samba raiz, com repertório que valoriza a Bahia, suas histórias e seus mestres! Um som que respeita a tradição, mas chega vivo, atual e feito pra ser cantado junto, do começo ao fim!</p>
<p>No verão, o samba fica ainda mais necessário&#8230; É ele que junta gente, atravessa gerações e segue firme como expressão de resistência e afeto. Quando o Grupo Botequim toca, o samba não é só música: é presença, é corpo, é conexão que bate no peito e fica. Prepara o pé que o samba vai ferver na ECO</p>
<p>📅 22/01 (quinta-feira)<br />
⏰ 20h<br />
📍 ECO – Rio Vermelho<br />
🎟️ <a href="https://vendas.ticketmaker.com.br/evento/grupo-botequim-na-eco/6516-802?utm_source=ig&amp;utm_medium=social&amp;utm_content=link_in_bio&amp;fbclid=PAZXh0bgNhZW0CMTEAc3J0YwZhcHBfaWQMMjU2MjgxMDQwNTU4AAGnA75SqWd9c49EDXmJS_q-1GHPGo4S7f1yVvRDOx5xfxHYw-HJQ7sy0P_hHGs_aem_kNrNI3N0UFxsWNJxDR6c6A">Ingressos antecipados no Ticket Maker</a> R$30</p>

<p>Vai ter samba tradicional na Eco Rio Vermelho Pela primeira vez, o Grupo Botequim chega à ECO, levando pro Rio</p>
