{"id":697,"date":"2026-01-15T07:27:07","date_gmt":"2026-01-15T10:27:07","guid":{"rendered":"https:\/\/boracultura.com.br\/?post_type=tribe_events&#038;p=697"},"modified":"2026-01-15T13:31:56","modified_gmt":"2026-01-15T16:31:56","slug":"paroano-sai-milho-sauda-o-senhor-do-bonfim-em-show-especial-na-varanda-do-sesi-rio-vermelho","status":"publish","type":"tribe_events","link":"https:\/\/boracultura.com.br\/index.php\/evento\/paroano-sai-milho-sauda-o-senhor-do-bonfim-em-show-especial-na-varanda-do-sesi-rio-vermelho\/","title":{"rendered":"Paroano Sai Milh\u00f3 sa\u00fada o Senhor do Bonfim"},"content":{"rendered":"<p class=\"v1x_MsoNormal\">Paroano Sai Milh\u00f3 sa\u00fada o Senhor do Bonfim em show especial na Varanda do SESI Rio Vermelho<\/p>\n<p class=\"v1x_MsoNormal\">No dia do show a camisa do carnaval 2026 do Paroano ser\u00e1 lan\u00e7ada e estar\u00e1 \u00e0 venda por R$70<\/p>\n<p class=\"v1x_MsoNormal\">O ano de 2026 come\u00e7a em clima de f\u00e9, tradi\u00e7\u00e3o e alegria com o show\u00a0&#8220;Paroano Sai Milh\u00f3 sa\u00fada o Senhor do Bonfim&#8221;, que acontece na\u00a0quinta-feira, 15 de janeiro, \u00e0s\u00a021h, na\u00a0Varanda do SESI Rio Vermelho, em Salvador. \u00cdcone do carnaval baiano, o bloco\u00a0Paroano Sai Milh\u00f3\u00a0convida o p\u00fablico para uma noite de celebra\u00e7\u00e3o marcada pelas can\u00e7\u00f5es que atravessam gera\u00e7\u00f5es e traduzem a ess\u00eancia da cultura popular da Bahia.<\/p>\n<p class=\"v1x_MsoNormal\">A apresenta\u00e7\u00e3o presta homenagem ao\u00a0Senhor do Bonfim da Bahia, unindo religiosidade, m\u00fasica e mem\u00f3ria afetiva. No repert\u00f3rio, marchinhas tradicionais, cl\u00e1ssicos da m\u00fasica popular brasileira e sucessos que fazem parte da hist\u00f3ria do grupo, como\u00a0&#8220;\u00c9 Hoje&#8221;,\u00a0&#8220;Zanzibar&#8221;,\u00a0&#8220;S\u00e3o Tantos Anos&#8221;,\u00a0&#8220;Madalena&#8221;\u00a0e\u00a0&#8220;Fogo e Paix\u00e3o&#8221;, conduzindo o p\u00fablico a uma verdadeira viagem pela trajet\u00f3ria do Paroano.<\/p>\n<p class=\"v1x_MsoNormal\">Fundado em\u00a0fevereiro de 1964\u00a0por\u00a0Ant\u00f4nio Carlos Mascarenhas, o saudoso Janj\u00e3o, o Paroano Sai Milh\u00f3 \u00e9 reconhecido como uma das maiores joias do carnaval baiano. Com uma proposta singular \u2014 sem trio el\u00e9trico, sem cordas e com forte intera\u00e7\u00e3o com o p\u00fablico \u2014 o grupo preserva a ess\u00eancia da folia de rua, baseada na proximidade, no canto coletivo e na celebra\u00e7\u00e3o espont\u00e2nea.<\/p>\n<p class=\"v1x_MsoNormal\">Formado atualmente por\u00a017 integrantes\u00a0de diferentes origens e viv\u00eancias, o Paroano reflete a diversidade cultural e social da Bahia, transformando essa pluralidade em m\u00fasica e alegria. Ao longo de seus mais de\u00a060 anos de hist\u00f3ria, o grupo consolidou-se como s\u00edmbolo de resist\u00eancia cultural, marcando presen\u00e7a n\u00e3o apenas no Carnaval, mas tamb\u00e9m em celebra\u00e7\u00f5es como\u00a0S\u00e3o Jo\u00e3o, 2 de Julho e Natal.<\/p>\n<p class=\"v1x_MsoNormal\">O Paroano possui\u00a0quatro CDs gravados, sendo o mais recente,\u00a0<i>&#8220;Paroanizar o Que H\u00e1 de Bom&#8221;<\/i>\u00a0(2007), al\u00e9m de ter sua trajet\u00f3ria registrada no livro\u00a0<i>&#8220;Paroano Sai Milh\u00f3 \u2013 Hist\u00f3rias de Amor \u00e0 M\u00fasica, \u00e0 Alegria, \u00e0s Cores e \u00e0 Vida&#8221;<\/i>, escrito por\u00a0Archibaldo Daltro Barreto Filho (Quico). Em\u00a02024, o grupo alcan\u00e7ou um marco hist\u00f3rico ao se tornar oficialmente o\u00a0grupo vocal mais antigo em atividade na Bahia, reafirmando seu compromisso com a preserva\u00e7\u00e3o da m\u00fasica popular brasileira.<\/p>\n<p class=\"v1x_MsoNormal\">O\u00a0couvert art\u00edstico individual custa R$ 100,00, com op\u00e7\u00e3o de\u00a0casadinha por R$ 160,00. As mesas s\u00e3o compartilhadas, com\u00a0quatro lugares, e as reservas devem ser feitas antecipadamente pelo WhatsApp.<\/p>\n<p class=\"v1x_MsoNormal\">O evento \u00e9 uma parceria entre\u00a0Hessel Produ\u00e7\u00f5es,\u00a0Doris Pinheiro Assessoria de Imprensa\u00a0e o\u00a0Teatro SESI Rio Vermelho \/ FIEB.<\/p>\n<p class=\"v1x_MsoNormal\"><b>SERVI\u00c7O<\/b><\/p>\n<p class=\"v1x_MsoNormal\"><b>O qu\u00ea:<\/b>\u00a0Show\u00a0<i>Paroano Sai Milh\u00f3 sa\u00fada o Senhor do Bonfim<\/i><br \/>\n<b>Quando:<\/b>\u00a015 de janeiro de 2026 (quinta-feira)<br \/>\n<b>Hor\u00e1rio:<\/b>\u00a021h<br \/>\n<b>Onde:<\/b>\u00a0Varanda do SESI Rio Vermelho<br \/>\n<b>Endere\u00e7o:<\/b>\u00a0Rua Borges dos Reis, 09 \u2013 Rio Vermelho \u2013 Salvador (BA)<br \/>\n<b>Couvert art\u00edstico:<\/b>\u00a0R$ 100,00 (individual)<br \/>\n<b>Casadinha:<\/b>\u00a0R$ 160,00<br \/>\n<b>Informa\u00e7\u00f5es e reservas de mesas:<\/b>\u00a0Tel\/WhatsApp (71) 9 9160-9140<br \/>\n<b>Assessoria de imprensa:<\/b>\u00a0Eric Delgoffe \/ Doris Pinheiro \u2013 (71) 98896-5016<br \/>\n<b>Parceria:<\/b>\u00a0Hessel Produ\u00e7\u00f5es, Doris Pinheiro Assessoria de Imprensa e Teatro SESI Rio Vermelho \/ FIEB<\/p>\n","protected":false},"excerpt":{"rendered":"<p>Paroano Sai Milh\u00f3 sa\u00fada o Senhor do Bonfim em show especial na Varanda do SESI Rio Vermelho No dia do<\/p>\n","protected":false},"author":1,"featured_media":701,"template":"","meta":{"colormag_page_container_layout":"default_layout","colormag_page_sidebar_layout":"default_layout","_tribe_events_status":"","_tribe_events_status_reason":"","footnotes":""},"tags":[],"tribe_events_cat":[97],"class_list":["post-697","tribe_events","type-tribe_events","status-publish","has-post-thumbnail","hentry","tribe_events_cat-musica","cat_musica"],"_links":{"self":[{"href":"https:\/\/boracultura.com.br\/index.php\/wp-json\/wp\/v2\/tribe_events\/697","targetHints":{"allow":["GET"]}}],"collection":[{"href":"https:\/\/boracultura.com.br\/index.php\/wp-json\/wp\/v2\/tribe_events"}],"about":[{"href":"https:\/\/boracultura.com.br\/index.php\/wp-json\/wp\/v2\/types\/tribe_events"}],"author":[{"embeddable":true,"href":"https:\/\/boracultura.com.br\/index.php\/wp-json\/wp\/v2\/users\/1"}],"version-history":[{"count":3,"href":"https:\/\/boracultura.com.br\/index.php\/wp-json\/wp\/v2\/tribe_events\/697\/revisions"}],"predecessor-version":[{"id":772,"href":"https:\/\/boracultura.com.br\/index.php\/wp-json\/wp\/v2\/tribe_events\/697\/revisions\/772"}],"wp:featuredmedia":[{"embeddable":true,"href":"https:\/\/boracultura.com.br\/index.php\/wp-json\/wp\/v2\/media\/701"}],"wp:attachment":[{"href":"https:\/\/boracultura.com.br\/index.php\/wp-json\/wp\/v2\/media?parent=697"}],"wp:term":[{"taxonomy":"post_tag","embeddable":true,"href":"https:\/\/boracultura.com.br\/index.php\/wp-json\/wp\/v2\/tags?post=697"},{"taxonomy":"tribe_events_cat","embeddable":true,"href":"https:\/\/boracultura.com.br\/index.php\/wp-json\/wp\/v2\/tribe_events_cat?post=697"}],"curies":[{"name":"wp","href":"https:\/\/api.w.org\/{rel}","templated":true}]}}

Paroano Sai Milhó saúda o Senhor do Bonfim

<p class="v1x_MsoNormal">Paroano Sai Milhó saúda o Senhor do Bonfim em show especial na Varanda do SESI Rio Vermelho</p>
<p class="v1x_MsoNormal">No dia do show a camisa do carnaval 2026 do Paroano será lançada e estará à venda por R$70</p>
<p class="v1x_MsoNormal">O ano de 2026 começa em clima de fé, tradição e alegria com o show &#8220;Paroano Sai Milhó saúda o Senhor do Bonfim&#8221;, que acontece na quinta-feira, 15 de janeiro, às 21h, na Varanda do SESI Rio Vermelho, em Salvador. Ícone do carnaval baiano, o bloco Paroano Sai Milhó convida o público para uma noite de celebração marcada pelas canções que atravessam gerações e traduzem a essência da cultura popular da Bahia.</p>
<p class="v1x_MsoNormal">A apresentação presta homenagem ao Senhor do Bonfim da Bahia, unindo religiosidade, música e memória afetiva. No repertório, marchinhas tradicionais, clássicos da música popular brasileira e sucessos que fazem parte da história do grupo, como &#8220;É Hoje&#8221;, &#8220;Zanzibar&#8221;, &#8220;São Tantos Anos&#8221;, &#8220;Madalena&#8221; e &#8220;Fogo e Paixão&#8221;, conduzindo o público a uma verdadeira viagem pela trajetória do Paroano.</p>
<p class="v1x_MsoNormal">Fundado em fevereiro de 1964 por Antônio Carlos Mascarenhas, o saudoso Janjão, o Paroano Sai Milhó é reconhecido como uma das maiores joias do carnaval baiano. Com uma proposta singular — sem trio elétrico, sem cordas e com forte interação com o público — o grupo preserva a essência da folia de rua, baseada na proximidade, no canto coletivo e na celebração espontânea.</p>
<p class="v1x_MsoNormal">Formado atualmente por 17 integrantes de diferentes origens e vivências, o Paroano reflete a diversidade cultural e social da Bahia, transformando essa pluralidade em música e alegria. Ao longo de seus mais de 60 anos de história, o grupo consolidou-se como símbolo de resistência cultural, marcando presença não apenas no Carnaval, mas também em celebrações como São João, 2 de Julho e Natal.</p>
<p class="v1x_MsoNormal">O Paroano possui quatro CDs gravados, sendo o mais recente, <i>&#8220;Paroanizar o Que Há de Bom&#8221;</i> (2007), além de ter sua trajetória registrada no livro <i>&#8220;Paroano Sai Milhó – Histórias de Amor à Música, à Alegria, às Cores e à Vida&#8221;</i>, escrito por Archibaldo Daltro Barreto Filho (Quico). Em 2024, o grupo alcançou um marco histórico ao se tornar oficialmente o grupo vocal mais antigo em atividade na Bahia, reafirmando seu compromisso com a preservação da música popular brasileira.</p>
<p class="v1x_MsoNormal">O couvert artístico individual custa R$ 100,00, com opção de casadinha por R$ 160,00. As mesas são compartilhadas, com quatro lugares, e as reservas devem ser feitas antecipadamente pelo WhatsApp.</p>
<p class="v1x_MsoNormal">O evento é uma parceria entre Hessel Produções, Doris Pinheiro Assessoria de Imprensa e o Teatro SESI Rio Vermelho / FIEB.</p>
<p class="v1x_MsoNormal"><b>SERVIÇO</b></p>
<p class="v1x_MsoNormal"><b>O quê:</b> Show <i>Paroano Sai Milhó saúda o Senhor do Bonfim</i><br />
<b>Quando:</b> 15 de janeiro de 2026 (quinta-feira)<br />
<b>Horário:</b> 21h<br />
<b>Onde:</b> Varanda do SESI Rio Vermelho<br />
<b>Endereço:</b> Rua Borges dos Reis, 09 – Rio Vermelho – Salvador (BA)<br />
<b>Couvert artístico:</b> R$ 100,00 (individual)<br />
<b>Casadinha:</b> R$ 160,00<br />
<b>Informações e reservas de mesas:</b> Tel/WhatsApp (71) 9 9160-9140<br />
<b>Assessoria de imprensa:</b> Eric Delgoffe / Doris Pinheiro – (71) 98896-5016<br />
<b>Parceria:</b> Hessel Produções, Doris Pinheiro Assessoria de Imprensa e Teatro SESI Rio Vermelho / FIEB</p>

<p>Paroano Sai Milhó saúda o Senhor do Bonfim em show especial na Varanda do SESI Rio Vermelho No dia do</p>
