{"id":710,"date":"2026-01-15T07:46:47","date_gmt":"2026-01-15T10:46:47","guid":{"rendered":"https:\/\/boracultura.com.br\/?post_type=tribe_events&#038;p=710"},"modified":"2026-01-17T18:53:26","modified_gmt":"2026-01-17T21:53:26","slug":"frank-menezes-revive-dona-de-casa-politicamente-incorreta-em-comedia-no-teatro-moliere-da-alianca-francesa","status":"publish","type":"tribe_events","link":"https:\/\/boracultura.com.br\/index.php\/evento\/frank-menezes-revive-dona-de-casa-politicamente-incorreta-em-comedia-no-teatro-moliere-da-alianca-francesa\/","title":{"rendered":"Aleluia &#8211; Frank Menezes"},"content":{"rendered":"<p>O Espet\u00e1culo solo \u201cAleluia\u201d, de Frank Menezes, retorna em temporada misturando com\u00e9dia rasgada e uma dose de insanidade dom\u00e9stica intensa<\/p>\n<p class=\"v1x_MsoNormal\">Depois de tr\u00eas temporadas de sucesso, Frank Menezes retorna aos palcos do Teatro Moli\u00e8re, em Salvador, com seu espet\u00e1culo solo &#8220;Aleluia&#8221;, que mistura com\u00e9dia rasgada com uma dose generosa de insanidade dom\u00e9stica. Aos s\u00e1bados, de 10 de janeiro a 07 de fevereiro, \u00e0s 20h, com ingressos a R$ 60,00 inteira e R$ 30,00 meia.<\/p>\n<p class=\"v1x_MsoNormal\">Dirigida por Marcelo Praddo, com texto de M\u00e1rcio Azevedo e Ricky Hiraoka, a pe\u00e7a \u00e9 um mon\u00f3logo explosivo que d\u00e1 voz, finalmente, a uma mulher invisibilizada at\u00e9 por sua pr\u00f3pria fam\u00edlia.<b><\/b><\/p>\n<p class=\"v1x_MsoNormal\">Ignorada pelo marido, tratada como empregada pela filha e exaurida por uma rotina sem reconhecimento, Aleluia se desdobra para manter uma casa funcionando. Vive rodeada de figuras que beiram o absurdo: a sogra Dona Matusal\u00e9m, que s\u00f3 se comunica atrav\u00e9s das palavras &#8220;l\u00edquido&#8221; e &#8220;s\u00f3lido&#8221;; a melhor amiga Mamute, comilona compulsiva e o ator porn\u00f4 por quem Aleluia \u00e9 secretamente apaixonada.<\/p>\n<p class=\"v1x_MsoNormal\">Tudo segue seu curso at\u00e9 que, numa confus\u00e3o de Natal envolvendo uma explos\u00e3o dom\u00e9stica e a poss\u00edvel morte da sogra, Aleluia decide: &#8220;Vou me entregar!&#8221;. O espet\u00e1culo, ent\u00e3o, se desenrola no ambiente mais improv\u00e1vel para uma catarse: a delegacia. L\u00e1, ela conta sua vida inteira pela primeira vez \u2014 do parto (em que o m\u00e9dico gritou &#8220;Aleluia!&#8221; ao ver que ela era a cara do pai) ao casamento com Jorge Almiro e o nascimento da filha Tininha (&#8220;feia, feia, feia&#8230; mas minha&#8221;).<\/p>\n<p class=\"v1x_MsoNormal\"><b>Aleluia \u00e9 o espelho c\u00f4mico da nossa realidade<\/b><\/p>\n<p class=\"v1x_MsoNormal\">Mais do que fazer rir,\u00a0<i>Aleluia<\/i>\u00a0revela uma cr\u00edtica \u00e1cida e bem-humorada ao lugar das mulheres que se dedicam integralmente \u00e0 fam\u00edlia e \u00e0 casa, muitas vezes anuladas pelos pr\u00f3prios. Em tempos de debates sobre o feminino, g\u00eanero e papel social, Aleluia ressurge como uma anti-hero\u00edna que diz o que pensa \u2014 e vive o que n\u00e3o devia.<\/p>\n<p class=\"v1x_MsoNormal\">&#8220;Ela \u00e9 um espelho distorcido, mas poss\u00edvel&#8221;, diz M\u00e1rcio Azevedo. &#8220;Aquela parente que est\u00e1 sempre ali e que s\u00f3 percebemos quando some.&#8221;<\/p>\n<p class=\"v1x_MsoNormal\"><i>Aleluia<\/i>\u00a0\u00e9 daquelas pe\u00e7as que voc\u00ea sai repetindo frases, rindo sozinho no carro e, de repente, lembrando da sua tia que tamb\u00e9m escondia perfumes. Uma com\u00e9dia escandalosamente verdadeira, com aquele tempero baiano e um toque de insanidade que s\u00f3 Frank Menezes sabe temperar.<\/p>\n<p><strong>Ficha T\u00e9cnica<\/strong><\/p>\n<ul type=\"disc\">\n<li class=\"v1x_MsoNormal\">Atua\u00e7\u00e3o\u00a0\u2013 Frank Menezes<\/li>\n<li class=\"v1x_MsoNormal\">Dire\u00e7\u00e3o\u00a0\u2013 Marcelo Praddo<\/li>\n<li class=\"v1x_MsoNormal\">Texto\u00a0\u2013 M\u00e1rcio Azevedo e Ricky Hiraoka<\/li>\n<li class=\"v1x_MsoNormal\">Dire\u00e7\u00e3o de produ\u00e7\u00e3o\u00a0\u2013 Selma Santos<\/li>\n<li class=\"v1x_MsoNormal\">Figurino\u00a0\u2013 Maur\u00edcio Martins<\/li>\n<li class=\"v1x_MsoNormal\">Cenografia\u00a0\u2013 Maur\u00edcio Pedrosa<\/li>\n<li class=\"v1x_MsoNormal\">Ilumina\u00e7\u00e3o\u00a0\u2013 Luciano Reis<\/li>\n<li class=\"v1x_MsoNormal\">Trilha sonora\u00a0\u2013 Luciano Bahia<\/li>\n<li class=\"v1x_MsoNormal\">Dire\u00e7\u00e3o de movimento\u00a0\u2013 B\u00e1rbara Barbar\u00e1<\/li>\n<li class=\"v1x_MsoNormal\">Fotografia\u00a0\u2013 Edivalma Santana<\/li>\n<li class=\"v1x_MsoNormal\">Design gr\u00e1fico\u00a0\u2013 Belmiro Neto &amp; Pat Simpl\u00edcio<\/li>\n<li class=\"v1x_MsoNormal\">Opera\u00e7\u00e3o de luz\u00a0\u2013 Ronildo Bandeira<\/li>\n<li class=\"v1x_MsoNormal\">Opera\u00e7\u00e3o de som\u00a0\u2013 Gilberto Reys<\/li>\n<\/ul>\n<p><strong>Servi\u00e7o<\/strong><\/p>\n<ul type=\"disc\">\n<li class=\"v1x_MsoNormal\"><b>Espet\u00e1culo:<\/b>\u00a0<i>Aleluia<\/i>, com Frank Menezes<\/li>\n<li class=\"v1x_MsoNormal\"><b>Local:<\/b>\u00a0Teatro Moli\u00e8re \u2013 Alian\u00e7a Francesa &#8211; Ladeira da Barra<\/li>\n<li class=\"v1x_MsoNormal\"><b>Temporada:<\/b>\u00a010\/01 a 07\/02<\/li>\n<li class=\"v1x_MsoNormal\"><b>Quando:<\/b>\u00a0Sempre aos s\u00e1bados, \u00e0s 20h<\/li>\n<li class=\"v1x_MsoNormal\"><b>Ingressos:<\/b>\u00a0R$ 60 (inteira) | R$ 30 (meia)<\/li>\n<li class=\"v1x_MsoNormal\"><b>Classifica\u00e7\u00e3o indicativa:<\/b>\u00a014 anos<\/li>\n<li class=\"v1x_MsoNormal\"><b>Dura\u00e7\u00e3o:<\/b>\u00a080 minutos<\/li>\n<\/ul>\n<p class=\"v1x_MsoNormal\">Assessoria de Imprensa &#8211; Doris Pinheiro \u2013 (71) 98896-5016<\/p>\n","protected":false},"excerpt":{"rendered":"<p>O Espet\u00e1culo solo \u201cAleluia\u201d, de Frank Menezes, retorna em temporada misturando com\u00e9dia rasgada e uma dose de insanidade dom\u00e9stica intensa<\/p>\n","protected":false},"author":1,"featured_media":708,"template":"","meta":{"colormag_page_container_layout":"default_layout","colormag_page_sidebar_layout":"default_layout","_tribe_events_status":"","_tribe_events_status_reason":"","footnotes":""},"tags":[],"tribe_events_cat":[96],"class_list":["post-710","tribe_events","type-tribe_events","status-publish","has-post-thumbnail","hentry","tribe_events_cat-teatro","cat_teatro"],"_links":{"self":[{"href":"https:\/\/boracultura.com.br\/index.php\/wp-json\/wp\/v2\/tribe_events\/710","targetHints":{"allow":["GET"]}}],"collection":[{"href":"https:\/\/boracultura.com.br\/index.php\/wp-json\/wp\/v2\/tribe_events"}],"about":[{"href":"https:\/\/boracultura.com.br\/index.php\/wp-json\/wp\/v2\/types\/tribe_events"}],"author":[{"embeddable":true,"href":"https:\/\/boracultura.com.br\/index.php\/wp-json\/wp\/v2\/users\/1"}],"version-history":[{"count":9,"href":"https:\/\/boracultura.com.br\/index.php\/wp-json\/wp\/v2\/tribe_events\/710\/revisions"}],"predecessor-version":[{"id":809,"href":"https:\/\/boracultura.com.br\/index.php\/wp-json\/wp\/v2\/tribe_events\/710\/revisions\/809"}],"wp:featuredmedia":[{"embeddable":true,"href":"https:\/\/boracultura.com.br\/index.php\/wp-json\/wp\/v2\/media\/708"}],"wp:attachment":[{"href":"https:\/\/boracultura.com.br\/index.php\/wp-json\/wp\/v2\/media?parent=710"}],"wp:term":[{"taxonomy":"post_tag","embeddable":true,"href":"https:\/\/boracultura.com.br\/index.php\/wp-json\/wp\/v2\/tags?post=710"},{"taxonomy":"tribe_events_cat","embeddable":true,"href":"https:\/\/boracultura.com.br\/index.php\/wp-json\/wp\/v2\/tribe_events_cat?post=710"}],"curies":[{"name":"wp","href":"https:\/\/api.w.org\/{rel}","templated":true}]}}

<p>O Espetáculo solo “Aleluia”, de Frank Menezes, retorna em temporada misturando comédia rasgada e uma dose de insanidade doméstica intensa</p>
<p class="v1x_MsoNormal">Depois de três temporadas de sucesso, Frank Menezes retorna aos palcos do Teatro Molière, em Salvador, com seu espetáculo solo &#8220;Aleluia&#8221;, que mistura comédia rasgada com uma dose generosa de insanidade doméstica. Aos sábados, de 10 de janeiro a 07 de fevereiro, às 20h, com ingressos a R$ 60,00 inteira e R$ 30,00 meia.</p>
<p class="v1x_MsoNormal">Dirigida por Marcelo Praddo, com texto de Márcio Azevedo e Ricky Hiraoka, a peça é um monólogo explosivo que dá voz, finalmente, a uma mulher invisibilizada até por sua própria família.<b></b></p>
<p class="v1x_MsoNormal">Ignorada pelo marido, tratada como empregada pela filha e exaurida por uma rotina sem reconhecimento, Aleluia se desdobra para manter uma casa funcionando. Vive rodeada de figuras que beiram o absurdo: a sogra Dona Matusalém, que só se comunica através das palavras &#8220;líquido&#8221; e &#8220;sólido&#8221;; a melhor amiga Mamute, comilona compulsiva e o ator pornô por quem Aleluia é secretamente apaixonada.</p>
<p class="v1x_MsoNormal">Tudo segue seu curso até que, numa confusão de Natal envolvendo uma explosão doméstica e a possível morte da sogra, Aleluia decide: &#8220;Vou me entregar!&#8221;. O espetáculo, então, se desenrola no ambiente mais improvável para uma catarse: a delegacia. Lá, ela conta sua vida inteira pela primeira vez — do parto (em que o médico gritou &#8220;Aleluia!&#8221; ao ver que ela era a cara do pai) ao casamento com Jorge Almiro e o nascimento da filha Tininha (&#8220;feia, feia, feia&#8230; mas minha&#8221;).</p>
<p class="v1x_MsoNormal"><b>Aleluia é o espelho cômico da nossa realidade</b></p>
<p class="v1x_MsoNormal">Mais do que fazer rir, <i>Aleluia</i> revela uma crítica ácida e bem-humorada ao lugar das mulheres que se dedicam integralmente à família e à casa, muitas vezes anuladas pelos próprios. Em tempos de debates sobre o feminino, gênero e papel social, Aleluia ressurge como uma anti-heroína que diz o que pensa — e vive o que não devia.</p>
<p class="v1x_MsoNormal">&#8220;Ela é um espelho distorcido, mas possível&#8221;, diz Márcio Azevedo. &#8220;Aquela parente que está sempre ali e que só percebemos quando some.&#8221;</p>
<p class="v1x_MsoNormal"><i>Aleluia</i> é daquelas peças que você sai repetindo frases, rindo sozinho no carro e, de repente, lembrando da sua tia que também escondia perfumes. Uma comédia escandalosamente verdadeira, com aquele tempero baiano e um toque de insanidade que só Frank Menezes sabe temperar.</p>
<p><strong>Ficha Técnica</strong></p>
<ul type="disc">
<li class="v1x_MsoNormal">Atuação – Frank Menezes</li>
<li class="v1x_MsoNormal">Direção – Marcelo Praddo</li>
<li class="v1x_MsoNormal">Texto – Márcio Azevedo e Ricky Hiraoka</li>
<li class="v1x_MsoNormal">Direção de produção – Selma Santos</li>
<li class="v1x_MsoNormal">Figurino – Maurício Martins</li>
<li class="v1x_MsoNormal">Cenografia – Maurício Pedrosa</li>
<li class="v1x_MsoNormal">Iluminação – Luciano Reis</li>
<li class="v1x_MsoNormal">Trilha sonora – Luciano Bahia</li>
<li class="v1x_MsoNormal">Direção de movimento – Bárbara Barbará</li>
<li class="v1x_MsoNormal">Fotografia – Edivalma Santana</li>
<li class="v1x_MsoNormal">Design gráfico – Belmiro Neto &amp; Pat Simplício</li>
<li class="v1x_MsoNormal">Operação de luz – Ronildo Bandeira</li>
<li class="v1x_MsoNormal">Operação de som – Gilberto Reys</li>
</ul>
<p><strong>Serviço</strong></p>
<ul type="disc">
<li class="v1x_MsoNormal"><b>Espetáculo:</b> <i>Aleluia</i>, com Frank Menezes</li>
<li class="v1x_MsoNormal"><b>Local:</b> Teatro Molière – Aliança Francesa &#8211; Ladeira da Barra</li>
<li class="v1x_MsoNormal"><b>Temporada:</b> 10/01 a 07/02</li>
<li class="v1x_MsoNormal"><b>Quando:</b> Sempre aos sábados, às 20h</li>
<li class="v1x_MsoNormal"><b>Ingressos:</b> R$ 60 (inteira) | R$ 30 (meia)</li>
<li class="v1x_MsoNormal"><b>Classificação indicativa:</b> 14 anos</li>
<li class="v1x_MsoNormal"><b>Duração:</b> 80 minutos</li>
</ul>
<p class="v1x_MsoNormal">Assessoria de Imprensa &#8211; Doris Pinheiro – (71) 98896-5016</p>

<p>O Espetáculo solo “Aleluia”, de Frank Menezes, retorna em temporada misturando comédia rasgada e uma dose de insanidade doméstica intensa</p>
