{"id":740,"date":"2026-01-15T11:51:11","date_gmt":"2026-01-15T14:51:11","guid":{"rendered":"https:\/\/boracultura.com.br\/?post_type=tribe_events&#038;p=740"},"modified":"2026-02-18T23:46:55","modified_gmt":"2026-02-19T02:46:55","slug":"740","status":"publish","type":"tribe_events","link":"https:\/\/boracultura.com.br\/index.php\/evento\/740\/","title":{"rendered":"Festival Salvador Gastronomia"},"content":{"rendered":"<p>A capital baiana acaba de entrar na rota dos grandes eventos culin\u00e1rios do Brasil com o lan\u00e7amento do Salvador Gastronomia. Entre os dias 26 de fevereiro e 8 de mar\u00e7o, o Centro Hist\u00f3rico ser\u00e1 transformado em um polo de experi\u00eancias culturais e sabores autorais.<\/p>\n<p>Destaques do Evento:<\/p>\n<p>O festival, chancelado pela Prefeitura, busca unir turismo, hist\u00f3ria e a for\u00e7a da culin\u00e1ria local em uma plataforma democr\u00e1tica. Confira os principais eixos:<\/p>\n<ul class=\"wp-block-list\">\n<li>Pra\u00e7a Tom\u00e9 de Souza: Funcionar\u00e1 como o cora\u00e7\u00e3o do evento, abrigando uma feira a c\u00e9u aberto com pratos em formato pocket e pre\u00e7os acess\u00edveis.<\/li>\n<li>Palacete Tira-Chap\u00e9u: Na ic\u00f4nica Rua Chile, o espa\u00e7o servir\u00e1 como hub gastron\u00f4mico, recebendo opera\u00e7\u00f5es de peso como o Pala7 (Claude Troisgros), Casar\u00eda e o restaurante Preta.<\/li>\n<li>Experi\u00eancia Completa: Al\u00e9m da comida, o p\u00fablico contar\u00e1 com exposi\u00e7\u00f5es, programa\u00e7\u00e3o cultural, feira de produtores regionais e espa\u00e7o kids.<br \/>\nImpacto e Inova\u00e7\u00e3o<br \/>\nIdealizado pela Ag\u00eancia California em parceria com Ana Coelho e o Palacete Tira-Chap\u00e9u, o projeto visa consolidar o Centro Hist\u00f3rico como um distrito de lazer e desenvolvimento econ\u00f4mico. Segundo os organizadores, o objetivo \u00e9 utilizar a gastronomia como linguagem cultural para reconectar moradores e turistas ao patrim\u00f4nio da cidade.<\/li>\n<\/ul>\n<p>Servi\u00e7o:<\/p>\n<p>Evento: Salvador Gastronomia<br \/>\nData: 26 de fevereiro a 8 de mar\u00e7o de 2026<br \/>\nLocal: Centro Hist\u00f3rico (Pra\u00e7a Tom\u00e9 de Souza, Rua Chile e Palacete Tira-Chap\u00e9u)<br \/>\nEntrada: Gratuita (atividades em \u00e1reas p\u00fablicas)<br \/>\nRealiza\u00e7\u00e3o: Ag\u00eancia California, Palacete Tira-Chap\u00e9u e Ana Coelho, com apoio da Prefeitura de Salvador.<\/p>\n","protected":false},"excerpt":{"rendered":"<p>A capital baiana acaba de entrar na rota dos grandes eventos culin\u00e1rios do Brasil com o lan\u00e7amento do Salvador Gastronomia.<\/p>\n","protected":false},"author":1,"featured_media":737,"template":"","meta":{"colormag_page_container_layout":"default_layout","colormag_page_sidebar_layout":"default_layout","_tribe_events_status":"","_tribe_events_status_reason":"","footnotes":""},"tags":[125,124,120],"tribe_events_cat":[123],"class_list":["post-740","tribe_events","type-tribe_events","status-publish","has-post-thumbnail","hentry","tag-comida","tag-exposicao","tag-gastronomia","tribe_events_cat-gastronomia","cat_gastronomia"],"_links":{"self":[{"href":"https:\/\/boracultura.com.br\/index.php\/wp-json\/wp\/v2\/tribe_events\/740","targetHints":{"allow":["GET"]}}],"collection":[{"href":"https:\/\/boracultura.com.br\/index.php\/wp-json\/wp\/v2\/tribe_events"}],"about":[{"href":"https:\/\/boracultura.com.br\/index.php\/wp-json\/wp\/v2\/types\/tribe_events"}],"author":[{"embeddable":true,"href":"https:\/\/boracultura.com.br\/index.php\/wp-json\/wp\/v2\/users\/1"}],"version-history":[{"count":2,"href":"https:\/\/boracultura.com.br\/index.php\/wp-json\/wp\/v2\/tribe_events\/740\/revisions"}],"predecessor-version":[{"id":1316,"href":"https:\/\/boracultura.com.br\/index.php\/wp-json\/wp\/v2\/tribe_events\/740\/revisions\/1316"}],"wp:featuredmedia":[{"embeddable":true,"href":"https:\/\/boracultura.com.br\/index.php\/wp-json\/wp\/v2\/media\/737"}],"wp:attachment":[{"href":"https:\/\/boracultura.com.br\/index.php\/wp-json\/wp\/v2\/media?parent=740"}],"wp:term":[{"taxonomy":"post_tag","embeddable":true,"href":"https:\/\/boracultura.com.br\/index.php\/wp-json\/wp\/v2\/tags?post=740"},{"taxonomy":"tribe_events_cat","embeddable":true,"href":"https:\/\/boracultura.com.br\/index.php\/wp-json\/wp\/v2\/tribe_events_cat?post=740"}],"curies":[{"name":"wp","href":"https:\/\/api.w.org\/{rel}","templated":true}]}}

<p>A capital baiana acaba de entrar na rota dos grandes eventos culinários do Brasil com o lançamento do Salvador Gastronomia. Entre os dias 26 de fevereiro e 8 de março, o Centro Histórico será transformado em um polo de experiências culturais e sabores autorais.</p>
<p>Destaques do Evento:</p>
<p>O festival, chancelado pela Prefeitura, busca unir turismo, história e a força da culinária local em uma plataforma democrática. Confira os principais eixos:</p>
<ul class="wp-block-list">
<li>Praça Tomé de Souza: Funcionará como o coração do evento, abrigando uma feira a céu aberto com pratos em formato pocket e preços acessíveis.</li>
<li>Palacete Tira-Chapéu: Na icônica Rua Chile, o espaço servirá como hub gastronômico, recebendo operações de peso como o Pala7 (Claude Troisgros), Casaría e o restaurante Preta.</li>
<li>Experiência Completa: Além da comida, o público contará com exposições, programação cultural, feira de produtores regionais e espaço kids.<br />
Impacto e Inovação<br />
Idealizado pela Agência California em parceria com Ana Coelho e o Palacete Tira-Chapéu, o projeto visa consolidar o Centro Histórico como um distrito de lazer e desenvolvimento econômico. Segundo os organizadores, o objetivo é utilizar a gastronomia como linguagem cultural para reconectar moradores e turistas ao patrimônio da cidade.</li>
</ul>
<p>Serviço:</p>
<p>Evento: Salvador Gastronomia<br />
Data: 26 de fevereiro a 8 de março de 2026<br />
Local: Centro Histórico (Praça Tomé de Souza, Rua Chile e Palacete Tira-Chapéu)<br />
Entrada: Gratuita (atividades em áreas públicas)<br />
Realização: Agência California, Palacete Tira-Chapéu e Ana Coelho, com apoio da Prefeitura de Salvador.</p>

<p>A capital baiana acaba de entrar na rota dos grandes eventos culinários do Brasil com o lançamento do Salvador Gastronomia.</p>
