{"id":892,"date":"2026-01-21T23:51:28","date_gmt":"2026-01-22T02:51:28","guid":{"rendered":"https:\/\/boracultura.com.br\/?post_type=tribe_events&#038;p=892"},"modified":"2026-01-21T23:53:40","modified_gmt":"2026-01-22T02:53:40","slug":"vitrobaile-com-sarajane-pre-carnaval-em-salvador","status":"publish","type":"tribe_events","link":"https:\/\/boracultura.com.br\/index.php\/evento\/vitrobaile-com-sarajane-pre-carnaval-em-salvador\/","title":{"rendered":"VitroBaile com Sarajane: Pr\u00e9-Carnaval em Salvador"},"content":{"rendered":"<p>VitroBaile em Salvador: Vitrolab e Sarajane na Casa da M\u00e3e<\/p>\n<p>Prepare-se para o melhor pr\u00e9-Carnaval de Salvador! Nesta sexta-feira (23\/01), \u00e0s 20h, a banda Vitrolab comanda o VitroBaile na Casa da M\u00e3e (Rio Vermelho). O evento resgata o clima dos bailes das d\u00e9cadas de 80 e 90, unindo o groove moderno \u00e0 tradi\u00e7\u00e3o baiana.<\/p>\n<p>Destaques da Noite:<\/p>\n<p>Convidada Especial: A \u00edcone do ax\u00e9, Sarajane.<\/p>\n<p>Atra\u00e7\u00f5es: Show da Vitrolab, DJ e convidados.<\/p>\n<p>Experi\u00eancia: Mistura de ritmos afro-baianos, rock e cl\u00e1ssicos do Carnaval.<\/p>\n<p>Servi\u00e7o:<\/p>\n<p>Onde: Casa da M\u00e3e, Rio Vermelho, Salvador.<\/p>\n<p>Quando: Sexta-feira, 23 de janeiro, \u00e0s 20h.<\/p>\n<p>Ingressos: Dispon\u00edveis no Sympla.<\/p>\n","protected":false},"excerpt":{"rendered":"<p>VitroBaile em Salvador: Vitrolab e Sarajane na Casa da M\u00e3e Prepare-se para o melhor pr\u00e9-Carnaval de Salvador! Nesta sexta-feira (23\/01),<\/p>\n","protected":false},"author":1,"featured_media":889,"template":"","meta":{"colormag_page_container_layout":"default_layout","colormag_page_sidebar_layout":"default_layout","_tribe_events_status":"","_tribe_events_status_reason":"","footnotes":""},"tags":[],"tribe_events_cat":[97],"class_list":["post-892","tribe_events","type-tribe_events","status-publish","has-post-thumbnail","hentry","tribe_events_cat-musica","cat_musica"],"_links":{"self":[{"href":"https:\/\/boracultura.com.br\/index.php\/wp-json\/wp\/v2\/tribe_events\/892","targetHints":{"allow":["GET"]}}],"collection":[{"href":"https:\/\/boracultura.com.br\/index.php\/wp-json\/wp\/v2\/tribe_events"}],"about":[{"href":"https:\/\/boracultura.com.br\/index.php\/wp-json\/wp\/v2\/types\/tribe_events"}],"author":[{"embeddable":true,"href":"https:\/\/boracultura.com.br\/index.php\/wp-json\/wp\/v2\/users\/1"}],"version-history":[{"count":1,"href":"https:\/\/boracultura.com.br\/index.php\/wp-json\/wp\/v2\/tribe_events\/892\/revisions"}],"predecessor-version":[{"id":893,"href":"https:\/\/boracultura.com.br\/index.php\/wp-json\/wp\/v2\/tribe_events\/892\/revisions\/893"}],"wp:featuredmedia":[{"embeddable":true,"href":"https:\/\/boracultura.com.br\/index.php\/wp-json\/wp\/v2\/media\/889"}],"wp:attachment":[{"href":"https:\/\/boracultura.com.br\/index.php\/wp-json\/wp\/v2\/media?parent=892"}],"wp:term":[{"taxonomy":"post_tag","embeddable":true,"href":"https:\/\/boracultura.com.br\/index.php\/wp-json\/wp\/v2\/tags?post=892"},{"taxonomy":"tribe_events_cat","embeddable":true,"href":"https:\/\/boracultura.com.br\/index.php\/wp-json\/wp\/v2\/tribe_events_cat?post=892"}],"curies":[{"name":"wp","href":"https:\/\/api.w.org\/{rel}","templated":true}]}}

VitroBaile com Sarajane: Pré-Carnaval em Salvador

<p>VitroBaile em Salvador: Vitrolab e Sarajane na Casa da Mãe</p>
<p>Prepare-se para o melhor pré-Carnaval de Salvador! Nesta sexta-feira (23/01), às 20h, a banda Vitrolab comanda o VitroBaile na Casa da Mãe (Rio Vermelho). O evento resgata o clima dos bailes das décadas de 80 e 90, unindo o groove moderno à tradição baiana.</p>
<p>Destaques da Noite:</p>
<p>Convidada Especial: A ícone do axé, Sarajane.</p>
<p>Atrações: Show da Vitrolab, DJ e convidados.</p>
<p>Experiência: Mistura de ritmos afro-baianos, rock e clássicos do Carnaval.</p>
<p>Serviço:</p>
<p>Onde: Casa da Mãe, Rio Vermelho, Salvador.</p>
<p>Quando: Sexta-feira, 23 de janeiro, às 20h.</p>
<p>Ingressos: Disponíveis no Sympla.</p>

<p>VitroBaile em Salvador: Vitrolab e Sarajane na Casa da Mãe Prepare-se para o melhor pré-Carnaval de Salvador! Nesta sexta-feira (23/01),</p>
