{"id":895,"date":"2026-01-22T09:12:36","date_gmt":"2026-01-22T12:12:36","guid":{"rendered":"https:\/\/boracultura.com.br\/?post_type=tribe_events&#038;p=895"},"modified":"2026-01-22T09:13:08","modified_gmt":"2026-01-22T12:13:08","slug":"baile-do-luiz-sera-8-de-fevereiro-na-chacara-baluarte","status":"publish","type":"tribe_events","link":"https:\/\/boracultura.com.br\/index.php\/evento\/baile-do-luiz-sera-8-de-fevereiro-na-chacara-baluarte\/","title":{"rendered":"Baile do Luiz na Ch\u00e1cara Baluarte"},"content":{"rendered":"<h4 dir=\"ltr\">Tradicional apresenta\u00e7\u00e3o marca a largada da folia em Salvador, com grandes sucessos de Luiz Caldas e show de Pedro Pond\u00e9, a partir das 17h<\/h4>\n<p dir=\"ltr\">Em contagem regressiva para a \u00e9poca mais efervescente da cidade, o tradicional &#8216;Baile do Luiz&#8217; ser\u00e1, mais uma vez, um convite imperd\u00edvel para dar in\u00edcio \u00e0 maratona carnavalesca com o artista que criou o Ax\u00e9 Music e revolucionou a m\u00fasica e o Carnaval de Salvador. O encontro acontece dia 8 de fevereiro (domingo), na Ch\u00e1cara Baluarte, a partir das 16h, com show tamb\u00e9m do baiano igualmente dono de muitos sucessos, Pedro Pond\u00e9.<\/p>\n<p dir=\"ltr\">Ingressos:\u00a0<a href=\"https:\/\/vendas.ticketmaker.com.br\/evento\/baile-do-luiz\/6515-177\" target=\"_blank\" rel=\"noopener noreferrer\">https:\/\/vendas.ticketmaker.com.br\/evento\/baile-do-luiz\/6515-177<\/a><\/p>\n<p dir=\"ltr\">Quando o mestre Luiz Caldas subir ao palco, ele vai contagiar o p\u00fablico com sua energia \u00fanica, que segue intacta desde o lan\u00e7amento de\u00a0Magia, h\u00e1 41 anos, acontecimento que inaugurou um novo cap\u00edtulo da m\u00fasica popular baiana e segue fazendo hist\u00f3ria.<\/p>\n<p dir=\"ltr\">Como nem s\u00f3 de Ax\u00e9 vive a folia, o anfitri\u00e3o convidou o cantor Pedro Pond\u00e9 para fazer seu show no Baile.\u00a0Conhecido pela versatilidade e por transitar entre o reggae, MPB e o rock alternativo, Pond\u00e9 \u00e9 ator, compositor e cantor soteropolitano, autor de can\u00e7\u00f5es aplaudidas em todo o Brasil. O artista vem buscando expressar cada vez mais uma sonoridade latina, brasileira e baiana, o que lhe rendeu destaque na m\u00fasica pop autoral contempor\u00e2nea.<\/p>\n<p dir=\"ltr\">Com a crescente popularidade dos carnavais alternativos, o Centro Hist\u00f3rico tem sido um dos destinos preferidos dos foli\u00f5es que buscam curtir a festa longe do agito dos circuitos Barra-Ondina e Campo Grande. Por isso, o Baile do Luiz leva uma pr\u00e9via do maior Carnaval de rua do mundo para o Santo Ant\u00f4nio Al\u00e9m do Carmo, com um repert\u00f3rio que faz todo mundo vibrar em alta frequ\u00eancia.<\/p>\n<p dir=\"ltr\">O p\u00fablico est\u00e1 convidado a caprichar na criatividade com fantasias, maquiagens e adere\u00e7os, para entrar no clima e curtir o embalo do jeito que s\u00f3 Luiz Caldas sabe fazer, ao longo de mais de cinco d\u00e9cadas de experi\u00eancia.<\/p>\n<p dir=\"ltr\">SERVI\u00c7O:<\/p>\n<p dir=\"ltr\">BAILE DO LUIZ 2026 &#8211; Luiz Caldas e Pedro Pond\u00e9<\/p>\n<p dir=\"ltr\">Data:\u00a08 de fevereiro (domingo)<\/p>\n<p dir=\"ltr\">Hor\u00e1rio:\u00a0partir das 16h<\/p>\n<p dir=\"ltr\">Local:\u00a0Ch\u00e1cara Baluarte<\/p>\n<p dir=\"ltr\">Endere\u00e7o:\u00a0Ladeira do Baluarte, 20 &#8211; Santo Ant\u00f4nio Al\u00e9m do Carmo, Salvador<\/p>\n<p dir=\"ltr\">Ingressos:\u00a0<a href=\"https:\/\/vendas.ticketmaker.com.br\/evento\/baile-do-luiz\/6515-177\" target=\"_blank\" rel=\"noopener noreferrer\">https:\/\/vendas.ticketmaker.com.br\/evento\/baile-do-luiz\/6515-177<\/a><\/p>\n","protected":false},"excerpt":{"rendered":"<p>Tradicional apresenta\u00e7\u00e3o marca a largada da folia em Salvador, com grandes sucessos de Luiz Caldas e show de Pedro Pond\u00e9,<\/p>\n","protected":false},"author":1,"featured_media":896,"template":"","meta":{"colormag_page_container_layout":"default_layout","colormag_page_sidebar_layout":"default_layout","_tribe_events_status":"","_tribe_events_status_reason":"","footnotes":""},"tags":[82,146,71,147],"tribe_events_cat":[97],"class_list":["post-895","tribe_events","type-tribe_events","status-publish","has-post-thumbnail","hentry","tag-carnaval","tag-luiz-caldas","tag-musica","tag-pedro-ponde","tribe_events_cat-musica","cat_musica"],"_links":{"self":[{"href":"https:\/\/boracultura.com.br\/index.php\/wp-json\/wp\/v2\/tribe_events\/895","targetHints":{"allow":["GET"]}}],"collection":[{"href":"https:\/\/boracultura.com.br\/index.php\/wp-json\/wp\/v2\/tribe_events"}],"about":[{"href":"https:\/\/boracultura.com.br\/index.php\/wp-json\/wp\/v2\/types\/tribe_events"}],"author":[{"embeddable":true,"href":"https:\/\/boracultura.com.br\/index.php\/wp-json\/wp\/v2\/users\/1"}],"version-history":[{"count":2,"href":"https:\/\/boracultura.com.br\/index.php\/wp-json\/wp\/v2\/tribe_events\/895\/revisions"}],"predecessor-version":[{"id":898,"href":"https:\/\/boracultura.com.br\/index.php\/wp-json\/wp\/v2\/tribe_events\/895\/revisions\/898"}],"wp:featuredmedia":[{"embeddable":true,"href":"https:\/\/boracultura.com.br\/index.php\/wp-json\/wp\/v2\/media\/896"}],"wp:attachment":[{"href":"https:\/\/boracultura.com.br\/index.php\/wp-json\/wp\/v2\/media?parent=895"}],"wp:term":[{"taxonomy":"post_tag","embeddable":true,"href":"https:\/\/boracultura.com.br\/index.php\/wp-json\/wp\/v2\/tags?post=895"},{"taxonomy":"tribe_events_cat","embeddable":true,"href":"https:\/\/boracultura.com.br\/index.php\/wp-json\/wp\/v2\/tribe_events_cat?post=895"}],"curies":[{"name":"wp","href":"https:\/\/api.w.org\/{rel}","templated":true}]}}

Baile do Luiz na Chácara Baluarte

<h4 dir="ltr">Tradicional apresentação marca a largada da folia em Salvador, com grandes sucessos de Luiz Caldas e show de Pedro Pondé, a partir das 17h</h4>
<p dir="ltr">Em contagem regressiva para a época mais efervescente da cidade, o tradicional &#8216;Baile do Luiz&#8217; será, mais uma vez, um convite imperdível para dar início à maratona carnavalesca com o artista que criou o Axé Music e revolucionou a música e o Carnaval de Salvador. O encontro acontece dia 8 de fevereiro (domingo), na Chácara Baluarte, a partir das 16h, com show também do baiano igualmente dono de muitos sucessos, Pedro Pondé.</p>
<p dir="ltr">Ingressos: <a href="https://vendas.ticketmaker.com.br/evento/baile-do-luiz/6515-177" target="_blank" rel="noopener noreferrer">https://vendas.ticketmaker.com.br/evento/baile-do-luiz/6515-177</a></p>
<p dir="ltr">Quando o mestre Luiz Caldas subir ao palco, ele vai contagiar o público com sua energia única, que segue intacta desde o lançamento de Magia, há 41 anos, acontecimento que inaugurou um novo capítulo da música popular baiana e segue fazendo história.</p>
<p dir="ltr">Como nem só de Axé vive a folia, o anfitrião convidou o cantor Pedro Pondé para fazer seu show no Baile. Conhecido pela versatilidade e por transitar entre o reggae, MPB e o rock alternativo, Pondé é ator, compositor e cantor soteropolitano, autor de canções aplaudidas em todo o Brasil. O artista vem buscando expressar cada vez mais uma sonoridade latina, brasileira e baiana, o que lhe rendeu destaque na música pop autoral contemporânea.</p>
<p dir="ltr">Com a crescente popularidade dos carnavais alternativos, o Centro Histórico tem sido um dos destinos preferidos dos foliões que buscam curtir a festa longe do agito dos circuitos Barra-Ondina e Campo Grande. Por isso, o Baile do Luiz leva uma prévia do maior Carnaval de rua do mundo para o Santo Antônio Além do Carmo, com um repertório que faz todo mundo vibrar em alta frequência.</p>
<p dir="ltr">O público está convidado a caprichar na criatividade com fantasias, maquiagens e adereços, para entrar no clima e curtir o embalo do jeito que só Luiz Caldas sabe fazer, ao longo de mais de cinco décadas de experiência.</p>
<p dir="ltr">SERVIÇO:</p>
<p dir="ltr">BAILE DO LUIZ 2026 &#8211; Luiz Caldas e Pedro Pondé</p>
<p dir="ltr">Data: 8 de fevereiro (domingo)</p>
<p dir="ltr">Horário: partir das 16h</p>
<p dir="ltr">Local: Chácara Baluarte</p>
<p dir="ltr">Endereço: Ladeira do Baluarte, 20 &#8211; Santo Antônio Além do Carmo, Salvador</p>
<p dir="ltr">Ingressos: <a href="https://vendas.ticketmaker.com.br/evento/baile-do-luiz/6515-177" target="_blank" rel="noopener noreferrer">https://vendas.ticketmaker.com.br/evento/baile-do-luiz/6515-177</a></p>

<p>Tradicional apresentação marca a largada da folia em Salvador, com grandes sucessos de Luiz Caldas e show de Pedro Pondé,</p>
