{"id":906,"date":"2026-01-22T09:34:54","date_gmt":"2026-01-22T12:34:54","guid":{"rendered":"https:\/\/boracultura.com.br\/?post_type=tribe_events&#038;p=906"},"modified":"2026-01-22T09:42:15","modified_gmt":"2026-01-22T12:42:15","slug":"carnaval-de-salvador-com-musica-eletronica-carnasol","status":"publish","type":"tribe_events","link":"https:\/\/boracultura.com.br\/index.php\/evento\/carnaval-de-salvador-com-musica-eletronica-carnasol\/","title":{"rendered":"Carnaval de Salvador com M\u00fasica Eletr\u00f4nica &#8211; CARNASOL"},"content":{"rendered":"<p style=\"text-align: left;\">O Carnaval de Salvador nunca viu nada igual.<br \/>\nM\u00fasica eletr\u00f4nica, um cen\u00e1rio paradis\u00edaco e um amanhecer inesquec\u00edvel. <strong>CARNASOL<\/strong>\u00a0nasce para transformar o CARNAVAL DE SALVADOR em um palco vibrante, onde a energia do Carnaval se encontra com a atmosfera envolvente da m\u00fasica eletr\u00f4nica.<\/p>\n<p>No\u00a0<strong>s\u00e1bado\u00a0de Carnaval, 14 de fevereiro<\/strong>, a partir das\u00a0<strong>15h<\/strong>, a ser\u00e1 o cen\u00e1rio de uma experi\u00eancia \u00fanica: cenografia inspirada na folia, estrutura intimista e um\u00a0<strong>lineup cuidadosamente selecionado<\/strong>, conduzindo a pista do\u00a0<strong>sunset ao sunrise<\/strong>.<\/p>\n<p style=\"text-align: left;\"><strong>Servi\u00e7o:<br \/>\n<\/strong><strong>Data:<\/strong>\u00a0S\u00e1bado, 14 de Fevereiro \u00e0s 15:00<br \/>\n<strong>Local:<\/strong>\u00a0Prainha do Jardim de Alah \u2013 Praiana | Esportes de areia, Treinos Funcionais, Gastronomia<br \/>\n<strong>Setores:<\/strong><br \/>\n<strong><img decoding=\"async\" class=\"emoji\" role=\"img\" draggable=\"false\" src=\"https:\/\/s.w.org\/images\/core\/emoji\/17.0.2\/svg\/1f39f.svg\" alt=\"\ud83c\udf9f\ufe0f\" \/><\/strong>\u00a0Arena<br \/>\n<img decoding=\"async\" class=\"emoji\" role=\"img\" draggable=\"false\" src=\"https:\/\/s.w.org\/images\/core\/emoji\/17.0.2\/svg\/1f378.svg\" alt=\"\ud83c\udf78\" \/>\u00a0Open Bar VIP &#8211; Vodka e Gin nacional, Beats, Cerveja Puro Malte, \u00c1gua e Refrigerante.<\/p>\n<p>N\u00e3o \u00e9 apenas uma festa.<br \/>\n\u00c9 um ritual de m\u00fasica, sol e celebra\u00e7\u00e3o \u00e0 beira-mar.<\/p>\n<p>Ingressos: https:\/\/musaticket.com.br\/evento\/carnasol\/271<\/p>\n<p style=\"text-align: left;\">Fonte: Divulga\u00e7\u00e3o<\/p>\n","protected":false},"excerpt":{"rendered":"<p>O Carnaval de Salvador nunca viu nada igual. M\u00fasica eletr\u00f4nica, um cen\u00e1rio paradis\u00edaco e um amanhecer inesquec\u00edvel. CARNASOL\u00a0nasce para transformar<\/p>\n","protected":false},"author":1,"featured_media":902,"template":"","meta":{"colormag_page_container_layout":"default_layout","colormag_page_sidebar_layout":"default_layout","_tribe_events_status":"","_tribe_events_status_reason":"","footnotes":""},"tags":[100,149,88,148],"tribe_events_cat":[97],"class_list":["post-906","tribe_events","type-tribe_events","status-publish","has-post-thumbnail","hentry","tag-carnaval-2026","tag-carnaval-salvador","tag-festival","tag-musica-eletronica","tribe_events_cat-musica","cat_musica"],"_links":{"self":[{"href":"https:\/\/boracultura.com.br\/index.php\/wp-json\/wp\/v2\/tribe_events\/906","targetHints":{"allow":["GET"]}}],"collection":[{"href":"https:\/\/boracultura.com.br\/index.php\/wp-json\/wp\/v2\/tribe_events"}],"about":[{"href":"https:\/\/boracultura.com.br\/index.php\/wp-json\/wp\/v2\/types\/tribe_events"}],"author":[{"embeddable":true,"href":"https:\/\/boracultura.com.br\/index.php\/wp-json\/wp\/v2\/users\/1"}],"version-history":[{"count":5,"href":"https:\/\/boracultura.com.br\/index.php\/wp-json\/wp\/v2\/tribe_events\/906\/revisions"}],"predecessor-version":[{"id":914,"href":"https:\/\/boracultura.com.br\/index.php\/wp-json\/wp\/v2\/tribe_events\/906\/revisions\/914"}],"wp:featuredmedia":[{"embeddable":true,"href":"https:\/\/boracultura.com.br\/index.php\/wp-json\/wp\/v2\/media\/902"}],"wp:attachment":[{"href":"https:\/\/boracultura.com.br\/index.php\/wp-json\/wp\/v2\/media?parent=906"}],"wp:term":[{"taxonomy":"post_tag","embeddable":true,"href":"https:\/\/boracultura.com.br\/index.php\/wp-json\/wp\/v2\/tags?post=906"},{"taxonomy":"tribe_events_cat","embeddable":true,"href":"https:\/\/boracultura.com.br\/index.php\/wp-json\/wp\/v2\/tribe_events_cat?post=906"}],"curies":[{"name":"wp","href":"https:\/\/api.w.org\/{rel}","templated":true}]}}

Carnaval de Salvador com Música Eletrônica &#8211; CARNASOL

<p style="text-align: left;">O Carnaval de Salvador nunca viu nada igual.<br />
Música eletrônica, um cenário paradisíaco e um amanhecer inesquecível. <strong>CARNASOL</strong> nasce para transformar o CARNAVAL DE SALVADOR em um palco vibrante, onde a energia do Carnaval se encontra com a atmosfera envolvente da música eletrônica.</p>
<p>No <strong>sábado de Carnaval, 14 de fevereiro</strong>, a partir das <strong>15h</strong>, a será o cenário de uma experiência única: cenografia inspirada na folia, estrutura intimista e um <strong>lineup cuidadosamente selecionado</strong>, conduzindo a pista do <strong>sunset ao sunrise</strong>.</p>
<p style="text-align: left;"><strong>Serviço:<br />
</strong><strong>Data:</strong> Sábado, 14 de Fevereiro às 15:00<br />
<strong>Local:</strong> Prainha do Jardim de Alah – Praiana | Esportes de areia, Treinos Funcionais, Gastronomia<br />
<strong>Setores:</strong><br />
<strong><img decoding="async" class="emoji" role="img" draggable="false" src="https://s.w.org/images/core/emoji/17.0.2/svg/1f39f.svg" alt="🎟️" /></strong> Arena<br />
<img decoding="async" class="emoji" role="img" draggable="false" src="https://s.w.org/images/core/emoji/17.0.2/svg/1f378.svg" alt="🍸" /> Open Bar VIP &#8211; Vodka e Gin nacional, Beats, Cerveja Puro Malte, Água e Refrigerante.</p>
<p>Não é apenas uma festa.<br />
É um ritual de música, sol e celebração à beira-mar.</p>
<p>Ingressos: https://musaticket.com.br/evento/carnasol/271</p>
<p style="text-align: left;">Fonte: Divulgação</p>

<p>O Carnaval de Salvador nunca viu nada igual. Música eletrônica, um cenário paradisíaco e um amanhecer inesquecível. CARNASOL nasce para transformar</p>
