{"id":955,"date":"2026-01-23T19:56:42","date_gmt":"2026-01-23T22:56:42","guid":{"rendered":"https:\/\/boracultura.com.br\/?post_type=tribe_events&#038;p=955"},"modified":"2026-01-23T19:56:42","modified_gmt":"2026-01-23T22:56:42","slug":"samba-nosso-de-cada-dia-na-casa-da-mae","status":"publish","type":"tribe_events","link":"https:\/\/boracultura.com.br\/index.php\/evento\/samba-nosso-de-cada-dia-na-casa-da-mae\/","title":{"rendered":"Samba Nosso de Cada Dia na Casa da M\u00e3e"},"content":{"rendered":"<p>Ainda sob a vibra\u00e7\u00e3o da festa de Iemanj\u00e1 no Rio Vermelho, Salvador recebe um encontro daqueles que aquecem o cora\u00e7\u00e3o e fazem o samba pulsar mais forte. No dia 04 de fevereiro (quinta-feira), a partir das 21h, a Casa da M\u00e3e abre espa\u00e7o para a roda \u201cSamba Nosso de Cada Dia\u201d, reunindo dois grandes mestres da m\u00fasica popular brasileira: Ti\u00e3o Carvalho e Pedr\u00e3o Abib.<\/p>\n<p>Para esse encontro especial, a forma\u00e7\u00e3o re\u00fane:<\/p>\n<p>Pedr\u00e3o Abib (viol\u00e3o 6 cordas), Ti\u00e3o Carvalho (percuss\u00e3o), Dudu Reis (cavaquinho), Natan Drubi (viol\u00e3o 7 cordas), Leto Oliveira (percuss\u00e3o) e Leandro Tigr\u00e3o (flauta).<\/p>\n<p>O repert\u00f3rio passeia pelo samba tradicional brasileiro de diferentes \u00e9pocas, al\u00e9m de composi\u00e7\u00f5es autorais de Ti\u00e3o e Pedr\u00e3o, costurando mem\u00f3ria, resist\u00eancia e celebra\u00e7\u00e3o.<\/p>\n<p>Uma noite para cantar junto, bater palma, sorrir e reafirmar o samba como patrim\u00f4nio vivo do nosso cotidiano.<\/p>\n<p><strong>SERVI\u00c7O<\/strong>:<br \/>\n<strong>Show \u2013 Samba Nosso de Cada Dia | Ti\u00e3o Carvalho &amp; Pedr\u00e3o Abib<\/strong><br \/>\n<strong>Casa da M\u00e3e \u2013 Rio Vermelho<\/strong><br \/>\n<strong>04 de fevereiro (quinta-feira)<\/strong><br \/>\n<strong>21h<\/strong><br \/>\n<strong>Couvert: R$ 40<\/strong><\/p>\n","protected":false},"excerpt":{"rendered":"<p>Ainda sob a vibra\u00e7\u00e3o da festa de Iemanj\u00e1 no Rio Vermelho, Salvador recebe um encontro daqueles que aquecem o cora\u00e7\u00e3o<\/p>\n","protected":false},"author":1,"featured_media":920,"template":"","meta":{"colormag_page_container_layout":"default_layout","colormag_page_sidebar_layout":"default_layout","_tribe_events_status":"","_tribe_events_status_reason":"","footnotes":""},"tags":[],"tribe_events_cat":[],"class_list":["post-955","tribe_events","type-tribe_events","status-publish","has-post-thumbnail","hentry"],"_links":{"self":[{"href":"https:\/\/boracultura.com.br\/index.php\/wp-json\/wp\/v2\/tribe_events\/955","targetHints":{"allow":["GET"]}}],"collection":[{"href":"https:\/\/boracultura.com.br\/index.php\/wp-json\/wp\/v2\/tribe_events"}],"about":[{"href":"https:\/\/boracultura.com.br\/index.php\/wp-json\/wp\/v2\/types\/tribe_events"}],"author":[{"embeddable":true,"href":"https:\/\/boracultura.com.br\/index.php\/wp-json\/wp\/v2\/users\/1"}],"version-history":[{"count":1,"href":"https:\/\/boracultura.com.br\/index.php\/wp-json\/wp\/v2\/tribe_events\/955\/revisions"}],"predecessor-version":[{"id":956,"href":"https:\/\/boracultura.com.br\/index.php\/wp-json\/wp\/v2\/tribe_events\/955\/revisions\/956"}],"wp:featuredmedia":[{"embeddable":true,"href":"https:\/\/boracultura.com.br\/index.php\/wp-json\/wp\/v2\/media\/920"}],"wp:attachment":[{"href":"https:\/\/boracultura.com.br\/index.php\/wp-json\/wp\/v2\/media?parent=955"}],"wp:term":[{"taxonomy":"post_tag","embeddable":true,"href":"https:\/\/boracultura.com.br\/index.php\/wp-json\/wp\/v2\/tags?post=955"},{"taxonomy":"tribe_events_cat","embeddable":true,"href":"https:\/\/boracultura.com.br\/index.php\/wp-json\/wp\/v2\/tribe_events_cat?post=955"}],"curies":[{"name":"wp","href":"https:\/\/api.w.org\/{rel}","templated":true}]}}

Samba Nosso de Cada Dia na Casa da Mãe

<p>Ainda sob a vibração da festa de Iemanjá no Rio Vermelho, Salvador recebe um encontro daqueles que aquecem o coração e fazem o samba pulsar mais forte. No dia 04 de fevereiro (quinta-feira), a partir das 21h, a Casa da Mãe abre espaço para a roda “Samba Nosso de Cada Dia”, reunindo dois grandes mestres da música popular brasileira: Tião Carvalho e Pedrão Abib.</p>
<p>Para esse encontro especial, a formação reúne:</p>
<p>Pedrão Abib (violão 6 cordas), Tião Carvalho (percussão), Dudu Reis (cavaquinho), Natan Drubi (violão 7 cordas), Leto Oliveira (percussão) e Leandro Tigrão (flauta).</p>
<p>O repertório passeia pelo samba tradicional brasileiro de diferentes épocas, além de composições autorais de Tião e Pedrão, costurando memória, resistência e celebração.</p>
<p>Uma noite para cantar junto, bater palma, sorrir e reafirmar o samba como patrimônio vivo do nosso cotidiano.</p>
<p><strong>SERVIÇO</strong>:<br />
<strong>Show – Samba Nosso de Cada Dia | Tião Carvalho &amp; Pedrão Abib</strong><br />
<strong>Casa da Mãe – Rio Vermelho</strong><br />
<strong>04 de fevereiro (quinta-feira)</strong><br />
<strong>21h</strong><br />
<strong>Couvert: R$ 40</strong></p>

<p>Ainda sob a vibração da festa de Iemanjá no Rio Vermelho, Salvador recebe um encontro daqueles que aquecem o coração</p>
