{"id":957,"date":"2026-01-23T20:00:13","date_gmt":"2026-01-23T23:00:13","guid":{"rendered":"https:\/\/boracultura.com.br\/?post_type=tribe_events&#038;p=957"},"modified":"2026-01-23T20:02:48","modified_gmt":"2026-01-23T23:02:48","slug":"samba-nosso-de-cada-dia-na-casa-da-mae-2","status":"publish","type":"tribe_events","link":"https:\/\/boracultura.com.br\/index.php\/evento\/samba-nosso-de-cada-dia-na-casa-da-mae-2\/","title":{"rendered":"Pedro Pond\u00e9 faz show de ver\u00e3o no Colabora\u00ea"},"content":{"rendered":"<p>Em pleno calor e agito do ver\u00e3o de Salvador, o cantor baiano Pedro Pond\u00e9 convida o p\u00fablico para uma noite cheia de efervesc\u00eancia, musicalidade e baianidade, que j\u00e1 s\u00e3o marcas registradas das suas performances. No dia 30 de janeiro, a partir das 21h, o artista sobe ao palco do Colabora\u00ea, no Rio Vermelho, para apresentar seu show de ver\u00e3o, uma celebra\u00e7\u00e3o vibrante de pertencimento, afeto e identidade intensamente soteropolitana.<\/p>\n<p>Em formato pr\u00f3ximo e acolhedor, o encontro contar\u00e1 com a participa\u00e7\u00e3o especial do cantor, compositor, guitarrista, produtor musical e parceiro art\u00edstico de Pond\u00e9, Jackson Almeida. O show tamb\u00e9m marca a primeira apresenta\u00e7\u00e3o ao vivo do single \u201cLiga 071\u201d, aposta do artista para a esta\u00e7\u00e3o mais quente do ano, que chega \u00e0s plataformas digitais nesta sexta-feira (23).<\/p>\n<p>\u201cLiga 071\u201d simboliza um novo momento na carreira de Pond\u00e9, artista com mais de duas d\u00e9cadas de destaque na m\u00fasica pop autoral contempor\u00e2nea, reconhecido pela versatilidade ao conectar o pop brasileiro \u00e0s matrizes da MPB, do reggae, do rock alternativo e da m\u00fasica baiana. Al\u00e9m das novidades, o repert\u00f3rio revisita sucessos da sua carreira, criando uma experi\u00eancia que costura presen\u00e7a, escuta e conex\u00e3o entre artista, territ\u00f3rio e os f\u00e3s.<\/p>\n<p><strong>SERVI\u00c7O<\/strong><\/p>\n<p><strong>Show:<\/strong>\u00a0Pedro Pond\u00e9<\/p>\n<p><strong>Participa\u00e7\u00e3o especial:<\/strong>\u00a0Jack<br \/>\n<strong>Data:<\/strong>\u00a030 de janeiro de 2026 (sexta-feira)<br \/>\n<strong>Hor\u00e1rio:<\/strong>\u00a021h<br \/>\n<strong>Local:<\/strong>\u00a0Colabora\u00ea<br \/>\n<strong>Endere\u00e7o:<\/strong>\u00a0R. Borges dos Reis, 81 \u2013 Rio Vermelho, Salvador \u2013 BA<\/p>\n<p><strong>Ingressos:<\/strong>\u00a0Sympla<\/p>\n<p><strong>Link:<\/strong>\u00a0<a href=\"https:\/\/www.sympla.com.br\/evento\/pedro-ponde-na-colaborae\/3267081?utm_source=chatgpt.com\" target=\"_blank\" rel=\"noreferrer noopener\">https:\/\/www.sympla.com.br\/evento\/pedro-ponde-na-colaborae\/3267081<\/a><\/p>\n<p><strong>Classifica\u00e7\u00e3o indicativa:<\/strong>\u00a018 anos<br \/>\n<strong>Realiza\u00e7\u00e3o:<\/strong>\u00a0RUFFO<\/p>\n","protected":false},"excerpt":{"rendered":"<p>Em pleno calor e agito do ver\u00e3o de Salvador, o cantor baiano Pedro Pond\u00e9 convida o p\u00fablico para uma noite<\/p>\n","protected":false},"author":1,"featured_media":941,"template":"","meta":{"colormag_page_container_layout":"default_layout","colormag_page_sidebar_layout":"default_layout","_tribe_events_status":"","_tribe_events_status_reason":"","footnotes":""},"tags":[],"tribe_events_cat":[97],"class_list":["post-957","tribe_events","type-tribe_events","status-publish","has-post-thumbnail","hentry","tribe_events_cat-musica","cat_musica"],"_links":{"self":[{"href":"https:\/\/boracultura.com.br\/index.php\/wp-json\/wp\/v2\/tribe_events\/957","targetHints":{"allow":["GET"]}}],"collection":[{"href":"https:\/\/boracultura.com.br\/index.php\/wp-json\/wp\/v2\/tribe_events"}],"about":[{"href":"https:\/\/boracultura.com.br\/index.php\/wp-json\/wp\/v2\/types\/tribe_events"}],"author":[{"embeddable":true,"href":"https:\/\/boracultura.com.br\/index.php\/wp-json\/wp\/v2\/users\/1"}],"version-history":[{"count":3,"href":"https:\/\/boracultura.com.br\/index.php\/wp-json\/wp\/v2\/tribe_events\/957\/revisions"}],"predecessor-version":[{"id":961,"href":"https:\/\/boracultura.com.br\/index.php\/wp-json\/wp\/v2\/tribe_events\/957\/revisions\/961"}],"wp:featuredmedia":[{"embeddable":true,"href":"https:\/\/boracultura.com.br\/index.php\/wp-json\/wp\/v2\/media\/941"}],"wp:attachment":[{"href":"https:\/\/boracultura.com.br\/index.php\/wp-json\/wp\/v2\/media?parent=957"}],"wp:term":[{"taxonomy":"post_tag","embeddable":true,"href":"https:\/\/boracultura.com.br\/index.php\/wp-json\/wp\/v2\/tags?post=957"},{"taxonomy":"tribe_events_cat","embeddable":true,"href":"https:\/\/boracultura.com.br\/index.php\/wp-json\/wp\/v2\/tribe_events_cat?post=957"}],"curies":[{"name":"wp","href":"https:\/\/api.w.org\/{rel}","templated":true}]}}

Pedro Pondé faz show de verão no Colaboraê

<p>Em pleno calor e agito do verão de Salvador, o cantor baiano Pedro Pondé convida o público para uma noite cheia de efervescência, musicalidade e baianidade, que já são marcas registradas das suas performances. No dia 30 de janeiro, a partir das 21h, o artista sobe ao palco do Colaboraê, no Rio Vermelho, para apresentar seu show de verão, uma celebração vibrante de pertencimento, afeto e identidade intensamente soteropolitana.</p>
<p>Em formato próximo e acolhedor, o encontro contará com a participação especial do cantor, compositor, guitarrista, produtor musical e parceiro artístico de Pondé, Jackson Almeida. O show também marca a primeira apresentação ao vivo do single “Liga 071”, aposta do artista para a estação mais quente do ano, que chega às plataformas digitais nesta sexta-feira (23).</p>
<p>“Liga 071” simboliza um novo momento na carreira de Pondé, artista com mais de duas décadas de destaque na música pop autoral contemporânea, reconhecido pela versatilidade ao conectar o pop brasileiro às matrizes da MPB, do reggae, do rock alternativo e da música baiana. Além das novidades, o repertório revisita sucessos da sua carreira, criando uma experiência que costura presença, escuta e conexão entre artista, território e os fãs.</p>
<p><strong>SERVIÇO</strong></p>
<p><strong>Show:</strong> Pedro Pondé</p>
<p><strong>Participação especial:</strong> Jack<br />
<strong>Data:</strong> 30 de janeiro de 2026 (sexta-feira)<br />
<strong>Horário:</strong> 21h<br />
<strong>Local:</strong> Colaboraê<br />
<strong>Endereço:</strong> R. Borges dos Reis, 81 – Rio Vermelho, Salvador – BA</p>
<p><strong>Ingressos:</strong> Sympla</p>
<p><strong>Link:</strong> <a href="https://www.sympla.com.br/evento/pedro-ponde-na-colaborae/3267081?utm_source=chatgpt.com" target="_blank" rel="noreferrer noopener">https://www.sympla.com.br/evento/pedro-ponde-na-colaborae/3267081</a></p>
<p><strong>Classificação indicativa:</strong> 18 anos<br />
<strong>Realização:</strong> RUFFO</p>

<p>Em pleno calor e agito do verão de Salvador, o cantor baiano Pedro Pondé convida o público para uma noite</p>
