{"id":980,"date":"2026-01-26T17:24:51","date_gmt":"2026-01-26T20:24:51","guid":{"rendered":"https:\/\/boracultura.com.br\/?post_type=tribe_events&#038;p=980"},"modified":"2026-01-26T17:26:56","modified_gmt":"2026-01-26T20:26:56","slug":"desfile-dos-palhacos-do-rio-vermelho-2026","status":"publish","type":"tribe_events","link":"https:\/\/boracultura.com.br\/index.php\/evento\/desfile-dos-palhacos-do-rio-vermelho-2026\/","title":{"rendered":"Desfile dos Palha\u00e7os do Rio Vermelho 2026"},"content":{"rendered":"\r\n<p class=\"has-medium-font-size\">Cantora e compositora assume como rainha do tradicional desfile que homenageia Riach\u00e3o e celebra o samba brasileiro Juliana Ribeiro, cantora, compositora e pesquisadora, foi escolhida madrinha e rainha dos Palha\u00e7os do Rio Vermelho 2026, ao lado de Nelson Rufino. O an\u00fancio marca um momento especial para o tradicional desfile de Salvador, que este ano celebra os 110 anos do samba e presta homenagem a Clementino Rodrigues, o Riach\u00e3o \u2014 \u00edcone do samba baiano. <strong>Desfile Entra para o Calend\u00e1rio Oficial de Salvador<\/strong> O Desfile dos Palha\u00e7os do Rio Vermelho acontece no dia 31 de janeiro de 2026 e passa a integrar oficialmente o Calend\u00e1rio de Eventos do Munic\u00edpio de Salvador como o Dia Municipal do Desfile dos Palha\u00e7os do Rio Vermelho, reconhecendo sua import\u00e2ncia cultural para a cidade. <strong>&#8220;O Palha\u00e7o \u00e9 um S\u00edmbolo de Liberta\u00e7\u00e3o&#8221;<\/strong> &#8220;Ser escolhida como rainha dos Palha\u00e7os do Rio Vermelho esse ano, quando se comemoram os 110 anos do samba, \u00e9 muito significativo&#8221;, declara a artista. A cantora destaca o car\u00e1ter libertador da manifesta\u00e7\u00e3o: &#8220;O palha\u00e7o \u00e9 uma figura liberta de quem n\u00f3s somos. A palha\u00e7aria permite colocar para o outro o nosso melhor: a brincadeira, o l\u00fadico, a crian\u00e7a interior&#8221;, afirma. Atra\u00e7\u00f5es: Grupos culturais, fanfarras, percuss\u00e3o e Esta\u00e7\u00f5es Musicais Fixas <strong>Homenagem a Riach\u00e3o<\/strong> O tema de 2026 conecta os 110 anos do samba \u00e0 mem\u00f3ria de Riach\u00e3o, mestre do samba baiano. &#8220;Existe uma representatividade muito forte nesse link. Eles tiveram uma sensibilidade linda de fazer essa conex\u00e3o&#8221;, celebra Juliana Ribeiro. O Desfile dos Palha\u00e7os do Rio Vermelho se consolida como uma das manifesta\u00e7\u00f5es culturais mais aut\u00eanticas do ver\u00e3o de Salvador, transformando o bairro em um grande palco a c\u00e9u aberto de celebra\u00e7\u00e3o popular, intergeracional e multilinguagem.<\/p>\r\n\r\n\r\n\r\n<p><strong>SERVI\u00c7O<\/strong>: Evento: Desfile dos Palha\u00e7os do Rio Vermelho 2026 Data: 31 de janeiro de 2026 (sexta-feira) Hor\u00e1rio: A partir das 14h Local: Rio Vermelho &#8211; Salvador\/BA Concentra\u00e7\u00e3o: Rua da Paci\u00eancia Encerramento: Rua Fonte do Boi Entrada: Gratuita Classifica\u00e7\u00e3o: Livre Mais informa\u00e7\u00f5es: Assessoria de Imprensa &#8211; Doris Pinheiro Tel: (71) 98896-5016<\/p>\r\n","protected":false},"excerpt":{"rendered":"<p>Cantora e compositora assume como rainha do tradicional desfile que homenageia Riach\u00e3o e celebra o samba brasileiro Juliana Ribeiro, cantora,<\/p>\n","protected":false},"author":1,"featured_media":983,"template":"","meta":{"colormag_page_container_layout":"default_layout","colormag_page_sidebar_layout":"default_layout","_tribe_events_status":"","_tribe_events_status_reason":"","footnotes":""},"tags":[],"tribe_events_cat":[152,104],"class_list":["post-980","tribe_events","type-tribe_events","status-publish","has-post-thumbnail","hentry","tribe_events_cat-eventos","tribe_events_cat-festa-popular","cat_eventos","cat_festa-popular"],"_links":{"self":[{"href":"https:\/\/boracultura.com.br\/index.php\/wp-json\/wp\/v2\/tribe_events\/980","targetHints":{"allow":["GET"]}}],"collection":[{"href":"https:\/\/boracultura.com.br\/index.php\/wp-json\/wp\/v2\/tribe_events"}],"about":[{"href":"https:\/\/boracultura.com.br\/index.php\/wp-json\/wp\/v2\/types\/tribe_events"}],"author":[{"embeddable":true,"href":"https:\/\/boracultura.com.br\/index.php\/wp-json\/wp\/v2\/users\/1"}],"version-history":[{"count":2,"href":"https:\/\/boracultura.com.br\/index.php\/wp-json\/wp\/v2\/tribe_events\/980\/revisions"}],"predecessor-version":[{"id":984,"href":"https:\/\/boracultura.com.br\/index.php\/wp-json\/wp\/v2\/tribe_events\/980\/revisions\/984"}],"wp:featuredmedia":[{"embeddable":true,"href":"https:\/\/boracultura.com.br\/index.php\/wp-json\/wp\/v2\/media\/983"}],"wp:attachment":[{"href":"https:\/\/boracultura.com.br\/index.php\/wp-json\/wp\/v2\/media?parent=980"}],"wp:term":[{"taxonomy":"post_tag","embeddable":true,"href":"https:\/\/boracultura.com.br\/index.php\/wp-json\/wp\/v2\/tags?post=980"},{"taxonomy":"tribe_events_cat","embeddable":true,"href":"https:\/\/boracultura.com.br\/index.php\/wp-json\/wp\/v2\/tribe_events_cat?post=980"}],"curies":[{"name":"wp","href":"https:\/\/api.w.org\/{rel}","templated":true}]}}

Desfile dos Palhaços do Rio Vermelho 2026

<p class="has-medium-font-size">Cantora e compositora assume como rainha do tradicional desfile que homenageia Riachão e celebra o samba brasileiro Juliana Ribeiro, cantora, compositora e pesquisadora, foi escolhida madrinha e rainha dos Palhaços do Rio Vermelho 2026, ao lado de Nelson Rufino. O anúncio marca um momento especial para o tradicional desfile de Salvador, que este ano celebra os 110 anos do samba e presta homenagem a Clementino Rodrigues, o Riachão — ícone do samba baiano. <strong>Desfile Entra para o Calendário Oficial de Salvador</strong> O Desfile dos Palhaços do Rio Vermelho acontece no dia 31 de janeiro de 2026 e passa a integrar oficialmente o Calendário de Eventos do Município de Salvador como o Dia Municipal do Desfile dos Palhaços do Rio Vermelho, reconhecendo sua importância cultural para a cidade. <strong>&#8220;O Palhaço é um Símbolo de Libertação&#8221;</strong> &#8220;Ser escolhida como rainha dos Palhaços do Rio Vermelho esse ano, quando se comemoram os 110 anos do samba, é muito significativo&#8221;, declara a artista. A cantora destaca o caráter libertador da manifestação: &#8220;O palhaço é uma figura liberta de quem nós somos. A palhaçaria permite colocar para o outro o nosso melhor: a brincadeira, o lúdico, a criança interior&#8221;, afirma. Atrações: Grupos culturais, fanfarras, percussão e Estações Musicais Fixas <strong>Homenagem a Riachão</strong> O tema de 2026 conecta os 110 anos do samba à memória de Riachão, mestre do samba baiano. &#8220;Existe uma representatividade muito forte nesse link. Eles tiveram uma sensibilidade linda de fazer essa conexão&#8221;, celebra Juliana Ribeiro. O Desfile dos Palhaços do Rio Vermelho se consolida como uma das manifestações culturais mais autênticas do verão de Salvador, transformando o bairro em um grande palco a céu aberto de celebração popular, intergeracional e multilinguagem.</p>



<p><strong>SERVIÇO</strong>: Evento: Desfile dos Palhaços do Rio Vermelho 2026 Data: 31 de janeiro de 2026 (sexta-feira) Horário: A partir das 14h Local: Rio Vermelho &#8211; Salvador/BA Concentração: Rua da Paciência Encerramento: Rua Fonte do Boi Entrada: Gratuita Classificação: Livre Mais informações: Assessoria de Imprensa &#8211; Doris Pinheiro Tel: (71) 98896-5016</p>

<p>Cantora e compositora assume como rainha do tradicional desfile que homenageia Riachão e celebra o samba brasileiro Juliana Ribeiro, cantora,</p>
